{"id":708781,"date":"2025-08-27T16:18:20","date_gmt":"2025-08-27T13:18:20","guid":{"rendered":"https:\/\/roveyayinevi.com.tr\/index.php\/urun\/ebeveyne-yabancilasma-sendromu\/"},"modified":"2026-04-16T02:17:33","modified_gmt":"2026-04-15T23:17:33","slug":"ebeveyne-yabancilasma-sendromu","status":"publish","type":"product","link":"https:\/\/roveyayinevi.com.tr\/index.php\/urun\/ebeveyne-yabancilasma-sendromu\/","title":{"rendered":"Ebeveyne Yabanc\u0131la\u015fma Sendromu"},"content":{"rendered":"<p>Ebeveyne Yabanc\u0131la\u015fma Sendromu\u00c7eki\u015fmeli Bo\u015fanmalarda ve Velayet Sava\u015flar\u0131nda&#8230;Bo\u015fanma avukatlar\u0131, aile mahkemesi hakimleri, sosyal \u00e7al\u0131\u015fmac\u0131lar, adli t\u0131p uzmanlar\u0131, pedagog, psikolog, psikolojik dan\u0131\u015fman ve rehberlik uzmanlar\u0131 ile psikiyatrlar\u0131n okumas\u0131 gereken bir kitap&#8230;Bo\u015fanmalarda \u00e7ocu\u011fun programl\u0131 bir \u015fekilde bir ebeveyne yabanc\u0131la\u015ft\u0131r\u0131lmas\u0131 sonras\u0131 Ebeveyne Yabanc\u0131la\u015fma Sendromu geli\u015fir. Bo\u015fanmalarda velayet sava\u015flar\u0131n\u0131n kazanan\u0131 yoktur!\u0130yi ebeveynler ilk \u00f6nce \u00e7ocuklar\u0131n\u0131 d\u00fc\u015f\u00fcn\u00fcr.Kendi ihtiya\u00e7 ve \u00e7\u0131karlar\u0131 i\u00e7in \u00e7ocuklar\u0131n\u0131 kullanmazlar! \u0130ster ayn\u0131 evde ister farkl\u0131 evlerde ya\u015fas\u0131nlar, \u00e7ocuklar\u0131n her iki ebeveynle de ili\u015fki geli\u015ftirmeye haklar\u0131 ve ihtiya\u00e7lar\u0131 vard\u0131r! \u00c7ocuklar, \u015fahlar\u0131n sava\u015f\u0131nda piyon gibi kullan\u0131lmamal\u0131d\u0131r! <\/p>\n","protected":false},"excerpt":{"rendered":"<p>Ebeveyne Yabanc\u0131la\u015fma Sendromu\u00c7eki\u015fmeli Bo\u015fanmalarda ve Velayet Sava\u015flar\u0131nda&#8230;Bo\u015fanma avukatlar\u0131, aile mahkemesi hakimleri, sosyal \u00e7al\u0131\u015fmac\u0131lar, adli t\u0131p uzmanlar\u0131, pedagog, psikolog, psikolojik dan\u0131\u015fman ve rehberlik uzmanlar\u0131 ile psikiyatrlar\u0131n okumas\u0131<span class=\"excerpt-hellip\"> [\u2026]<\/span><\/p>\n","protected":false},"featured_media":0,"template":"","meta":{"_monsterinsights_skip_tracking":false,"_monsterinsights_sitenote_active":false,"_monsterinsights_sitenote_note":"","_monsterinsights_sitenote_category":0},"product_brand":[],"product_cat":[12831,12324],"product_tag":[],"class_list":{"0":"post-708781","1":"product","2":"type-product","3":"status-publish","5":"product_cat-aile-ve-cocuk","6":"product_cat-sosyoloji","7":"pa_cilt-ciltsiz","8":"pa_tur-kitap","9":"pa_yayinevi-psikonet-yayinlari","10":"pa_yazar-fuat-torun","12":"first","13":"instock","14":"sale","15":"shipping-taxable","16":"purchasable","17":"product-type-simple"},"_links":{"self":[{"href":"https:\/\/roveyayinevi.com.tr\/index.php\/wp-json\/wp\/v2\/product\/708781","targetHints":{"allow":["GET"]}}],"collection":[{"href":"https:\/\/roveyayinevi.com.tr\/index.php\/wp-json\/wp\/v2\/product"}],"about":[{"href":"https:\/\/roveyayinevi.com.tr\/index.php\/wp-json\/wp\/v2\/types\/product"}],"wp:attachment":[{"href":"https:\/\/roveyayinevi.com.tr\/index.php\/wp-json\/wp\/v2\/media?parent=708781"}],"wp:term":[{"taxonomy":"product_brand","embeddable":true,"href":"https:\/\/roveyayinevi.com.tr\/index.php\/wp-json\/wp\/v2\/product_brand?post=708781"},{"taxonomy":"product_cat","embeddable":true,"href":"https:\/\/roveyayinevi.com.tr\/index.php\/wp-json\/wp\/v2\/product_cat?post=708781"},{"taxonomy":"product_tag","embeddable":true,"href":"https:\/\/roveyayinevi.com.tr\/index.php\/wp-json\/wp\/v2\/product_tag?post=708781"}],"curies":[{"name":"wp","href":"https:\/\/api.w.org\/{rel}","templated":true}]}}