{"id":708765,"date":"2025-08-27T16:18:12","date_gmt":"2025-08-27T13:18:12","guid":{"rendered":"https:\/\/roveyayinevi.com.tr\/index.php\/urun\/devrimin-cebiri-hegelden-marxa-felsefenin-asilmasi-ve-gerceklestirilmesi-1-cilt\/"},"modified":"2026-04-16T02:17:33","modified_gmt":"2026-04-15T23:17:33","slug":"devrimin-cebiri-hegelden-marxa-felsefenin-asilmasi-ve-gerceklestirilmesi-1-cilt","status":"publish","type":"product","link":"https:\/\/roveyayinevi.com.tr\/index.php\/urun\/devrimin-cebiri-hegelden-marxa-felsefenin-asilmasi-ve-gerceklestirilmesi-1-cilt\/","title":{"rendered":"Devrimin Cebiri  Hegel\u2019den Marx\u2019a &#8211; Felsefe&#8217;nin A\u015f\u0131lmas\u0131 ve Ger\u00e7ekle\u015ftirilmesi 1. Cilt"},"content":{"rendered":"<p>Felsefenin A\u015f\u0131lmas\u0131 ve Ger\u00e7ekle\u015ftirilmesi, \u00e7a\u011f\u0131m\u0131z\u0131n en \u00f6nemli felsefecilerinden Hans Heinz Holz\u2019\u00fcn 50 y\u0131ll\u0131k felsefi \u00e7al\u0131\u015fmas\u0131n\u0131n \u00f6z\u00fcn\u00fc olu\u015fturan ba\u015fyap\u0131t\u0131d\u0131r.Holz \u00fc\u00e7 ciltlik bu kapsaml\u0131 \u00e7al\u0131\u015fmas\u0131nda birinci cildin ba\u015fl\u0131\u011f\u0131n\u0131 koyarken, Rus devrimci Herzen\u2019den esinlenmi\u015f; Devrimin Cebiri: Hegel\u2019den Marx\u2019a, Almanya\u2019dan Rusya\u2019ya, oradan t\u00fcm d\u00fcnyaya uzanan bu devrimci ba\u011flarla ortaya \u00e7\u0131km\u0131\u015ft\u0131r.\u201cT\u00fcm d\u00fcnyaya\u201d dedik, zira Holz, Georg Luk\u00e1cs\u2019tan Antonio Gramsci\u2019ye, Palmiro Togliatti\u2019den Mao Zedong\u2019a, 20. y\u00fczy\u0131l boyunca t\u00fcm d\u00fcnyada Marksist felsefe alan\u0131nda \u00f6nemli \u00e7al\u0131\u015fmalara imza atm\u0131\u015f yazar ve eylemcileri, kendi \u00e7eli\u015fki ve diyalektik kavray\u0131\u015f\u0131 do\u011frultusunda de\u011ferlendirip yeni sentezlere ula\u015fmaya \u00e7al\u0131\u015fm\u0131\u015f, denebilir ki di\u011fer \u00e7a\u011fda\u015f felsefecilerin pek de yana\u015fmad\u0131\u011f\u0131 bir i\u015fe soyunmu\u015ftur.Bilimin ilerlemesi, bilgiye ula\u015fmak ve hayat\u0131 zenginle\u015ftirmek i\u00e7in kar\u015f\u0131tlar\u0131n \u00e7at\u0131\u015fmas\u0131n\u0131 zorunlu g\u00f6ren Holz\u2019e g\u00f6re, \u00e7eli\u015fki yoksa hareket de, hayat da yoktur. O y\u00fczden bu \u00e7al\u0131\u015fmas\u0131nda \u00e7eli\u015fkilerin ve onun ortaya \u00e7\u0131kard\u0131\u011f\u0131 eylemin \u00f6nemini her \u015feyin \u00fcst\u00fcnde tutmaktad\u0131r. <\/p>\n","protected":false},"excerpt":{"rendered":"<p>Felsefenin A\u015f\u0131lmas\u0131 ve Ger\u00e7ekle\u015ftirilmesi, \u00e7a\u011f\u0131m\u0131z\u0131n en \u00f6nemli felsefecilerinden Hans Heinz Holz\u2019\u00fcn 50 y\u0131ll\u0131k felsefi \u00e7al\u0131\u015fmas\u0131n\u0131n \u00f6z\u00fcn\u00fc olu\u015fturan ba\u015fyap\u0131t\u0131d\u0131r.Holz \u00fc\u00e7 ciltlik bu kapsaml\u0131 \u00e7al\u0131\u015fmas\u0131nda birinci cildin ba\u015fl\u0131\u011f\u0131n\u0131<span class=\"excerpt-hellip\"> [\u2026]<\/span><\/p>\n","protected":false},"featured_media":0,"template":"","meta":{"_monsterinsights_skip_tracking":false,"_monsterinsights_sitenote_active":false,"_monsterinsights_sitenote_note":"","_monsterinsights_sitenote_category":0},"product_brand":[],"product_cat":[12388,14717],"product_tag":[],"class_list":{"0":"post-708765","1":"product","2":"type-product","3":"status-publish","5":"product_cat-felsefe","6":"product_cat-felsefe-tarihi","7":"pa_cilt-ciltsiz","8":"pa_tur-kitap","9":"pa_yayinevi-yordam-kitap","10":"pa_yazar-hans-henz-holz","12":"first","13":"instock","14":"sale","15":"shipping-taxable","16":"purchasable","17":"product-type-simple"},"_links":{"self":[{"href":"https:\/\/roveyayinevi.com.tr\/index.php\/wp-json\/wp\/v2\/product\/708765","targetHints":{"allow":["GET"]}}],"collection":[{"href":"https:\/\/roveyayinevi.com.tr\/index.php\/wp-json\/wp\/v2\/product"}],"about":[{"href":"https:\/\/roveyayinevi.com.tr\/index.php\/wp-json\/wp\/v2\/types\/product"}],"wp:attachment":[{"href":"https:\/\/roveyayinevi.com.tr\/index.php\/wp-json\/wp\/v2\/media?parent=708765"}],"wp:term":[{"taxonomy":"product_brand","embeddable":true,"href":"https:\/\/roveyayinevi.com.tr\/index.php\/wp-json\/wp\/v2\/product_brand?post=708765"},{"taxonomy":"product_cat","embeddable":true,"href":"https:\/\/roveyayinevi.com.tr\/index.php\/wp-json\/wp\/v2\/product_cat?post=708765"},{"taxonomy":"product_tag","embeddable":true,"href":"https:\/\/roveyayinevi.com.tr\/index.php\/wp-json\/wp\/v2\/product_tag?post=708765"}],"curies":[{"name":"wp","href":"https:\/\/api.w.org\/{rel}","templated":true}]}}