{"id":708749,"date":"2025-08-27T16:18:04","date_gmt":"2025-08-27T13:18:04","guid":{"rendered":"https:\/\/roveyayinevi.com.tr\/index.php\/urun\/yavru-gurme-ruya-ile-deniz-buyulu-bostanda\/"},"modified":"2026-04-16T02:17:33","modified_gmt":"2026-04-15T23:17:33","slug":"yavru-gurme-ruya-ile-deniz-buyulu-bostanda","status":"publish","type":"product","link":"https:\/\/roveyayinevi.com.tr\/index.php\/urun\/yavru-gurme-ruya-ile-deniz-buyulu-bostanda\/","title":{"rendered":"Yavru Gurme R\u00fcya \u0130le Deniz B\u00fcy\u00fcl\u00fc Bostanda"},"content":{"rendered":"<p>Ya\u015fas\u0131n bostan\u0131m\u0131z!  \u201cUnutmay\u0131n, d\u00fcnya k\u00fc\u00e7\u00fck bah\u00e7elerden olu\u015fur!\u201d R\u00fcya ile Deniz\u2019in annesinin bir hayali vard\u0131r: Kendi bostanlar\u0131n\u0131n olmas\u0131\u2026 \u0130yi de, \u015fehrin g\u00f6be\u011finde, \u00fcstelik bir apartmanda ya\u015farken, bu m\u00fcmk\u00fcn m\u00fcd\u00fcr? Neden olmas\u0131n? Apartman bah\u00e7esinin bostana d\u00f6n\u00fc\u015ft\u00fcr\u00fclmesi s\u00fcreci, binada ya\u015fayan herkesin hayat\u0131n\u0131 de\u011fi\u015ftirecektir. Toprakla kurulan ili\u015fki hepsine eme\u011fin, sabr\u0131n, m\u00fccadelenin, kararl\u0131l\u0131\u011f\u0131n, vazge\u00e7memenin, dayan\u0131\u015fman\u0131n ve umudun yaratt\u0131\u011f\u0131 r\u00fcyay\u0131 g\u00f6sterecektir! Ne de olsa, \u201cSab\u0131r olmadan, meyve olmaz!\u201d Elvan Uysal Bottoni\u2019nin yazd\u0131\u011f\u0131 Yavru Gurme R\u00fcya ile Deniz B\u00fcy\u00fcl\u00fc Bostanda kitab\u0131n\u0131 Emine Bora resimledi. TADIMLIK \u201cAli \u0130smail Dede g\u00fcld\u00fc. \u2018Toprakla u\u011fra\u015facaksan\u0131z sabretmeyi \u00f6\u011freneceksiniz. Topra\u011f\u0131n saati sizinki gibi de\u011fildir. \u00d6nce ona kendine gelmesi, yeni tohumlar\u0131 v\u00fccuduna alacak g\u00fcce kavu\u015fmas\u0131 i\u00e7in zaman vermelisiniz. Do\u011fa i\u00e7in ay, y\u0131l dedi\u011fin nedir ki! \u015eehir ya\u015fam\u0131ndaki saatinizi bir kenara b\u0131rakmazsan\u0131z, bu i\u015fin alt\u0131ndan kalkamazs\u0131n\u0131z. Sab\u0131r olmadan, meyve olmaz!\u2019\u201d <\/p>\n","protected":false},"excerpt":{"rendered":"<p>Ya\u015fas\u0131n bostan\u0131m\u0131z! \u201cUnutmay\u0131n, d\u00fcnya k\u00fc\u00e7\u00fck bah\u00e7elerden olu\u015fur!\u201d R\u00fcya ile Deniz\u2019in annesinin bir hayali vard\u0131r: Kendi bostanlar\u0131n\u0131n olmas\u0131\u2026 \u0130yi de, \u015fehrin g\u00f6be\u011finde, \u00fcstelik bir apartmanda ya\u015farken, bu<span class=\"excerpt-hellip\"> [\u2026]<\/span><\/p>\n","protected":false},"featured_media":0,"template":"","meta":{"_monsterinsights_skip_tracking":false,"_monsterinsights_sitenote_active":false,"_monsterinsights_sitenote_note":"","_monsterinsights_sitenote_category":0},"product_brand":[],"product_cat":[12275,12274],"product_tag":[],"class_list":{"0":"post-708749","1":"product","2":"type-product","3":"status-publish","5":"product_cat-6-12-yas-kitaplari","6":"product_cat-cocuk-ve-genclik-kitaplari","7":"pa_cilt-ciltsiz","8":"pa_tur-kitap","9":"pa_yayinevi-yapi-kredi-yayinlari","10":"pa_yazar-elvan-uysal-bottoni","12":"first","13":"instock","14":"sale","15":"shipping-taxable","16":"purchasable","17":"product-type-simple"},"_links":{"self":[{"href":"https:\/\/roveyayinevi.com.tr\/index.php\/wp-json\/wp\/v2\/product\/708749","targetHints":{"allow":["GET"]}}],"collection":[{"href":"https:\/\/roveyayinevi.com.tr\/index.php\/wp-json\/wp\/v2\/product"}],"about":[{"href":"https:\/\/roveyayinevi.com.tr\/index.php\/wp-json\/wp\/v2\/types\/product"}],"wp:attachment":[{"href":"https:\/\/roveyayinevi.com.tr\/index.php\/wp-json\/wp\/v2\/media?parent=708749"}],"wp:term":[{"taxonomy":"product_brand","embeddable":true,"href":"https:\/\/roveyayinevi.com.tr\/index.php\/wp-json\/wp\/v2\/product_brand?post=708749"},{"taxonomy":"product_cat","embeddable":true,"href":"https:\/\/roveyayinevi.com.tr\/index.php\/wp-json\/wp\/v2\/product_cat?post=708749"},{"taxonomy":"product_tag","embeddable":true,"href":"https:\/\/roveyayinevi.com.tr\/index.php\/wp-json\/wp\/v2\/product_tag?post=708749"}],"curies":[{"name":"wp","href":"https:\/\/api.w.org\/{rel}","templated":true}]}}