{"id":708748,"date":"2025-08-27T16:18:03","date_gmt":"2025-08-27T13:18:03","guid":{"rendered":"https:\/\/roveyayinevi.com.tr\/index.php\/urun\/okko-5-bosluk-devri\/"},"modified":"2026-04-16T02:17:33","modified_gmt":"2026-04-15T23:17:33","slug":"okko-5-bosluk-devri","status":"publish","type":"product","link":"https:\/\/roveyayinevi.com.tr\/index.php\/urun\/okko-5-bosluk-devri\/","title":{"rendered":"Okko 5 \u2013 Bo\u015fluk Devri"},"content":{"rendered":"<p>Okko i\u00e7in veda vakti\u2026 Bo\u015fluk Devri I ve II\u2019yi i\u00e7eren OKKO-V, Yap\u0131 Kredi K\u00fclt\u00fcr Sanat Yay\u0131nc\u0131l\u0131k\u2019\u0131n tamam\u0131n\u0131 yay\u0131mlad\u0131\u011f\u0131 dizinin son kitab\u0131. Hortlaklar\u0131n, vampirlerin, k\u00f6t\u00fc ruhlu insanlar\u0131n; \u00e7e\u015fit \u00e7e\u015fit \u015feytan\u00ee varl\u0131\u011f\u0131n yok edilmesini gerektiren uzun, tehlikeli, yorucu, hi\u00e7 bitmeyecekmi\u015f gibi g\u00f6r\u00fcnen bir yolculu\u011fun da \u00e2si samuray Okko\u2019nun ki\u015fisel maceras\u0131n\u0131n da sonu\u2026  Gen\u00e7 bal\u0131k\u00e7\u0131 Tikku, sake d\u00fc\u015fk\u00fcn\u00fc bir garip ke\u015fi\u015f No\u015fin, y\u00fcz\u00fcn\u00fc hi\u00e7 g\u00f6stermeyen k\u0131rm\u0131z\u0131 maskeli dev Noburo, h\u00e2l\u00e2 Okko\u2019nun yol ve kader arkada\u015flar\u0131. Yolculu\u011fun sonu da kendisi gibi macera dolu. Ayn\u0131 zamanda \u00e7arp\u0131c\u0131 s\u00fcrprizleri de var. S\u0131rlar\u0131n ortaya \u00e7\u0131kt\u0131\u011f\u0131, ba\u011flant\u0131lar\u0131n anla\u015f\u0131ld\u0131\u011f\u0131, okurken s\u00fcr\u00fckleyen, bitti\u011finde \u00f6zlenecekmi\u015f hissi veren, Hub\u2019a yak\u0131\u015f\u0131r bir kapan\u0131\u015f. Esrarengiz ronin\u2019imizle vedala\u015fmadan hemen \u00f6nce nihayet ger\u00e7ek kimli\u011fini, ge\u00e7mi\u015fini, pe\u015finde oldu\u011fu \u015feyi \u00f6\u011freniyoruz!   MUTLAK B\u0130R SESS\u0130ZL\u0130K H\u00dcK\u00dcM S\u00dcR\u00dcYORDU BAMBU ORMANINDA ASILI SARHO\u015e KUL\u00dcBEDE GEN\u00c7 KURT \u0130MPARATORLU\u011eUN YOLLARINDA ACABA KA\u00c7 ZOR\u0130 ESK\u0130TM\u0130\u015eT\u0130 N\u0130HAYET O ANI YA\u015eAMA \u00dcM\u0130D\u0130YLE\u2026 <\/p>\n","protected":false},"excerpt":{"rendered":"<p>Okko i\u00e7in veda vakti\u2026 Bo\u015fluk Devri I ve II\u2019yi i\u00e7eren OKKO-V, Yap\u0131 Kredi K\u00fclt\u00fcr Sanat Yay\u0131nc\u0131l\u0131k\u2019\u0131n tamam\u0131n\u0131 yay\u0131mlad\u0131\u011f\u0131 dizinin son kitab\u0131. Hortlaklar\u0131n, vampirlerin, k\u00f6t\u00fc ruhlu insanlar\u0131n;<span class=\"excerpt-hellip\"> [\u2026]<\/span><\/p>\n","protected":false},"featured_media":0,"template":"","meta":{"_monsterinsights_skip_tracking":false,"_monsterinsights_sitenote_active":false,"_monsterinsights_sitenote_note":"","_monsterinsights_sitenote_category":0},"product_brand":[],"product_cat":[12689,12274],"product_tag":[],"class_list":{"0":"post-708748","1":"product","2":"type-product","3":"status-publish","5":"product_cat-cizgi-roman-cocuk-ve-genclik-kitaplari","6":"product_cat-cocuk-ve-genclik-kitaplari","7":"pa_cilt-ciltsiz","8":"pa_tur-kitap","9":"pa_yayinevi-yapi-kredi-yayinlari","10":"pa_yazar-hub","12":"first","13":"instock","14":"sale","15":"shipping-taxable","16":"purchasable","17":"product-type-simple"},"_links":{"self":[{"href":"https:\/\/roveyayinevi.com.tr\/index.php\/wp-json\/wp\/v2\/product\/708748","targetHints":{"allow":["GET"]}}],"collection":[{"href":"https:\/\/roveyayinevi.com.tr\/index.php\/wp-json\/wp\/v2\/product"}],"about":[{"href":"https:\/\/roveyayinevi.com.tr\/index.php\/wp-json\/wp\/v2\/types\/product"}],"wp:attachment":[{"href":"https:\/\/roveyayinevi.com.tr\/index.php\/wp-json\/wp\/v2\/media?parent=708748"}],"wp:term":[{"taxonomy":"product_brand","embeddable":true,"href":"https:\/\/roveyayinevi.com.tr\/index.php\/wp-json\/wp\/v2\/product_brand?post=708748"},{"taxonomy":"product_cat","embeddable":true,"href":"https:\/\/roveyayinevi.com.tr\/index.php\/wp-json\/wp\/v2\/product_cat?post=708748"},{"taxonomy":"product_tag","embeddable":true,"href":"https:\/\/roveyayinevi.com.tr\/index.php\/wp-json\/wp\/v2\/product_tag?post=708748"}],"curies":[{"name":"wp","href":"https:\/\/api.w.org\/{rel}","templated":true}]}}