{"id":708747,"date":"2025-08-27T16:18:02","date_gmt":"2025-08-27T13:18:02","guid":{"rendered":"https:\/\/roveyayinevi.com.tr\/index.php\/urun\/klein-ve-wagner\/"},"modified":"2026-04-16T02:17:33","modified_gmt":"2026-04-15T23:17:33","slug":"klein-ve-wagner","status":"publish","type":"product","link":"https:\/\/roveyayinevi.com.tr\/index.php\/urun\/klein-ve-wagner\/","title":{"rendered":"Klein ve Wagner"},"content":{"rendered":"<p>Sayg\u0131n bir memur, sad\u0131k bir koca ve aile babas\u0131 olan Friedrich Klein, kendini birdenbire hayali bir cinayetle su\u00e7un y\u00fck\u00fc alt\u0131nda bulur: Kar\u0131s\u0131 ile \u00fc\u00e7 \u00e7ocu\u011funun \u00f6l\u00fcm\u00fc, sahte pasaport, bir tabanca, \u00e7antas\u0131na istiflenmi\u015f para ve g\u00f6steri\u015fsiz sayg\u0131nl\u0131\u011f\u0131. K\u0131rkl\u0131 ya\u015flar\u0131n\u0131 s\u00fcren Klein, her \u015feye en ba\u015ftan ba\u015flamak, yeni, gen\u00e7 bir adam olabilmek i\u00e7in g\u00fcc\u00fcn\u00fc toplar, izini kaybettirip Alpler\u2019in g\u00fcneyinde g\u00f6zlerini a\u00e7ar.   Hermann Hesse uzun y\u0131llar devam etti\u011fi psikoterapiye 1916\u2019n\u0131n ilk aylar\u0131nda C. G. Jung\u2019un asistan\u0131 J. B. Lang ile ba\u015flar. C. G. Jung ile de ilk kez 1917 sonbahar\u0131nda tan\u0131\u015f\u0131r. 1919 yaz\u0131nda Montagnola\u2019da, kesintisiz bir esinle yazd\u0131\u011f\u0131 KLEIN VE WAGNER anlat\u0131s\u0131nda, bilin\u00e7d\u0131\u015f\u0131n\u0131n i\u015fleyi\u015fine ili\u015fkin Jung\u2019un teorisinde yer alan \u2018yeniden do\u011fu\u015f arketipi\u2019 ile \u2018g\u00f6lge arketipi\u2019nin izini s\u00fcrebilmek m\u00fcmk\u00fcnd\u00fcr. Hesse, \u00f6zel ya\u015fam\u0131ndaki krizler sonras\u0131nda 1921\u2019de Jung\u2019un K\u00fcsnacht\u2019taki evinde haftalarca s\u00fcrecek analiz seanslar\u0131na ba\u015fvuracakt\u0131r.     \u201cOlgunla\u015ft\u0131m, tam \u015feytan\u0131n a\u011fz\u0131na lay\u0131k bir lokma oldum!\u201d     Hesse\u2019nin bir\u00e7ok kendini-if\u015fas\u0131 i\u00e7inde en ac\u0131mas\u0131z olan\u0131. Joseph Mileck   Bu anlat\u0131 Hesse\u2019nin sonraki ony\u0131l boyunca eserlerinde bask\u0131n olan kilit tema ve motifleri \u00f6nceler, \u00f6zellikle de BOZKIRKURDU ile \u00e7arp\u0131c\u0131 ba\u011flant\u0131lar i\u00e7erir. Yazar\u0131n orta ya\u015flar\u0131na ait en b\u00fcy\u00fcleyici eserlerinden biri. Stefan H\u00f6ppner   Klein Hesse\u2019nin bir par\u00e7as\u0131 ve hep \u00f6yle olacak; o olmadan, ac\u0131m\u0131 bu aynaya aksettirmeksizin bu ac\u0131ya katlanamazd\u0131m. Yaln\u0131zl\u0131\u011fa ka\u00e7mak kurtulu\u015fum oldu, gece g\u00fcnd\u00fcz, b\u00fct\u00fcn\u00fcyle bu kitab\u0131 yazarak ya\u015fad\u0131m. Hermann Hesse <\/p>\n","protected":false},"excerpt":{"rendered":"<p>Sayg\u0131n bir memur, sad\u0131k bir koca ve aile babas\u0131 olan Friedrich Klein, kendini birdenbire hayali bir cinayetle su\u00e7un y\u00fck\u00fc alt\u0131nda bulur: Kar\u0131s\u0131 ile \u00fc\u00e7 \u00e7ocu\u011funun \u00f6l\u00fcm\u00fc,<span class=\"excerpt-hellip\"> [\u2026]<\/span><\/p>\n","protected":false},"featured_media":0,"template":"","meta":{"_monsterinsights_skip_tracking":false,"_monsterinsights_sitenote_active":false,"_monsterinsights_sitenote_note":"","_monsterinsights_sitenote_category":0},"product_brand":[],"product_cat":[12291,12711],"product_tag":[],"class_list":{"0":"post-708747","1":"product","2":"type-product","3":"status-publish","5":"product_cat-edebiyat","6":"product_cat-roman-oyku","7":"pa_cilt-ciltsiz","8":"pa_tur-kitap","9":"pa_yayinevi-yapi-kredi-yayinlari","10":"pa_yazar-hermann-hesse","12":"first","13":"instock","14":"sale","15":"shipping-taxable","16":"purchasable","17":"product-type-simple"},"_links":{"self":[{"href":"https:\/\/roveyayinevi.com.tr\/index.php\/wp-json\/wp\/v2\/product\/708747","targetHints":{"allow":["GET"]}}],"collection":[{"href":"https:\/\/roveyayinevi.com.tr\/index.php\/wp-json\/wp\/v2\/product"}],"about":[{"href":"https:\/\/roveyayinevi.com.tr\/index.php\/wp-json\/wp\/v2\/types\/product"}],"wp:attachment":[{"href":"https:\/\/roveyayinevi.com.tr\/index.php\/wp-json\/wp\/v2\/media?parent=708747"}],"wp:term":[{"taxonomy":"product_brand","embeddable":true,"href":"https:\/\/roveyayinevi.com.tr\/index.php\/wp-json\/wp\/v2\/product_brand?post=708747"},{"taxonomy":"product_cat","embeddable":true,"href":"https:\/\/roveyayinevi.com.tr\/index.php\/wp-json\/wp\/v2\/product_cat?post=708747"},{"taxonomy":"product_tag","embeddable":true,"href":"https:\/\/roveyayinevi.com.tr\/index.php\/wp-json\/wp\/v2\/product_tag?post=708747"}],"curies":[{"name":"wp","href":"https:\/\/api.w.org\/{rel}","templated":true}]}}