{"id":708743,"date":"2025-08-27T16:18:00","date_gmt":"2025-08-27T13:18:00","guid":{"rendered":"https:\/\/roveyayinevi.com.tr\/index.php\/urun\/ruya-dalgiclari-icin-masallar-3\/"},"modified":"2026-04-16T02:17:32","modified_gmt":"2026-04-15T23:17:32","slug":"ruya-dalgiclari-icin-masallar-3","status":"publish","type":"product","link":"https:\/\/roveyayinevi.com.tr\/index.php\/urun\/ruya-dalgiclari-icin-masallar-3\/","title":{"rendered":"R\u00fcya Dalg\u0131\u00e7lar\u0131 \u0130\u00e7in Masallar 3"},"content":{"rendered":"<p>Kardes ve \u00e7ocuk olmak \u00fczerine ustaca kurgulanmis R\u00fcya Dalgi\u00e7lari i\u00e7in Masallar dizisi iki yeni macerayla sona eriyor!     Hayatta sorulacak ne \u00e7ok soru, \u00f6\u011frenilecek ne \u00e7ok \u015fey var&#8230; E\u011fer b\u00fct\u00fcn bu sorulara b\u0131kmadan usanmadan yan\u0131t verecek bir a\u011fabeyiniz varsa \u00e7ok \u015fansl\u0131s\u0131n\u0131z! 7 ya\u015f ve \u00fcst\u00fc t\u00fcm \u00e7ocuklar\u0131, iki karde\u015fin r\u00fcya ile ger\u00e7ek aras\u0131ndaki maceralar\u0131na ortak olmaya davet ediyoruz! <\/p>\n","protected":false},"excerpt":{"rendered":"<p>Kardes ve \u00e7ocuk olmak \u00fczerine ustaca kurgulanmis R\u00fcya Dalgi\u00e7lari i\u00e7in Masallar dizisi iki yeni macerayla sona eriyor! Hayatta sorulacak ne \u00e7ok soru, \u00f6\u011frenilecek ne \u00e7ok \u015fey<span class=\"excerpt-hellip\"> [\u2026]<\/span><\/p>\n","protected":false},"featured_media":0,"template":"","meta":{"_monsterinsights_skip_tracking":false,"_monsterinsights_sitenote_active":false,"_monsterinsights_sitenote_note":"","_monsterinsights_sitenote_category":0},"product_brand":[],"product_cat":[12275,12274],"product_tag":[],"class_list":{"0":"post-708743","1":"product","2":"type-product","3":"status-publish","5":"product_cat-6-12-yas-kitaplari","6":"product_cat-cocuk-ve-genclik-kitaplari","7":"pa_cilt-ciltsiz","8":"pa_tur-kitap","9":"pa_yayinevi-can-cocuk-yayinlari","10":"pa_yazar-selcuk-ceylan","12":"first","13":"instock","14":"sale","15":"shipping-taxable","16":"purchasable","17":"product-type-simple"},"_links":{"self":[{"href":"https:\/\/roveyayinevi.com.tr\/index.php\/wp-json\/wp\/v2\/product\/708743","targetHints":{"allow":["GET"]}}],"collection":[{"href":"https:\/\/roveyayinevi.com.tr\/index.php\/wp-json\/wp\/v2\/product"}],"about":[{"href":"https:\/\/roveyayinevi.com.tr\/index.php\/wp-json\/wp\/v2\/types\/product"}],"wp:attachment":[{"href":"https:\/\/roveyayinevi.com.tr\/index.php\/wp-json\/wp\/v2\/media?parent=708743"}],"wp:term":[{"taxonomy":"product_brand","embeddable":true,"href":"https:\/\/roveyayinevi.com.tr\/index.php\/wp-json\/wp\/v2\/product_brand?post=708743"},{"taxonomy":"product_cat","embeddable":true,"href":"https:\/\/roveyayinevi.com.tr\/index.php\/wp-json\/wp\/v2\/product_cat?post=708743"},{"taxonomy":"product_tag","embeddable":true,"href":"https:\/\/roveyayinevi.com.tr\/index.php\/wp-json\/wp\/v2\/product_tag?post=708743"}],"curies":[{"name":"wp","href":"https:\/\/api.w.org\/{rel}","templated":true}]}}