{"id":708739,"date":"2025-08-27T16:17:58","date_gmt":"2025-08-27T13:17:58","guid":{"rendered":"https:\/\/roveyayinevi.com.tr\/index.php\/urun\/memleket-yazilari-18-ataturke-egilen-bir-surgun\/"},"modified":"2026-04-16T02:17:32","modified_gmt":"2026-04-15T23:17:32","slug":"memleket-yazilari-18-ataturke-egilen-bir-surgun","status":"publish","type":"product","link":"https:\/\/roveyayinevi.com.tr\/index.php\/urun\/memleket-yazilari-18-ataturke-egilen-bir-surgun\/","title":{"rendered":"Memleket Yaz\u0131lar\u0131 18 &#8211; Atat\u00fcrk&#8217;e E\u011filen Bir S\u00fcrg\u00fcn"},"content":{"rendered":"<p>Hep \u0130stanbul\u2019la ba\u015flad\u0131\u011f\u0131m\u0131z \u201cMemleket Yaz\u0131lar\u0131\u201d dizisi, Refik Halid Karay\u2019\u0131n siyasi yaz\u0131lar\u0131n\u0131 i\u00e7eren, elinizdeki Atat\u00fcrk\u2019e E\u011filen Bir S\u00fcrg\u00fcn cildiyle sona ermi\u015f oluyor. Karay\u2019\u0131n muharrir kimli\u011finin ayr\u0131lmaz bir par\u00e7as\u0131n\u0131 olu\u015fturan gazeteci ve f\u0131krac\u0131 yan\u0131 b\u00f6ylelikle 18 kitapl\u0131k bir toplamla okurlar\u0131na ula\u015fm\u0131\u015f oldu.1939-1958 y\u0131llar\u0131 aras\u0131nda Ak\u015fam, Yeni \u0130stanbul, Aydede ve Tan\u2019da yay\u0131mlanan yaz\u0131lar\u0131nda Refik Halid T\u00fcrkiye tarihinin en hareketli d\u00f6neminde memleketin ge\u00e7irdi\u011fi siyasi ve k\u00fclt\u00fcrel d\u00f6n\u00fc\u015f\u00fcmlere keskin parantezler a\u00e7\u0131yor. <\/p>\n","protected":false},"excerpt":{"rendered":"<p>Hep \u0130stanbul\u2019la ba\u015flad\u0131\u011f\u0131m\u0131z \u201cMemleket Yaz\u0131lar\u0131\u201d dizisi, Refik Halid Karay\u2019\u0131n siyasi yaz\u0131lar\u0131n\u0131 i\u00e7eren, elinizdeki Atat\u00fcrk\u2019e E\u011filen Bir S\u00fcrg\u00fcn cildiyle sona ermi\u015f oluyor. Karay\u2019\u0131n muharrir kimli\u011finin ayr\u0131lmaz bir<span class=\"excerpt-hellip\"> [\u2026]<\/span><\/p>\n","protected":false},"featured_media":0,"template":"","meta":{"_monsterinsights_skip_tracking":false,"_monsterinsights_sitenote_active":false,"_monsterinsights_sitenote_note":"","_monsterinsights_sitenote_category":0},"product_brand":[],"product_cat":[12291,12711],"product_tag":[],"class_list":{"0":"post-708739","1":"product","2":"type-product","3":"status-publish","5":"product_cat-edebiyat","6":"product_cat-roman-oyku","7":"pa_cilt-ciltsiz","8":"pa_tur-kitap","9":"pa_yayinevi-inkilap-kitabevi","10":"pa_yazar-refik-halid-karay","12":"first","13":"instock","14":"sale","15":"shipping-taxable","16":"purchasable","17":"product-type-simple"},"_links":{"self":[{"href":"https:\/\/roveyayinevi.com.tr\/index.php\/wp-json\/wp\/v2\/product\/708739","targetHints":{"allow":["GET"]}}],"collection":[{"href":"https:\/\/roveyayinevi.com.tr\/index.php\/wp-json\/wp\/v2\/product"}],"about":[{"href":"https:\/\/roveyayinevi.com.tr\/index.php\/wp-json\/wp\/v2\/types\/product"}],"wp:attachment":[{"href":"https:\/\/roveyayinevi.com.tr\/index.php\/wp-json\/wp\/v2\/media?parent=708739"}],"wp:term":[{"taxonomy":"product_brand","embeddable":true,"href":"https:\/\/roveyayinevi.com.tr\/index.php\/wp-json\/wp\/v2\/product_brand?post=708739"},{"taxonomy":"product_cat","embeddable":true,"href":"https:\/\/roveyayinevi.com.tr\/index.php\/wp-json\/wp\/v2\/product_cat?post=708739"},{"taxonomy":"product_tag","embeddable":true,"href":"https:\/\/roveyayinevi.com.tr\/index.php\/wp-json\/wp\/v2\/product_tag?post=708739"}],"curies":[{"name":"wp","href":"https:\/\/api.w.org\/{rel}","templated":true}]}}