{"id":708690,"date":"2025-08-27T16:17:34","date_gmt":"2025-08-27T13:17:34","guid":{"rendered":"https:\/\/roveyayinevi.com.tr\/index.php\/urun\/gunun-adami-disardakiler\/"},"modified":"2026-04-16T02:17:31","modified_gmt":"2026-04-15T23:17:31","slug":"gunun-adami-disardakiler","status":"publish","type":"product","link":"https:\/\/roveyayinevi.com.tr\/index.php\/urun\/gunun-adami-disardakiler\/","title":{"rendered":"G\u00fcn\u00fcn Adam\u0131 &#8211; D\u0131\u015fardakiler"},"content":{"rendered":"<p>Haldun Taner\u2019in ilk oyunu G\u00fcn\u00fcn Adam\u0131 1952\u2019de \u201czararl\u0131\u201d g\u00f6r\u00fclerek yasaklanm\u0131\u015f, 1962\u2019de Ulvi Uraz Tiyatrosu\u2019nda sahnelenebilmi\u015ftir. Bu durumu kitab\u0131n \u00f6ns\u00f6z\u00fcnde Haldun Taner \u015f\u00f6yle dile getirir: \u201cBu piyesi bir bak\u0131ma bir tenis topuna benzetmek kabildir. B\u0131raksalar \u00f6b\u00fcr toplar kadar, hatta belki onlardan az s\u0131\u00e7rayacak bir tenis topu. Ne var ki, bunu h\u0131zla yere \u00e7arpt\u0131klar\u0131ndan fazla ses \u00e7\u0131kard\u0131, tavana kadar s\u0131\u00e7rad\u0131.\u201dD\u0131\u015fardakiler ise Haldun Taner\u2019in ikinci oyunudur. Alt\u0131 tablodan olu\u015fan oyun ilk kez 1957\u2019de Ankara Devlet Tiyatrosu\u2019nda sahnelenmi\u015ftir. Oyunda 1950\u2019lerde topluma egemen olan \u201cserbest te\u015febb\u00fcs\u201d anlay\u0131\u015f\u0131n\u0131n yaratt\u0131\u011f\u0131 k\u00fclt\u00fcrel yozla\u015fma ve de\u011ferler \u00e7at\u0131\u015fmas\u0131 ba\u015far\u0131yla yans\u0131t\u0131l\u0131r. <\/p>\n","protected":false},"excerpt":{"rendered":"<p>Haldun Taner\u2019in ilk oyunu G\u00fcn\u00fcn Adam\u0131 1952\u2019de \u201czararl\u0131\u201d g\u00f6r\u00fclerek yasaklanm\u0131\u015f, 1962\u2019de Ulvi Uraz Tiyatrosu\u2019nda sahnelenebilmi\u015ftir. Bu durumu kitab\u0131n \u00f6ns\u00f6z\u00fcnde Haldun Taner \u015f\u00f6yle dile getirir: \u201cBu piyesi<span class=\"excerpt-hellip\"> [\u2026]<\/span><\/p>\n","protected":false},"featured_media":0,"template":"","meta":{"_monsterinsights_skip_tracking":false,"_monsterinsights_sitenote_active":false,"_monsterinsights_sitenote_note":"","_monsterinsights_sitenote_category":0},"product_brand":[],"product_cat":[12409,12408],"product_tag":[],"class_list":{"0":"post-708690","1":"product","2":"type-product","3":"status-publish","5":"product_cat-fotograf-sinema-tiyatro","6":"product_cat-sanat","7":"pa_cilt-ciltsiz","8":"pa_tur-kitap","9":"pa_yayinevi-yapi-kredi-yayinlari","10":"pa_yazar-haldun-taner","12":"first","13":"instock","14":"sale","15":"shipping-taxable","16":"purchasable","17":"product-type-simple"},"_links":{"self":[{"href":"https:\/\/roveyayinevi.com.tr\/index.php\/wp-json\/wp\/v2\/product\/708690","targetHints":{"allow":["GET"]}}],"collection":[{"href":"https:\/\/roveyayinevi.com.tr\/index.php\/wp-json\/wp\/v2\/product"}],"about":[{"href":"https:\/\/roveyayinevi.com.tr\/index.php\/wp-json\/wp\/v2\/types\/product"}],"wp:attachment":[{"href":"https:\/\/roveyayinevi.com.tr\/index.php\/wp-json\/wp\/v2\/media?parent=708690"}],"wp:term":[{"taxonomy":"product_brand","embeddable":true,"href":"https:\/\/roveyayinevi.com.tr\/index.php\/wp-json\/wp\/v2\/product_brand?post=708690"},{"taxonomy":"product_cat","embeddable":true,"href":"https:\/\/roveyayinevi.com.tr\/index.php\/wp-json\/wp\/v2\/product_cat?post=708690"},{"taxonomy":"product_tag","embeddable":true,"href":"https:\/\/roveyayinevi.com.tr\/index.php\/wp-json\/wp\/v2\/product_tag?post=708690"}],"curies":[{"name":"wp","href":"https:\/\/api.w.org\/{rel}","templated":true}]}}