{"id":708685,"date":"2025-08-27T16:17:31","date_gmt":"2025-08-27T13:17:31","guid":{"rendered":"https:\/\/roveyayinevi.com.tr\/index.php\/urun\/sigmund-freudun-misyonu\/"},"modified":"2026-04-16T02:17:31","modified_gmt":"2026-04-15T23:17:31","slug":"sigmund-freudun-misyonu","status":"publish","type":"product","link":"https:\/\/roveyayinevi.com.tr\/index.php\/urun\/sigmund-freudun-misyonu\/","title":{"rendered":"Sigmund Freud\u2019un Misyonu"},"content":{"rendered":"<p>Psikanaliz, Freud\u2019un bizzat vurgulamaktan ho\u015fland\u0131\u011f\u0131 gibi, onun eseriydi. Psikanaliz b\u00fcy\u00fck ba\u015far\u0131lar\u0131n\u0131n yan\u0131 s\u0131ra kusurlar\u0131yla da kurucusunun ki\u015fili\u011finin izlerini ta\u015f\u0131r. Bu durumda psikanalizin k\u00f6keni, hi\u00e7 ku\u015fkusuz, Freud\u2019un ki\u015fili\u011finde aranmal\u0131d\u0131r. Peki Freud nas\u0131l biriydi? Onu kendine \u00f6zg\u00fc bir bi\u00e7imde davranmaya, d\u00fc\u015f\u00fcnmeye ve duyumsamaya sevk eden benli\u011findeki itici g\u00fc\u00e7ler nelerdi? D\u00fc\u015fmanlar\u0131n\u0131n iddia etti\u011fi \u00fczere, cinsellik ve disiplinsizlik ortam\u0131nda yeti\u015fmi\u015f yoz bir Viyanal\u0131 m\u0131yd\u0131, yoksa en sad\u0131k taraftarlar\u0131n\u0131n savundu\u011fu gibi do\u011fruyu bulma yolunda korkusuzca ve \u00f6d\u00fcn vermeden y\u00fcr\u00fcyen, ailesine kar\u015f\u0131 olduk\u00e7a sevecen, \u00f6\u011frencilerine kar\u015f\u0131 kibar, d\u00fc\u015fmanlar\u0131na kar\u015f\u0131 \u00e2dil, kendini be\u011fenmi\u015flik veya bencillik emareleri ta\u015f\u0131mayan, dahas\u0131 ki\u015fisel hi\u00e7bir kusuru olmayan b\u00fcy\u00fck bir \u00fcstat m\u0131yd\u0131? <\/p>\n","protected":false},"excerpt":{"rendered":"<p>Psikanaliz, Freud\u2019un bizzat vurgulamaktan ho\u015fland\u0131\u011f\u0131 gibi, onun eseriydi. Psikanaliz b\u00fcy\u00fck ba\u015far\u0131lar\u0131n\u0131n yan\u0131 s\u0131ra kusurlar\u0131yla da kurucusunun ki\u015fili\u011finin izlerini ta\u015f\u0131r. Bu durumda psikanalizin k\u00f6keni, hi\u00e7 ku\u015fkusuz, Freud\u2019un<span class=\"excerpt-hellip\"> [\u2026]<\/span><\/p>\n","protected":false},"featured_media":0,"template":"","meta":{"_monsterinsights_skip_tracking":false,"_monsterinsights_sitenote_active":false,"_monsterinsights_sitenote_note":"","_monsterinsights_sitenote_category":0},"product_brand":[],"product_cat":[12364,12376],"product_tag":[],"class_list":{"0":"post-708685","1":"product","2":"type-product","3":"status-publish","5":"product_cat-genel-konular","6":"product_cat-kisisel-gelisim","7":"pa_cilt-ciltsiz","8":"pa_tur-kitap","9":"pa_yayinevi-say-yayinlari","10":"pa_yazar-erich-fromm","12":"first","13":"instock","14":"sale","15":"shipping-taxable","16":"purchasable","17":"product-type-simple"},"_links":{"self":[{"href":"https:\/\/roveyayinevi.com.tr\/index.php\/wp-json\/wp\/v2\/product\/708685","targetHints":{"allow":["GET"]}}],"collection":[{"href":"https:\/\/roveyayinevi.com.tr\/index.php\/wp-json\/wp\/v2\/product"}],"about":[{"href":"https:\/\/roveyayinevi.com.tr\/index.php\/wp-json\/wp\/v2\/types\/product"}],"wp:attachment":[{"href":"https:\/\/roveyayinevi.com.tr\/index.php\/wp-json\/wp\/v2\/media?parent=708685"}],"wp:term":[{"taxonomy":"product_brand","embeddable":true,"href":"https:\/\/roveyayinevi.com.tr\/index.php\/wp-json\/wp\/v2\/product_brand?post=708685"},{"taxonomy":"product_cat","embeddable":true,"href":"https:\/\/roveyayinevi.com.tr\/index.php\/wp-json\/wp\/v2\/product_cat?post=708685"},{"taxonomy":"product_tag","embeddable":true,"href":"https:\/\/roveyayinevi.com.tr\/index.php\/wp-json\/wp\/v2\/product_tag?post=708685"}],"curies":[{"name":"wp","href":"https:\/\/api.w.org\/{rel}","templated":true}]}}