{"id":708684,"date":"2025-08-27T16:17:31","date_gmt":"2025-08-27T13:17:31","guid":{"rendered":"https:\/\/roveyayinevi.com.tr\/index.php\/urun\/yuzbin-kere-hayir\/"},"modified":"2026-04-16T02:17:31","modified_gmt":"2026-04-15T23:17:31","slug":"yuzbin-kere-hayir","status":"publish","type":"product","link":"https:\/\/roveyayinevi.com.tr\/index.php\/urun\/yuzbin-kere-hayir\/","title":{"rendered":"Y\u00fczbin Kere Hay\u0131r"},"content":{"rendered":"<p>Bah\u00e7eli\u2019nin Ba\u015fkanl\u0131k Sistemi g\u00f6r\u00fc\u015fleri: 10 Aral\u0131k 2012: Federasyon \u00f6zlemi \u00e7ekenler, siyasal K\u00fcrt\u00e7\u00fcl\u00fckten medet umanlar, ba\u015fkanl\u0131k r\u00fcyas\u0131 g\u00f6renler ve \u00fcniter yap\u0131m\u0131z\u0131 bozmay\u0131 d\u00fc\u015f\u00fcnenler aynan\u0131n kar\u015f\u0131s\u0131nda kendilerini bir kez daha kontrolden ge\u00e7irmelidir. 12 \u015eubat 2013: Ba\u015fbakan Erdo\u011fan ba\u015fkan olabilmek, tek adam olarak hanedanl\u0131\u011f\u0131n\u0131 kurabilmek i\u00e7in T\u00fcrkiye\u2019nin \u00fclkesi ve milletiyle b\u00f6l\u00fcnmez b\u00fct\u00fcnl\u00fc\u011f\u00fcn\u00fc sat\u0131\u015fa \u00e7\u0131karm\u0131\u015ft\u0131r. 07 May\u0131s 2013: Pazarl\u0131k edilen T\u00fcrk milletidir. Pazarl\u0131k edilen T\u00fcrk vatan\u0131d\u0131r. Pazarl\u0131k edilen ba\u015fkanl\u0131k sistemiyle birlikte \u00f6zerklik, federasyon ve <\/p>\n","protected":false},"excerpt":{"rendered":"<p>Bah\u00e7eli\u2019nin Ba\u015fkanl\u0131k Sistemi g\u00f6r\u00fc\u015fleri: 10 Aral\u0131k 2012: Federasyon \u00f6zlemi \u00e7ekenler, siyasal K\u00fcrt\u00e7\u00fcl\u00fckten medet umanlar, ba\u015fkanl\u0131k r\u00fcyas\u0131 g\u00f6renler ve \u00fcniter yap\u0131m\u0131z\u0131 bozmay\u0131 d\u00fc\u015f\u00fcnenler aynan\u0131n kar\u015f\u0131s\u0131nda kendilerini bir<span class=\"excerpt-hellip\"> [\u2026]<\/span><\/p>\n","protected":false},"featured_media":0,"template":"","meta":{"_monsterinsights_skip_tracking":false,"_monsterinsights_sitenote_active":false,"_monsterinsights_sitenote_note":"","_monsterinsights_sitenote_category":0},"product_brand":[],"product_cat":[12337,14543],"product_tag":[],"class_list":{"0":"post-708684","1":"product","2":"type-product","3":"status-publish","5":"product_cat-politika-siyaset","6":"product_cat-turkiye-siyaseti-ve-politikasi","7":"pa_cilt-ciltsiz","8":"pa_tur-kitap","9":"pa_yayinevi-altayli-yayinlari","10":"pa_yazar-bekir-ozturk","12":"first","13":"instock","14":"sale","15":"shipping-taxable","16":"purchasable","17":"product-type-simple"},"_links":{"self":[{"href":"https:\/\/roveyayinevi.com.tr\/index.php\/wp-json\/wp\/v2\/product\/708684","targetHints":{"allow":["GET"]}}],"collection":[{"href":"https:\/\/roveyayinevi.com.tr\/index.php\/wp-json\/wp\/v2\/product"}],"about":[{"href":"https:\/\/roveyayinevi.com.tr\/index.php\/wp-json\/wp\/v2\/types\/product"}],"wp:attachment":[{"href":"https:\/\/roveyayinevi.com.tr\/index.php\/wp-json\/wp\/v2\/media?parent=708684"}],"wp:term":[{"taxonomy":"product_brand","embeddable":true,"href":"https:\/\/roveyayinevi.com.tr\/index.php\/wp-json\/wp\/v2\/product_brand?post=708684"},{"taxonomy":"product_cat","embeddable":true,"href":"https:\/\/roveyayinevi.com.tr\/index.php\/wp-json\/wp\/v2\/product_cat?post=708684"},{"taxonomy":"product_tag","embeddable":true,"href":"https:\/\/roveyayinevi.com.tr\/index.php\/wp-json\/wp\/v2\/product_tag?post=708684"}],"curies":[{"name":"wp","href":"https:\/\/api.w.org\/{rel}","templated":true}]}}