{"id":708675,"date":"2025-08-27T16:17:26","date_gmt":"2025-08-27T13:17:26","guid":{"rendered":"https:\/\/roveyayinevi.com.tr\/index.php\/urun\/avrupa\/"},"modified":"2026-04-16T02:17:31","modified_gmt":"2026-04-15T23:17:31","slug":"avrupa","status":"publish","type":"product","link":"https:\/\/roveyayinevi.com.tr\/index.php\/urun\/avrupa\/","title":{"rendered":"Avrupa"},"content":{"rendered":"<p>Son on y\u0131la kadar ba\u015far\u0131lar\u0131, ortak evrensel k\u00fclt\u00fcre ve uygarl\u0131\u011fa katk\u0131lar\u0131 ve en \u00e7\u00f6z\u00fcms\u00fcz problemleri bile m\u00fczakere ederek \u00e7\u00f6zmesiyle bir referans \u00e7er\u00e7evesi olarak g\u00f6rd\u00fc\u011f\u00fcm\u00fcz Avrupa, bug\u00fcn kendisiyle y\u00fczle\u015fme ve tarihi ve sosyolojik yap\u0131s\u0131yla hesapla\u015fma s\u00fcrecine girmi\u015ftir.Suriye\u2019de ya\u015fanan ve farkl\u0131 uluslararas\u0131 akt\u00f6rleri i\u00e7ine \u00e7ekmesiyle adeta \u00fc\u00e7\u00fcnc\u00fc d\u00fcnya sava\u015f\u0131 niteli\u011fi ta\u015f\u0131yan \u00e7at\u0131\u015fmalar, bu \u00e7at\u0131\u015fmalar\u0131n yol a\u00e7t\u0131\u011f\u0131 Avrupa\u2019ya y\u00f6nelik g\u00f6\u00e7men ak\u0131n\u0131 ve gene bu g\u00fcvenlik bo\u015flu\u011fundan hayat bulan k\u00fcresel ter\u00f6r olgusu Avrupa\u2019n\u0131n son y\u00fczy\u0131ldaki en b\u00fcy\u00fck imtihan\u0131d\u0131r.Modernle\u015fme ideolojisinden hareketle \u00e7okk\u00fclt\u00fcrl\u00fcl\u00fck, k\u00fclt\u00fcrel \u00e7o\u011fulculuk ve hukukun \u00fcst\u00fcnl\u00fc\u011f\u00fc prensipleri \u00fczerine varl\u0131\u011f\u0131n\u0131 ontolojik anlamda me\u015frula\u015ft\u0131rmaya \u00e7al\u0131\u015fan Avrupa, bug\u00fcn farkl\u0131 k\u00fclt\u00fcrlerle bu farkl\u0131l\u0131klar\u0131 koruyarak yan yana ve i\u00e7 i\u00e7e ya\u015fama prati\u011fine ne \u00f6l\u00e7\u00fcde haz\u0131rd\u0131r? Bu can yak\u0131c\u0131 soruya m\u00fcspet cevap verilememesinin nedeni, Avrupa\u2019n\u0131n bizatihi kendi ya\u015fad\u0131\u011f\u0131 tarihsel tecr\u00fcbenin i\u00e7inde sakl\u0131d\u0131r.Avrupa: Miras, Meydan Okuma, Vaat kitab\u0131, bir Avrupal\u0131 entelekt\u00fcelin, makro teori ve mega s\u00f6ylemlerin hakim oldu\u011fu sosyo-politik bir atmosfer i\u00e7erisinde kaybolan insan unsurunu arama istikametinde yol alan, yeniden bir ke\u015fif maceras\u0131 olarak da okunabilir. <\/p>\n","protected":false},"excerpt":{"rendered":"<p>Son on y\u0131la kadar ba\u015far\u0131lar\u0131, ortak evrensel k\u00fclt\u00fcre ve uygarl\u0131\u011fa katk\u0131lar\u0131 ve en \u00e7\u00f6z\u00fcms\u00fcz problemleri bile m\u00fczakere ederek \u00e7\u00f6zmesiyle bir referans \u00e7er\u00e7evesi olarak g\u00f6rd\u00fc\u011f\u00fcm\u00fcz Avrupa, bug\u00fcn<span class=\"excerpt-hellip\"> [\u2026]<\/span><\/p>\n","protected":false},"featured_media":0,"template":"","meta":{"_monsterinsights_skip_tracking":false,"_monsterinsights_sitenote_active":false,"_monsterinsights_sitenote_note":"","_monsterinsights_sitenote_category":0},"product_brand":[],"product_cat":[16038,12388],"product_tag":[],"class_list":{"0":"post-708675","1":"product","2":"type-product","3":"status-publish","5":"product_cat-arastirma-inceleme-referans-felsefe","6":"product_cat-felsefe","7":"pa_cilt-ciltsiz","8":"pa_tur-kitap","9":"pa_yayinevi-adres-yayinlari","10":"pa_yazar-jan-berting","12":"first","13":"instock","14":"sale","15":"shipping-taxable","16":"purchasable","17":"product-type-simple"},"_links":{"self":[{"href":"https:\/\/roveyayinevi.com.tr\/index.php\/wp-json\/wp\/v2\/product\/708675","targetHints":{"allow":["GET"]}}],"collection":[{"href":"https:\/\/roveyayinevi.com.tr\/index.php\/wp-json\/wp\/v2\/product"}],"about":[{"href":"https:\/\/roveyayinevi.com.tr\/index.php\/wp-json\/wp\/v2\/types\/product"}],"wp:attachment":[{"href":"https:\/\/roveyayinevi.com.tr\/index.php\/wp-json\/wp\/v2\/media?parent=708675"}],"wp:term":[{"taxonomy":"product_brand","embeddable":true,"href":"https:\/\/roveyayinevi.com.tr\/index.php\/wp-json\/wp\/v2\/product_brand?post=708675"},{"taxonomy":"product_cat","embeddable":true,"href":"https:\/\/roveyayinevi.com.tr\/index.php\/wp-json\/wp\/v2\/product_cat?post=708675"},{"taxonomy":"product_tag","embeddable":true,"href":"https:\/\/roveyayinevi.com.tr\/index.php\/wp-json\/wp\/v2\/product_tag?post=708675"}],"curies":[{"name":"wp","href":"https:\/\/api.w.org\/{rel}","templated":true}]}}