{"id":708667,"date":"2025-08-27T16:17:22","date_gmt":"2025-08-27T13:17:22","guid":{"rendered":"https:\/\/roveyayinevi.com.tr\/index.php\/urun\/trajik-zafer\/"},"modified":"2026-04-16T02:17:31","modified_gmt":"2026-04-15T23:17:31","slug":"trajik-zafer","status":"publish","type":"product","link":"https:\/\/roveyayinevi.com.tr\/index.php\/urun\/trajik-zafer\/","title":{"rendered":"Trajik Zafer"},"content":{"rendered":"<p>Napoleon sava\u015flar\u0131n\u0131n doru\u011fa ula\u015ft\u0131\u011f\u0131 1807 senesi, hem Avrupa hem de Yak\u0131ndo\u011fu i\u00e7in trajedilerle dolu bir zaman\u0131 te\u015fkil eder. Napoleon\u2019un zaferleri, Fransa\u2019n\u0131n 1798\u2019deki M\u0131s\u0131r maceras\u0131 y\u00fcz\u00fcnden kesilen Frans\u0131z-Osmanl\u0131 ili\u015fkilerini de derinden etkilemi\u015fti: M\u0131s\u0131r\u2019daki sava\u015ftan \u00f6t\u00fcr\u00fc yap\u0131lan Rus-Osmanl\u0131-\u0130ngiliz ittifak\u0131 1806\u2019da \u00e7\u00f6km\u00fc\u015f; Napol\u00e9on da bunu f\u0131rsat bilerek Osmanl\u0131lar\u0131 yan\u0131na \u00e7ekmi\u015fti. Neticede, 1807 y\u0131l\u0131n\u0131n ba\u015flamas\u0131na g\u00fcnler kala yeni bir Osmanl\u0131-Rus sava\u015f\u0131 \u00e7\u0131kt\u0131 ve bu \u00e7at\u0131\u015fmada \u0130ngiltere, \u00c7ar\u2019\u0131n yan\u0131nda saf tuttu.Ancak bu \u201cm\u00fcttefikler aras\u0131 sava\u015f\u201d hi\u00e7 beklenmedik \u015fekilde geli\u015fecekti: \u0130ngiliz donanmas\u0131n\u0131n \u0130stanbul\u2019a yapt\u0131\u011f\u0131 cezaland\u0131rma seferi tam bir ba\u015far\u0131s\u0131zl\u0131kla sona ererken Akdeniz\u2019de bayrak g\u00f6steren k\u00fc\u00e7\u00fck bir Rus filosu koca Osmanl\u0131 donanmas\u0131n\u0131 kimsenin beklemedi\u011fi bir muharebede alt etti. <\/p>\n","protected":false},"excerpt":{"rendered":"<p>Napoleon sava\u015flar\u0131n\u0131n doru\u011fa ula\u015ft\u0131\u011f\u0131 1807 senesi, hem Avrupa hem de Yak\u0131ndo\u011fu i\u00e7in trajedilerle dolu bir zaman\u0131 te\u015fkil eder. Napoleon\u2019un zaferleri, Fransa\u2019n\u0131n 1798\u2019deki M\u0131s\u0131r maceras\u0131 y\u00fcz\u00fcnden kesilen<span class=\"excerpt-hellip\"> [\u2026]<\/span><\/p>\n","protected":false},"featured_media":0,"template":"","meta":{"_monsterinsights_skip_tracking":false,"_monsterinsights_sitenote_active":false,"_monsterinsights_sitenote_note":"","_monsterinsights_sitenote_category":0},"product_brand":[],"product_cat":[12304,13650],"product_tag":[],"class_list":{"0":"post-708667","1":"product","2":"type-product","3":"status-publish","5":"product_cat-tarih","6":"product_cat-turk-tarihi-arastirmalari","7":"pa_cilt-ciltsiz","8":"pa_tur-kitap","9":"pa_yayinevi-is-bankasi-kultur-yayinlari","10":"pa_yazar-fatih-yesil","12":"first","13":"instock","14":"sale","15":"shipping-taxable","16":"purchasable","17":"product-type-simple"},"_links":{"self":[{"href":"https:\/\/roveyayinevi.com.tr\/index.php\/wp-json\/wp\/v2\/product\/708667","targetHints":{"allow":["GET"]}}],"collection":[{"href":"https:\/\/roveyayinevi.com.tr\/index.php\/wp-json\/wp\/v2\/product"}],"about":[{"href":"https:\/\/roveyayinevi.com.tr\/index.php\/wp-json\/wp\/v2\/types\/product"}],"wp:attachment":[{"href":"https:\/\/roveyayinevi.com.tr\/index.php\/wp-json\/wp\/v2\/media?parent=708667"}],"wp:term":[{"taxonomy":"product_brand","embeddable":true,"href":"https:\/\/roveyayinevi.com.tr\/index.php\/wp-json\/wp\/v2\/product_brand?post=708667"},{"taxonomy":"product_cat","embeddable":true,"href":"https:\/\/roveyayinevi.com.tr\/index.php\/wp-json\/wp\/v2\/product_cat?post=708667"},{"taxonomy":"product_tag","embeddable":true,"href":"https:\/\/roveyayinevi.com.tr\/index.php\/wp-json\/wp\/v2\/product_tag?post=708667"}],"curies":[{"name":"wp","href":"https:\/\/api.w.org\/{rel}","templated":true}]}}