{"id":708659,"date":"2025-08-27T16:17:18","date_gmt":"2025-08-27T13:17:18","guid":{"rendered":"https:\/\/roveyayinevi.com.tr\/index.php\/urun\/ogretim-tasarimi-kuramlar-modeller-ve-uygulamalar\/"},"modified":"2026-04-16T02:17:31","modified_gmt":"2026-04-15T23:17:31","slug":"ogretim-tasarimi-kuramlar-modeller-ve-uygulamalar","status":"publish","type":"product","link":"https:\/\/roveyayinevi.com.tr\/index.php\/urun\/ogretim-tasarimi-kuramlar-modeller-ve-uygulamalar\/","title":{"rendered":"\u00d6\u011fretim Tasar\u0131m\u0131 Kuramlar Modeller ve Uygulamalar"},"content":{"rendered":"<p>\u00d6\u011frencilerin \u00f6\u011fretim tasar\u0131m\u0131 modelleri ve kuramlar\u0131n\u0131 anlamas\u0131na ve uygulamada kullanmalar\u0131na yard\u0131mc\u0131 olacak T\u00fcrk\u00e7e ders kitab\u0131 eksikli\u011fi, bu kitab\u0131n haz\u0131rlanmas\u0131ndaki en \u00f6nemli etken olmu\u015ftur. Bu kitab\u0131n amac\u0131, \u00f6\u011fretim tasar\u0131m\u0131 alan\u0131n\u0131 detayl\u0131 olarak a\u00e7\u0131klamakt\u0131r. Bu ama\u00e7la, \u00f6\u011fretim tasar\u0131m\u0131 alan\u0131 i\u00e7inde yer alan tan\u0131mlar ve temel kavramlar, \u00f6\u011fretim tasar\u0131m\u0131 modelleri ve kuramlar\u0131 ayr\u0131nt\u0131l\u0131 olarak ele al\u0131nm\u0131\u015ft\u0131r.<\/p>\n","protected":false},"excerpt":{"rendered":"<p>\u00d6\u011frencilerin \u00f6\u011fretim tasar\u0131m\u0131 modelleri ve kuramlar\u0131n\u0131 anlamas\u0131na ve uygulamada kullanmalar\u0131na yard\u0131mc\u0131 olacak T\u00fcrk\u00e7e ders kitab\u0131 eksikli\u011fi, bu kitab\u0131n haz\u0131rlanmas\u0131ndaki en \u00f6nemli etken olmu\u015ftur. Bu kitab\u0131n amac\u0131,<span class=\"excerpt-hellip\"> [\u2026]<\/span><\/p>\n","protected":false},"featured_media":0,"template":"","meta":{"_monsterinsights_skip_tracking":false,"_monsterinsights_sitenote_active":false,"_monsterinsights_sitenote_note":"","_monsterinsights_sitenote_category":0},"product_brand":[],"product_cat":[12312,12304],"product_tag":[],"class_list":{"0":"post-708659","1":"product","2":"type-product","3":"status-publish","5":"product_cat-diger","6":"product_cat-tarih","7":"pa_cilt-ciltsiz","8":"pa_tur-kitap","9":"pa_yayinevi-ani-yayincilik","10":"pa_yazar-mehmet-akif-ocak","12":"first","13":"instock","14":"sale","15":"shipping-taxable","16":"purchasable","17":"product-type-simple"},"_links":{"self":[{"href":"https:\/\/roveyayinevi.com.tr\/index.php\/wp-json\/wp\/v2\/product\/708659","targetHints":{"allow":["GET"]}}],"collection":[{"href":"https:\/\/roveyayinevi.com.tr\/index.php\/wp-json\/wp\/v2\/product"}],"about":[{"href":"https:\/\/roveyayinevi.com.tr\/index.php\/wp-json\/wp\/v2\/types\/product"}],"wp:attachment":[{"href":"https:\/\/roveyayinevi.com.tr\/index.php\/wp-json\/wp\/v2\/media?parent=708659"}],"wp:term":[{"taxonomy":"product_brand","embeddable":true,"href":"https:\/\/roveyayinevi.com.tr\/index.php\/wp-json\/wp\/v2\/product_brand?post=708659"},{"taxonomy":"product_cat","embeddable":true,"href":"https:\/\/roveyayinevi.com.tr\/index.php\/wp-json\/wp\/v2\/product_cat?post=708659"},{"taxonomy":"product_tag","embeddable":true,"href":"https:\/\/roveyayinevi.com.tr\/index.php\/wp-json\/wp\/v2\/product_tag?post=708659"}],"curies":[{"name":"wp","href":"https:\/\/api.w.org\/{rel}","templated":true}]}}