{"id":708655,"date":"2025-08-27T16:17:16","date_gmt":"2025-08-27T13:17:16","guid":{"rendered":"https:\/\/roveyayinevi.com.tr\/index.php\/urun\/gizli-tarih-cilt-6\/"},"modified":"2026-04-16T02:17:30","modified_gmt":"2026-04-15T23:17:30","slug":"gizli-tarih-cilt-6","status":"publish","type":"product","link":"https:\/\/roveyayinevi.com.tr\/index.php\/urun\/gizli-tarih-cilt-6\/","title":{"rendered":"Gizli Tarih (Cilt 6)"},"content":{"rendered":"<p>G\u00dcN\u00dcM\u00dcZDEN 3000 YIL KADAR \u00d6NCE \u00d6LMEKTE OLAN B\u0130R \u015eAMAN 4 KARDE\u015eE 4 F\u0130LD\u0130\u015e\u0130 VER\u0130R. TAR\u0130H, BU 4 KARDE\u015e\u0130N, BU \u00d6L\u00dcMS\u00dcZ ARKHONLARIN G\u00dc\u00c7 VE \u0130NT\u0130KAM OYUNLARININ SAHNELEND\u0130\u011e\u0130 B\u0130R ALANA D\u00d6N\u00dc\u015e\u00dcR. TAROT KARTLARININ G\u0130ZEML\u0130 K\u00d6KEN\u0130NDE BELK\u0130 DE BU  F\u0130LD\u0130\u015eLER\u0130 YATIYOR!B\u0130L\u0130ND\u0130K TAR\u0130H\u0130N G\u0130ZL\u0130 GER\u00c7EKLER\u0130N\u0130 KE\u015eFED\u0130N!TAR\u0130H\u0130N ONCA A\u00c7IKLANAMAZ OLAYININ ARKASINDA NELER\u0130N YATTI\u011eINI G\u00d6R\u00dcN.KABE BASKININI K\u0130M YAPTI?\u00c7ERNOB\u0130L FAC\u0130ASININ GER\u00c7EK SEBEB\u0130 NEYD\u0130?PAPA 1. JEAN PAUL\u2019UN \u00d6L\u00dcM\u00dcN\u00dcN ARKASINDA K\u0130MLER VARDI?ULUSLARARASI UYU\u015eTURUCU T\u0130CARET\u0130 NASIL Y\u00d6NET\u0130L\u0130YORDU? <\/p>\n","protected":false},"excerpt":{"rendered":"<p>G\u00dcN\u00dcM\u00dcZDEN 3000 YIL KADAR \u00d6NCE \u00d6LMEKTE OLAN B\u0130R \u015eAMAN 4 KARDE\u015eE 4 F\u0130LD\u0130\u015e\u0130 VER\u0130R. TAR\u0130H, BU 4 KARDE\u015e\u0130N, BU \u00d6L\u00dcMS\u00dcZ ARKHONLARIN G\u00dc\u00c7 VE \u0130NT\u0130KAM OYUNLARININ SAHNELEND\u0130\u011e\u0130<span class=\"excerpt-hellip\"> [\u2026]<\/span><\/p>\n","protected":false},"featured_media":0,"template":"","meta":{"_monsterinsights_skip_tracking":false,"_monsterinsights_sitenote_active":false,"_monsterinsights_sitenote_note":"","_monsterinsights_sitenote_category":0},"product_brand":[],"product_cat":[12370,12304],"product_tag":[],"class_list":{"0":"post-708655","1":"product","2":"type-product","3":"status-publish","5":"product_cat-arastirma-inceleme","6":"product_cat-tarih","7":"pa_cilt-ciltsiz","8":"pa_tur-kitap","9":"pa_yayinevi-alfa-yayinlari","10":"pa_yazar-pecau-kordey-blanchard","12":"first","13":"instock","14":"sale","15":"shipping-taxable","16":"purchasable","17":"product-type-simple"},"_links":{"self":[{"href":"https:\/\/roveyayinevi.com.tr\/index.php\/wp-json\/wp\/v2\/product\/708655","targetHints":{"allow":["GET"]}}],"collection":[{"href":"https:\/\/roveyayinevi.com.tr\/index.php\/wp-json\/wp\/v2\/product"}],"about":[{"href":"https:\/\/roveyayinevi.com.tr\/index.php\/wp-json\/wp\/v2\/types\/product"}],"wp:attachment":[{"href":"https:\/\/roveyayinevi.com.tr\/index.php\/wp-json\/wp\/v2\/media?parent=708655"}],"wp:term":[{"taxonomy":"product_brand","embeddable":true,"href":"https:\/\/roveyayinevi.com.tr\/index.php\/wp-json\/wp\/v2\/product_brand?post=708655"},{"taxonomy":"product_cat","embeddable":true,"href":"https:\/\/roveyayinevi.com.tr\/index.php\/wp-json\/wp\/v2\/product_cat?post=708655"},{"taxonomy":"product_tag","embeddable":true,"href":"https:\/\/roveyayinevi.com.tr\/index.php\/wp-json\/wp\/v2\/product_tag?post=708655"}],"curies":[{"name":"wp","href":"https:\/\/api.w.org\/{rel}","templated":true}]}}