{"id":708644,"date":"2025-08-27T16:17:11","date_gmt":"2025-08-27T13:17:11","guid":{"rendered":"https:\/\/roveyayinevi.com.tr\/index.php\/urun\/felsefe-sorunlari\/"},"modified":"2026-04-16T02:17:30","modified_gmt":"2026-04-15T23:17:30","slug":"felsefe-sorunlari","status":"publish","type":"product","link":"https:\/\/roveyayinevi.com.tr\/index.php\/urun\/felsefe-sorunlari\/","title":{"rendered":"Felsefe Sorunlar\u0131"},"content":{"rendered":"<p>D\u00fcnyada mant\u0131kl\u0131 d\u00fc\u015f\u00fcnen hi\u00e7 kimsenin \u015f\u00fcphe duymayaca\u011f\u0131 kadar kesin do\u011frulukta bir bilgi var m\u0131d\u0131r? \u0130lk bak\u0131\u015fta pek de zor g\u00f6r\u00fcnmeyen bu soru, ger\u00e7ekte, sorulabilecek en zor sorulardan biridir. Ka\u00e7amaks\u0131z ve inan\u0131l\u0131r bir yan\u0131t\u0131n yoluna \u00e7\u0131kan engelleri saptad\u0131\u011f\u0131m\u0131z anda felsefe \u00e7al\u0131\u015fmalar\u0131na iyice girmi\u015f oluruz, \u00e7\u00fcnk\u00fc felsefe b\u00f6yle en u\u00e7 sorular\u0131 yan\u0131tlama giri\u015fiminden ba\u015fka bir \u015fey de\u011fildir ve bunu bizim g\u00fcnl\u00fck ya\u015famda, hatta bilimde yapt\u0131\u011f\u0131m\u0131z gibi geli\u015fig\u00fczel ve dogmatik bi\u00e7imde de\u011fil, ele\u015ftirel bir g\u00f6r\u00fc\u015fle, bu t\u00fcr sorular\u0131 \u00e7\u00f6z\u00fclmez yapan her \u015feyi a\u00e7\u0131klad\u0131ktan ve bizim s\u0131radan d\u00fc\u015f\u00fcncelerimizin alt\u0131nda yatan belirsizlik ve kar\u0131\u015f\u0131kl\u0131\u011f\u0131 saptad\u0131ktan sonra yapar.<\/p>\n","protected":false},"excerpt":{"rendered":"<p>D\u00fcnyada mant\u0131kl\u0131 d\u00fc\u015f\u00fcnen hi\u00e7 kimsenin \u015f\u00fcphe duymayaca\u011f\u0131 kadar kesin do\u011frulukta bir bilgi var m\u0131d\u0131r? \u0130lk bak\u0131\u015fta pek de zor g\u00f6r\u00fcnmeyen bu soru, ger\u00e7ekte, sorulabilecek en zor<span class=\"excerpt-hellip\"> [\u2026]<\/span><\/p>\n","protected":false},"featured_media":0,"template":"","meta":{"_monsterinsights_skip_tracking":false,"_monsterinsights_sitenote_active":false,"_monsterinsights_sitenote_note":"","_monsterinsights_sitenote_category":0},"product_brand":[],"product_cat":[12388,13555],"product_tag":[],"class_list":{"0":"post-708644","1":"product","2":"type-product","3":"status-publish","5":"product_cat-felsefe","6":"product_cat-genel-felsefe","7":"pa_cilt-ciltsiz","8":"pa_tur-kitap","9":"pa_yayinevi-say-yayinlari","10":"pa_yazar-bertrand-russell","12":"first","13":"instock","14":"sale","15":"shipping-taxable","16":"purchasable","17":"product-type-simple"},"_links":{"self":[{"href":"https:\/\/roveyayinevi.com.tr\/index.php\/wp-json\/wp\/v2\/product\/708644","targetHints":{"allow":["GET"]}}],"collection":[{"href":"https:\/\/roveyayinevi.com.tr\/index.php\/wp-json\/wp\/v2\/product"}],"about":[{"href":"https:\/\/roveyayinevi.com.tr\/index.php\/wp-json\/wp\/v2\/types\/product"}],"wp:attachment":[{"href":"https:\/\/roveyayinevi.com.tr\/index.php\/wp-json\/wp\/v2\/media?parent=708644"}],"wp:term":[{"taxonomy":"product_brand","embeddable":true,"href":"https:\/\/roveyayinevi.com.tr\/index.php\/wp-json\/wp\/v2\/product_brand?post=708644"},{"taxonomy":"product_cat","embeddable":true,"href":"https:\/\/roveyayinevi.com.tr\/index.php\/wp-json\/wp\/v2\/product_cat?post=708644"},{"taxonomy":"product_tag","embeddable":true,"href":"https:\/\/roveyayinevi.com.tr\/index.php\/wp-json\/wp\/v2\/product_tag?post=708644"}],"curies":[{"name":"wp","href":"https:\/\/api.w.org\/{rel}","templated":true}]}}