{"id":708641,"date":"2025-08-27T16:17:09","date_gmt":"2025-08-27T13:17:09","guid":{"rendered":"https:\/\/roveyayinevi.com.tr\/index.php\/urun\/yeni-bir-erdeme-donusen-sagliga-karsi\/"},"modified":"2026-04-16T02:17:30","modified_gmt":"2026-04-15T23:17:30","slug":"yeni-bir-erdeme-donusen-sagliga-karsi","status":"publish","type":"product","link":"https:\/\/roveyayinevi.com.tr\/index.php\/urun\/yeni-bir-erdeme-donusen-sagliga-karsi\/","title":{"rendered":"Yeni Bir Erdeme D\u00f6n\u00fc\u015fen Sa\u011fl\u0131\u011fa Kar\u015f\u0131"},"content":{"rendered":"<p>Bu sistemde \u2018sa\u011fl\u0131k anormalli\u011fin giderilmesi say\u0131ld\u0131\u011f\u0131 i\u00e7in, insan\u0131n sa\u011fl\u0131kl\u0131 oldu\u011funu anlamas\u0131n\u0131n tek yolu bir m\u00fc\u015fteri olmas\u0131d\u0131r.\u2019 Sa\u011fl\u0131\u011fa ili\u015fkin bu tarz ele\u015ftirilere kafa yormak, bizi bu kitab\u0131n hedefleri a\u00e7\u0131s\u0131ndan kilit \u00f6nemde bir dizi soruya y\u00f6neltir. Sa\u011fl\u0131k konusundaki g\u00fcncel yakla\u015f\u0131mlar ge\u00e7mi\u015fin uzant\u0131lar\u0131 m\u0131d\u0131r, yoksa i\u00e7inde bulundu\u011fumuz biyo-siyaset \u00e7a\u011f\u0131nda devreye giren farkl\u0131 etkenler mi vard\u0131r?   Jonathan M. Metzl ve Anna Kirkland\u2019in haz\u0131rlad\u0131\u011f\u0131 Sa\u011fl\u0131\u011fa Kar\u015f\u0131 g\u00fcn\u00fcm\u00fcz\u00fcn h\u00e2kim sa\u011fl\u0131k anlay\u0131\u015f\u0131na neden kar\u015f\u0131 olmam\u0131z gerekti\u011fine dair etkileyici bir derleme. Sa\u011fl\u0131k, art\u0131k hasta olmamak anlam\u0131na gelmiyor, belli bir bedensel durumu i\u015faret ediyor. Sa\u011fl\u0131k sistemi ideolojik ve ticari bir ara\u00e7 haline gelmi\u015f durumda. Ahlaki yarg\u0131lar\u0131m\u0131z\u0131 sa\u011fl\u0131\u011fa dayand\u0131r\u0131yoruz, \u00fcr\u00fcn satmak, hatta belli gruplar\u0131 sa\u011fl\u0131k hizmetlerinden mahrum b\u0131rakmak i\u00e7in sa\u011fl\u0131\u011f\u0131 kullan\u0131yoruz.   Peki sa\u011fl\u0131\u011fa atfetti\u011fimiz nerdeyse kutsal stat\u00fc, onu her t\u00fcrl\u00fc ele\u015ftiriden nas\u0131l muaf b\u0131rakabildi?   Obeziteden ruh sa\u011fl\u0131\u011f\u0131na ve farmakolojiye var\u0131ncaya dek \u00e7e\u015fitlilik g\u00f6steren bu makaleler, \u2018kamu\u2019 sa\u011fl\u0131\u011f\u0131n\u0131n giderek nas\u0131l ahlaki bir davran\u0131\u015f yarg\u0131s\u0131na d\u00f6n\u00fc\u015ft\u00fc\u011f\u00fcn\u00fc inceliyor.                                  Society Magazine <\/p>\n","protected":false},"excerpt":{"rendered":"<p>Bu sistemde \u2018sa\u011fl\u0131k anormalli\u011fin giderilmesi say\u0131ld\u0131\u011f\u0131 i\u00e7in, insan\u0131n sa\u011fl\u0131kl\u0131 oldu\u011funu anlamas\u0131n\u0131n tek yolu bir m\u00fc\u015fteri olmas\u0131d\u0131r.\u2019 Sa\u011fl\u0131\u011fa ili\u015fkin bu tarz ele\u015ftirilere kafa yormak, bizi bu kitab\u0131n<span class=\"excerpt-hellip\"> [\u2026]<\/span><\/p>\n","protected":false},"featured_media":0,"template":"","meta":{"_monsterinsights_skip_tracking":false,"_monsterinsights_sitenote_active":false,"_monsterinsights_sitenote_note":"","_monsterinsights_sitenote_category":0},"product_brand":[],"product_cat":[16965,13365],"product_tag":[],"class_list":{"0":"post-708641","1":"product","2":"type-product","3":"status-publish","5":"product_cat-genel-saglik-kitaplari","6":"product_cat-saglik","7":"pa_cilt-ciltsiz","8":"pa_tur-kitap","9":"pa_yayinevi-yapi-kredi-yayinlari","10":"pa_yazar-jonathan-m-metzl","12":"first","13":"instock","14":"sale","15":"shipping-taxable","16":"purchasable","17":"product-type-simple"},"_links":{"self":[{"href":"https:\/\/roveyayinevi.com.tr\/index.php\/wp-json\/wp\/v2\/product\/708641","targetHints":{"allow":["GET"]}}],"collection":[{"href":"https:\/\/roveyayinevi.com.tr\/index.php\/wp-json\/wp\/v2\/product"}],"about":[{"href":"https:\/\/roveyayinevi.com.tr\/index.php\/wp-json\/wp\/v2\/types\/product"}],"wp:attachment":[{"href":"https:\/\/roveyayinevi.com.tr\/index.php\/wp-json\/wp\/v2\/media?parent=708641"}],"wp:term":[{"taxonomy":"product_brand","embeddable":true,"href":"https:\/\/roveyayinevi.com.tr\/index.php\/wp-json\/wp\/v2\/product_brand?post=708641"},{"taxonomy":"product_cat","embeddable":true,"href":"https:\/\/roveyayinevi.com.tr\/index.php\/wp-json\/wp\/v2\/product_cat?post=708641"},{"taxonomy":"product_tag","embeddable":true,"href":"https:\/\/roveyayinevi.com.tr\/index.php\/wp-json\/wp\/v2\/product_tag?post=708641"}],"curies":[{"name":"wp","href":"https:\/\/api.w.org\/{rel}","templated":true}]}}