{"id":708639,"date":"2025-08-27T16:17:08","date_gmt":"2025-08-27T13:17:08","guid":{"rendered":"https:\/\/roveyayinevi.com.tr\/index.php\/urun\/liverpool-fc-10-macta-efsanenin-anatomisi\/"},"modified":"2026-04-16T02:17:30","modified_gmt":"2026-04-15T23:17:30","slug":"liverpool-fc-10-macta-efsanenin-anatomisi","status":"publish","type":"product","link":"https:\/\/roveyayinevi.com.tr\/index.php\/urun\/liverpool-fc-10-macta-efsanenin-anatomisi\/","title":{"rendered":"Liverpool FC  10 Ma\u00e7ta Efsanenin Anatomisi"},"content":{"rendered":"<p>Liverpool\u2019u Liverpool Yapan On Tarihi Ma\u00e7   Muhalif bir \u015fehrin, d\u00fcnyaya en b\u00fcy\u00fck arma\u011fanlar\u0131ndan olan Liverpool FC\u2019nin 125 y\u0131ll\u0131k tarihinde pek \u00e7ok ba\u015far\u0131n\u0131n yan\u0131nda b\u00fcy\u00fck hezimetler de var. Futbol konusunda d\u00fcnyan\u0131n \u00f6nde gelen yazarlar\u0131ndan olan Jonathan Wilson da Scott Murray\u2019le birlikte Liverpool FC: 10 Ma\u00e7ta Efsanenin Anatomisi\u2019nde \u201c\u0130stanbul Mucizesi\u201d olarak bilinen 2005 \u015eampiyonlar Ligi finali de d\u00e2hil olmak \u00fczere efsanenin on ma\u00e7\u0131n\u0131n hem hik\u00e2yesini hem de tarihini incelikle anlat\u0131rken Bill Shankly, Bob Paisley, Kenny Dalglish ve Rafa Ben\u00edtez gibi efsane oyuncu ve menajerlerin de sayfa kendilerine yer buluyor.   10 Ma\u00e7ta Efsanenin Anatomisi ne zaferlerin ne de ma\u011flubiyetlerin tek bir \u00e2na ait oldu\u011funu; tarih yaratmak i\u00e7in milyonlarca \u015feyin gerekti\u011fini g\u00f6steren en co\u015fkulu eserlerden. <\/p>\n","protected":false},"excerpt":{"rendered":"<p>Liverpool\u2019u Liverpool Yapan On Tarihi Ma\u00e7 Muhalif bir \u015fehrin, d\u00fcnyaya en b\u00fcy\u00fck arma\u011fanlar\u0131ndan olan Liverpool FC\u2019nin 125 y\u0131ll\u0131k tarihinde pek \u00e7ok ba\u015far\u0131n\u0131n yan\u0131nda b\u00fcy\u00fck hezimetler de<span class=\"excerpt-hellip\"> [\u2026]<\/span><\/p>\n","protected":false},"featured_media":0,"template":"","meta":{"_monsterinsights_skip_tracking":false,"_monsterinsights_sitenote_active":false,"_monsterinsights_sitenote_note":"","_monsterinsights_sitenote_category":0},"product_brand":[],"product_cat":[15563,15564],"product_tag":[],"class_list":{"0":"post-708639","1":"product","2":"type-product","3":"status-publish","5":"product_cat-hobi","6":"product_cat-spor","7":"pa_cilt-ciltsiz","8":"pa_tur-kitap","9":"pa_yayinevi-ithaki-yayinlari","10":"pa_yazar-jonathan-wilson","12":"first","13":"instock","14":"sale","15":"shipping-taxable","16":"purchasable","17":"product-type-simple"},"_links":{"self":[{"href":"https:\/\/roveyayinevi.com.tr\/index.php\/wp-json\/wp\/v2\/product\/708639","targetHints":{"allow":["GET"]}}],"collection":[{"href":"https:\/\/roveyayinevi.com.tr\/index.php\/wp-json\/wp\/v2\/product"}],"about":[{"href":"https:\/\/roveyayinevi.com.tr\/index.php\/wp-json\/wp\/v2\/types\/product"}],"wp:attachment":[{"href":"https:\/\/roveyayinevi.com.tr\/index.php\/wp-json\/wp\/v2\/media?parent=708639"}],"wp:term":[{"taxonomy":"product_brand","embeddable":true,"href":"https:\/\/roveyayinevi.com.tr\/index.php\/wp-json\/wp\/v2\/product_brand?post=708639"},{"taxonomy":"product_cat","embeddable":true,"href":"https:\/\/roveyayinevi.com.tr\/index.php\/wp-json\/wp\/v2\/product_cat?post=708639"},{"taxonomy":"product_tag","embeddable":true,"href":"https:\/\/roveyayinevi.com.tr\/index.php\/wp-json\/wp\/v2\/product_tag?post=708639"}],"curies":[{"name":"wp","href":"https:\/\/api.w.org\/{rel}","templated":true}]}}