{"id":708629,"date":"2025-08-27T16:16:29","date_gmt":"2025-08-27T13:16:29","guid":{"rendered":"https:\/\/roveyayinevi.com.tr\/index.php\/urun\/kibarlar-alemi-kayip-zaman-icinde\/"},"modified":"2026-04-16T02:17:30","modified_gmt":"2026-04-15T23:17:30","slug":"kibarlar-alemi-kayip-zaman-icinde","status":"publish","type":"product","link":"https:\/\/roveyayinevi.com.tr\/index.php\/urun\/kibarlar-alemi-kayip-zaman-icinde\/","title":{"rendered":"Kibarlar Alemi Kay\u0131p Zaman \u0130\u00e7inde"},"content":{"rendered":"<p>Kitab\u0131m&#8230; g\u00f6zl\u00fck\u00e7\u00fcn\u00fcn m\u00fc\u015fterilere sundu\u011fu b\u00fcy\u00fct\u00fcc\u00fc mercekler gibi bir \u015fey olacakt\u0131; okurlara kitab\u0131m sayesinde kendilerini okuma imk\u00e2n\u0131 sa\u011flayacakt\u0131m.   Elinizdeki bu kitap da, Kay\u0131p Zaman\u0131n \u0130zinde\u2019deki en g\u00fczel, en \u00e7arp\u0131c\u0131 sahnelerden se\u00e7meler sunarak, okurlar\u0131n dikkatini bu sahneler \u00fczerine bir kez daha \u00e7ekmek ve onlara hem roman\u0131n sahnelerini yak\u0131ndan okuma hem de \u201ckendilerini okuma\u201d imk\u00e2n\u0131 sa\u011flamak amac\u0131yla haz\u0131rland\u0131. Sahneler de do\u011frudan Proust\u2019un roman-i\u00e7i yorumlar\u0131ndan yararlan\u0131larak adland\u0131r\u0131ld\u0131. <\/p>\n","protected":false},"excerpt":{"rendered":"<p>Kitab\u0131m&#8230; g\u00f6zl\u00fck\u00e7\u00fcn\u00fcn m\u00fc\u015fterilere sundu\u011fu b\u00fcy\u00fct\u00fcc\u00fc mercekler gibi bir \u015fey olacakt\u0131; okurlara kitab\u0131m sayesinde kendilerini okuma imk\u00e2n\u0131 sa\u011flayacakt\u0131m. Elinizdeki bu kitap da, Kay\u0131p Zaman\u0131n \u0130zinde\u2019deki en g\u00fczel,<span class=\"excerpt-hellip\"> [\u2026]<\/span><\/p>\n","protected":false},"featured_media":0,"template":"","meta":{"_monsterinsights_skip_tracking":false,"_monsterinsights_sitenote_active":false,"_monsterinsights_sitenote_note":"","_monsterinsights_sitenote_category":0},"product_brand":[],"product_cat":[12291,12711],"product_tag":[],"class_list":{"0":"post-708629","1":"product","2":"type-product","3":"status-publish","5":"product_cat-edebiyat","6":"product_cat-roman-oyku","7":"pa_cilt-ciltsiz","8":"pa_tur-kitap","9":"pa_yayinevi-yapi-kredi-yayinlari","10":"pa_yazar-marcel-proust","12":"first","13":"instock","14":"sale","15":"shipping-taxable","16":"purchasable","17":"product-type-simple"},"_links":{"self":[{"href":"https:\/\/roveyayinevi.com.tr\/index.php\/wp-json\/wp\/v2\/product\/708629","targetHints":{"allow":["GET"]}}],"collection":[{"href":"https:\/\/roveyayinevi.com.tr\/index.php\/wp-json\/wp\/v2\/product"}],"about":[{"href":"https:\/\/roveyayinevi.com.tr\/index.php\/wp-json\/wp\/v2\/types\/product"}],"wp:attachment":[{"href":"https:\/\/roveyayinevi.com.tr\/index.php\/wp-json\/wp\/v2\/media?parent=708629"}],"wp:term":[{"taxonomy":"product_brand","embeddable":true,"href":"https:\/\/roveyayinevi.com.tr\/index.php\/wp-json\/wp\/v2\/product_brand?post=708629"},{"taxonomy":"product_cat","embeddable":true,"href":"https:\/\/roveyayinevi.com.tr\/index.php\/wp-json\/wp\/v2\/product_cat?post=708629"},{"taxonomy":"product_tag","embeddable":true,"href":"https:\/\/roveyayinevi.com.tr\/index.php\/wp-json\/wp\/v2\/product_tag?post=708629"}],"curies":[{"name":"wp","href":"https:\/\/api.w.org\/{rel}","templated":true}]}}