{"id":708609,"date":"2025-08-27T16:16:19","date_gmt":"2025-08-27T13:16:19","guid":{"rendered":"https:\/\/roveyayinevi.com.tr\/index.php\/urun\/ada-ile-brunik\/"},"modified":"2026-04-16T02:17:29","modified_gmt":"2026-04-15T23:17:29","slug":"ada-ile-brunik","status":"publish","type":"product","link":"https:\/\/roveyayinevi.com.tr\/index.php\/urun\/ada-ile-brunik\/","title":{"rendered":"Ada \u0130le Brunik"},"content":{"rendered":"<p>insan olmay\u0131 yeni ba\u015ftan \u00f6\u011frenmek \u00fczere ya\u015flanaca\u011f\u0131z geyiklerin pe\u015finde, sevi\u015fmelerine hayran     Bir dili konu\u015fup anla\u015fmazdan evvel nas\u0131ld\u0131 insan sesi? Hangi duyguyu, hangi ne\u015feyi, hangi tedirginli\u011fi, hangi ac\u0131y\u0131 nas\u0131l bir sesle \u2013 mutlu bir kahkaha ya da i\u00e7 yaran bir \u00e7\u0131\u011fl\u0131\u011fa tekab\u00fcl eden bir sesle ifade ediyordu? Hayvanla ortak bir d\u00fcnyas\u0131 olan bu yarat\u0131k, sesi nas\u0131l harflere \u00e7evirdi, onlar\u0131 nas\u0131l bir araya getirdi, bu bir araya gelen ses birimlerine nas\u0131l anlam y\u00fckledi? S\u00f6zc\u00fckleri ve d\u00fcnyay\u0131 nas\u0131l yaratt\u0131?   2009 y\u0131l\u0131nda Ya\u015far Kemal\u2019in \u201cg\u00f6rkemli bir yeni \u015fiire temel\u201d olarak nitelendirdi\u011fi Afrika\u2019s\u0131 yay\u0131mlanan Levent Y\u0131lmaz, sekiz y\u0131l sonra \u015fiirin bu temel sorular\u0131na cevap arad\u0131\u011f\u0131 kitab\u0131yla d\u00f6n\u00fcyor: Ada ile Brunik, \u201cAda De\u011fildir\u201d ile yaz\u0131l\u0131\u015f\u0131 uzun bir s\u00fcreye yay\u0131lm\u0131\u015f olan \u201cBrunik Defteri\u201dni bir araya getiriyor. Levent Y\u0131lmaz, bu kitab\u0131nda, \u201cgergin bir yay\u201d ya da \u201ci\u00e7i bo\u015f bir saz\u201d olarak insan\u0131n en eski hik\u00e2yesini, varl\u0131klar\u0131n birbirlerini sevebilme imk\u00e2n\u0131n\u0131, yani a\u015fk\u0131 tekrar, en ba\u015ftan hayal etmeye \u00e7al\u0131\u015f\u0131yor. <\/p>\n","protected":false},"excerpt":{"rendered":"<p>insan olmay\u0131 yeni ba\u015ftan \u00f6\u011frenmek \u00fczere ya\u015flanaca\u011f\u0131z geyiklerin pe\u015finde, sevi\u015fmelerine hayran Bir dili konu\u015fup anla\u015fmazdan evvel nas\u0131ld\u0131 insan sesi? Hangi duyguyu, hangi ne\u015feyi, hangi tedirginli\u011fi, hangi<span class=\"excerpt-hellip\"> [\u2026]<\/span><\/p>\n","protected":false},"featured_media":0,"template":"","meta":{"_monsterinsights_skip_tracking":false,"_monsterinsights_sitenote_active":false,"_monsterinsights_sitenote_note":"","_monsterinsights_sitenote_category":0},"product_brand":[],"product_cat":[12291,12509],"product_tag":[],"class_list":{"0":"post-708609","1":"product","2":"type-product","3":"status-publish","5":"product_cat-edebiyat","6":"product_cat-siir","7":"pa_cilt-ciltsiz","8":"pa_tur-kitap","9":"pa_yayinevi-can-yayinlari","10":"pa_yazar-levent-yilmaz","12":"first","13":"instock","14":"sale","15":"shipping-taxable","16":"purchasable","17":"product-type-simple"},"_links":{"self":[{"href":"https:\/\/roveyayinevi.com.tr\/index.php\/wp-json\/wp\/v2\/product\/708609","targetHints":{"allow":["GET"]}}],"collection":[{"href":"https:\/\/roveyayinevi.com.tr\/index.php\/wp-json\/wp\/v2\/product"}],"about":[{"href":"https:\/\/roveyayinevi.com.tr\/index.php\/wp-json\/wp\/v2\/types\/product"}],"wp:attachment":[{"href":"https:\/\/roveyayinevi.com.tr\/index.php\/wp-json\/wp\/v2\/media?parent=708609"}],"wp:term":[{"taxonomy":"product_brand","embeddable":true,"href":"https:\/\/roveyayinevi.com.tr\/index.php\/wp-json\/wp\/v2\/product_brand?post=708609"},{"taxonomy":"product_cat","embeddable":true,"href":"https:\/\/roveyayinevi.com.tr\/index.php\/wp-json\/wp\/v2\/product_cat?post=708609"},{"taxonomy":"product_tag","embeddable":true,"href":"https:\/\/roveyayinevi.com.tr\/index.php\/wp-json\/wp\/v2\/product_tag?post=708609"}],"curies":[{"name":"wp","href":"https:\/\/api.w.org\/{rel}","templated":true}]}}