{"id":708598,"date":"2025-08-27T16:16:13","date_gmt":"2025-08-27T13:16:13","guid":{"rendered":"https:\/\/roveyayinevi.com.tr\/index.php\/urun\/faul-problemi\/"},"modified":"2026-04-16T02:17:29","modified_gmt":"2026-04-15T23:17:29","slug":"faul-problemi","status":"publish","type":"product","link":"https:\/\/roveyayinevi.com.tr\/index.php\/urun\/faul-problemi\/","title":{"rendered":"Faul Problemi"},"content":{"rendered":"<p>\u201cJohn Feinstein \u2018g\u00fcn\u00fcm\u00fcz Amerika\u2019s\u0131n\u0131n en iyi spor yazar\u0131\u2019 olarak g\u00f6r\u00fcl\u00fcyor ve bu nefes kesen romanda bunu bir kez daha kan\u0131tl\u0131yor.\u201dThe Boston GlobeTerrell, \u00fclkedeki en iyi lise basketbol oyuncular\u0131ndan biridir. Tak\u0131m\u0131n\u0131n \u00fclke \u015fampiyonu olmas\u0131 beklenmektedir. B\u00fct\u00fcn okullar ona burs vermek i\u00e7in s\u0131raya girmi\u015ftir ve herkes \u00f6n\u00fcnde sonunda NBA\u2019de oynayaca\u011f\u0131na kesin g\u00f6zle bakmaktad\u0131r. Ancak, ataca\u011f\u0131 tek bir yanl\u0131\u015f ad\u0131m ona her \u015feyini kaybettirebilir\u2026Okul se\u00e7me d\u00f6nemi geldi\u011fi zaman herkes Terrell\u2019a yak\u0131n davranmaya ba\u015flam\u0131\u015ft\u0131r: ayakkab\u0131 \u015firketleri temsilcileri, yetenek avc\u0131lar\u0131 ve ajanlar. Onu g\u00fczel k\u0131zlar, h\u0131zl\u0131 arabalar ve para ile kand\u0131rmaya \u00e7al\u0131\u015fmaktad\u0131rlar. Hepsi Terrell\u2019a yard\u0131mc\u0131 olmak istedi\u011fini s\u00f6yler ama b\u00f6ylesi yard\u0131mlar Terrell\u2019\u0131n diskalifiye olmas\u0131na neden olabilir. Bu y\u00fczden ligi bitirmek i\u00e7in g\u00f6z\u00fcn\u00fc toptan ay\u0131rmamas\u0131 gerekmektedir.ABD\u2019li spor yazar\u0131 John Feinstein, kolej basketbolunun ard\u0131nda d\u00f6nen b\u00fcy\u00fck paralar\u0131, gizli kapakl\u0131 yap\u0131lan anla\u015fmalar\u0131 bu s\u00fcr\u00fckleyici romanda anlat\u0131yor. <\/p>\n","protected":false},"excerpt":{"rendered":"<p>\u201cJohn Feinstein \u2018g\u00fcn\u00fcm\u00fcz Amerika\u2019s\u0131n\u0131n en iyi spor yazar\u0131\u2019 olarak g\u00f6r\u00fcl\u00fcyor ve bu nefes kesen romanda bunu bir kez daha kan\u0131tl\u0131yor.\u201dThe Boston GlobeTerrell, \u00fclkedeki en iyi lise<span class=\"excerpt-hellip\"> [\u2026]<\/span><\/p>\n","protected":false},"featured_media":0,"template":"","meta":{"_monsterinsights_skip_tracking":false,"_monsterinsights_sitenote_active":false,"_monsterinsights_sitenote_note":"","_monsterinsights_sitenote_category":0},"product_brand":[],"product_cat":[15563,15564],"product_tag":[],"class_list":{"0":"post-708598","1":"product","2":"type-product","3":"status-publish","5":"product_cat-hobi","6":"product_cat-spor","7":"pa_cilt-ciltsiz","8":"pa_tur-kitap","9":"pa_yayinevi-profil-kitap","10":"pa_yazar-john-feinstein","12":"first","13":"instock","14":"sale","15":"shipping-taxable","16":"purchasable","17":"product-type-simple"},"_links":{"self":[{"href":"https:\/\/roveyayinevi.com.tr\/index.php\/wp-json\/wp\/v2\/product\/708598","targetHints":{"allow":["GET"]}}],"collection":[{"href":"https:\/\/roveyayinevi.com.tr\/index.php\/wp-json\/wp\/v2\/product"}],"about":[{"href":"https:\/\/roveyayinevi.com.tr\/index.php\/wp-json\/wp\/v2\/types\/product"}],"wp:attachment":[{"href":"https:\/\/roveyayinevi.com.tr\/index.php\/wp-json\/wp\/v2\/media?parent=708598"}],"wp:term":[{"taxonomy":"product_brand","embeddable":true,"href":"https:\/\/roveyayinevi.com.tr\/index.php\/wp-json\/wp\/v2\/product_brand?post=708598"},{"taxonomy":"product_cat","embeddable":true,"href":"https:\/\/roveyayinevi.com.tr\/index.php\/wp-json\/wp\/v2\/product_cat?post=708598"},{"taxonomy":"product_tag","embeddable":true,"href":"https:\/\/roveyayinevi.com.tr\/index.php\/wp-json\/wp\/v2\/product_tag?post=708598"}],"curies":[{"name":"wp","href":"https:\/\/api.w.org\/{rel}","templated":true}]}}