{"id":708594,"date":"2025-08-27T16:16:11","date_gmt":"2025-08-27T13:16:11","guid":{"rendered":"https:\/\/roveyayinevi.com.tr\/index.php\/urun\/tarih-ders-kitaplarinda-kimlik-soylemi\/"},"modified":"2026-04-16T02:17:29","modified_gmt":"2026-04-15T23:17:29","slug":"tarih-ders-kitaplarinda-kimlik-soylemi","status":"publish","type":"product","link":"https:\/\/roveyayinevi.com.tr\/index.php\/urun\/tarih-ders-kitaplarinda-kimlik-soylemi\/","title":{"rendered":"Tarih Ders Kitaplar\u0131nda Kimlik S\u00f6ylemi"},"content":{"rendered":"<p>Modern d\u00f6nemde e\u011fitimin yayg\u0131n-la\u015fmas\u0131 ve kitlesel boyutlara ula\u015fmas\u0131, siyas\u00ee iktidarlar\u0131n ders kitaplar\u0131na olan ilgisini ortaya \u00e7\u0131karm\u0131\u015ft\u0131r. Toplumsal bilgi, davran\u0131\u015f, inan\u00e7 ve de\u011ferlerin ders kitaplar\u0131 arac\u0131l\u0131\u011f\u0131yla aktar\u0131lmas\u0131yla yeni nesillerde sad\u00e2k\u00e2t, itaat ve aidiyet duygular\u0131 in\u015fa edilmeye \u00e7al\u0131\u015f\u0131lm\u0131\u015ft\u0131r. Ders kitaplar\u0131, siyasi iktidara milyonlarca \u00f6\u011frenciye ula\u015farak toplumsal d\u00fczeni s\u00fcrd\u00fcrmek, k\u00fclt\u00fcrel de\u011ferleri aktarmak ve \u00e7e\u015fitli normlar\u0131 belirlemek i\u00e7in gerek duydu\u011fu me\u015fruiyet zeminini sa\u011flayan \u00f6nemli bir ara\u00e7 niteli\u011fi ta\u015f\u0131r. Genelde k\u00fclt\u00fcr dersleri \u00f6zelde ise tarih dersleriyle vatan, vatanseverlik, ulusu y\u00fcceltme gibi kavramlar aktar\u0131l\u0131rken milliyet\u00e7ilik \u00f6n plana \u00e7\u0131kar\u0131l\u0131r. Tarih ders kitaplar\u0131nda belirli bir etnisiteye ait k\u00fclt\u00fcrel ge\u00e7mi\u015f di\u011ferlerinin ge\u00e7mi\u015finden daha \u00f6nemli g\u00f6r\u00fcl\u00fcr ve merkezde konumlan\u0131r. Bu bak\u0131\u015f a\u00e7\u0131s\u0131yla tarih ders kitaplar\u0131 hak\u00eem etnisitenin ge\u00e7mi\u015fine \u00e7ok b\u00fcy\u00fck \u00f6nem atfeder ve \u00f6tekiyi g\u00f6rmezden gelir. Tercan Y\u0131ld\u0131r\u0131m bu kitab\u0131nda d\u00f6nem d\u00f6nem siyasi iktidarlar\u0131n tarih \u00f6\u011fretimini nas\u0131l ara\u00e7salla\u015ft\u0131r\u0131ld\u0131\u011f\u0131 \u00fczerinde durmu\u015f, T\u00fckiye\u2019de tarih ders kitaplar\u0131 arac\u0131l\u0131\u011f\u0131yla in\u015fa edilmeye \u00e7al\u0131\u015f\u0131lan kimlik s\u00f6ylemini ortaya koymu\u015ftur. <\/p>\n","protected":false},"excerpt":{"rendered":"<p>Modern d\u00f6nemde e\u011fitimin yayg\u0131n-la\u015fmas\u0131 ve kitlesel boyutlara ula\u015fmas\u0131, siyas\u00ee iktidarlar\u0131n ders kitaplar\u0131na olan ilgisini ortaya \u00e7\u0131karm\u0131\u015ft\u0131r. Toplumsal bilgi, davran\u0131\u015f, inan\u00e7 ve de\u011ferlerin ders kitaplar\u0131 arac\u0131l\u0131\u011f\u0131yla aktar\u0131lmas\u0131yla<span class=\"excerpt-hellip\"> [\u2026]<\/span><\/p>\n","protected":false},"featured_media":0,"template":"","meta":{"_monsterinsights_skip_tracking":false,"_monsterinsights_sitenote_active":false,"_monsterinsights_sitenote_note":"","_monsterinsights_sitenote_category":0},"product_brand":[],"product_cat":[12388,14717],"product_tag":[],"class_list":{"0":"post-708594","1":"product","2":"type-product","3":"status-publish","5":"product_cat-felsefe","6":"product_cat-felsefe-tarihi","7":"pa_cilt-ciltsiz","8":"pa_tur-kitap","9":"pa_yayinevi-yeni-insan-yayinlari","10":"pa_yazar-tercan-yildirim","12":"first","13":"instock","14":"sale","15":"shipping-taxable","16":"purchasable","17":"product-type-simple"},"_links":{"self":[{"href":"https:\/\/roveyayinevi.com.tr\/index.php\/wp-json\/wp\/v2\/product\/708594","targetHints":{"allow":["GET"]}}],"collection":[{"href":"https:\/\/roveyayinevi.com.tr\/index.php\/wp-json\/wp\/v2\/product"}],"about":[{"href":"https:\/\/roveyayinevi.com.tr\/index.php\/wp-json\/wp\/v2\/types\/product"}],"wp:attachment":[{"href":"https:\/\/roveyayinevi.com.tr\/index.php\/wp-json\/wp\/v2\/media?parent=708594"}],"wp:term":[{"taxonomy":"product_brand","embeddable":true,"href":"https:\/\/roveyayinevi.com.tr\/index.php\/wp-json\/wp\/v2\/product_brand?post=708594"},{"taxonomy":"product_cat","embeddable":true,"href":"https:\/\/roveyayinevi.com.tr\/index.php\/wp-json\/wp\/v2\/product_cat?post=708594"},{"taxonomy":"product_tag","embeddable":true,"href":"https:\/\/roveyayinevi.com.tr\/index.php\/wp-json\/wp\/v2\/product_tag?post=708594"}],"curies":[{"name":"wp","href":"https:\/\/api.w.org\/{rel}","templated":true}]}}