{"id":708589,"date":"2025-08-27T16:16:09","date_gmt":"2025-08-27T13:16:09","guid":{"rendered":"https:\/\/roveyayinevi.com.tr\/index.php\/urun\/findikistan\/"},"modified":"2026-04-16T02:17:29","modified_gmt":"2026-04-15T23:17:29","slug":"findikistan","status":"publish","type":"product","link":"https:\/\/roveyayinevi.com.tr\/index.php\/urun\/findikistan\/","title":{"rendered":"F\u0131nd\u0131kistan"},"content":{"rendered":"<p>Benim ad\u0131m F\u0131nd\u0131k. Ben bir sincab\u0131m. \u00d6n di\u015fleri ayr\u0131k bir sincap. K\u00fc\u00e7\u00fckken bu d\u00fcnyada en \u00e7ok sevdi\u011fim \u015fey cevizdi! Zaten di\u015flerim de ceviz yemeye \u00e7al\u0131\u015f\u0131rken k\u0131r\u0131ld\u0131 ve b\u00f6yle oldu. Sak\u0131n bu y\u00fczden yaramaz oldu\u011fumu d\u00fc\u015f\u00fcnmeyin. Asl\u0131nda k\u00fc\u00e7\u00fckken \u00e7ok uslu bir sincap oldu\u011fum bile s\u00f6ylenebilir. Bana inanm\u0131yorsan\u0131z, anneanneme sorabilirsiniz. Beni bu d\u00fcnyada en iyi tan\u0131yan o, \u00e7\u00fcnk\u00fc ben anneannemle birlikte b\u00fcy\u00fcd\u00fcm. Hem de \u0130stanbul\u2019da, Dolmabah\u00e7e Saray\u0131\u2019n\u0131n bah\u00e7esindeki bir a\u011fa\u00e7ta! <\/p>\n","protected":false},"excerpt":{"rendered":"<p>Benim ad\u0131m F\u0131nd\u0131k. Ben bir sincab\u0131m. \u00d6n di\u015fleri ayr\u0131k bir sincap. K\u00fc\u00e7\u00fckken bu d\u00fcnyada en \u00e7ok sevdi\u011fim \u015fey cevizdi! Zaten di\u015flerim de ceviz yemeye \u00e7al\u0131\u015f\u0131rken k\u0131r\u0131ld\u0131<span class=\"excerpt-hellip\"> [\u2026]<\/span><\/p>\n","protected":false},"featured_media":0,"template":"","meta":{"_monsterinsights_skip_tracking":false,"_monsterinsights_sitenote_active":false,"_monsterinsights_sitenote_note":"","_monsterinsights_sitenote_category":0},"product_brand":[],"product_cat":[12275,12274],"product_tag":[],"class_list":{"0":"post-708589","1":"product","2":"type-product","3":"status-publish","5":"product_cat-6-12-yas-kitaplari","6":"product_cat-cocuk-ve-genclik-kitaplari","7":"pa_cilt-ciltsiz","8":"pa_tur-kitap","9":"pa_yayinevi-kirmizi-kedi-yayinevi","10":"pa_yazar-nazli-deniz-guler","12":"first","13":"instock","14":"sale","15":"shipping-taxable","16":"purchasable","17":"product-type-simple"},"_links":{"self":[{"href":"https:\/\/roveyayinevi.com.tr\/index.php\/wp-json\/wp\/v2\/product\/708589","targetHints":{"allow":["GET"]}}],"collection":[{"href":"https:\/\/roveyayinevi.com.tr\/index.php\/wp-json\/wp\/v2\/product"}],"about":[{"href":"https:\/\/roveyayinevi.com.tr\/index.php\/wp-json\/wp\/v2\/types\/product"}],"wp:attachment":[{"href":"https:\/\/roveyayinevi.com.tr\/index.php\/wp-json\/wp\/v2\/media?parent=708589"}],"wp:term":[{"taxonomy":"product_brand","embeddable":true,"href":"https:\/\/roveyayinevi.com.tr\/index.php\/wp-json\/wp\/v2\/product_brand?post=708589"},{"taxonomy":"product_cat","embeddable":true,"href":"https:\/\/roveyayinevi.com.tr\/index.php\/wp-json\/wp\/v2\/product_cat?post=708589"},{"taxonomy":"product_tag","embeddable":true,"href":"https:\/\/roveyayinevi.com.tr\/index.php\/wp-json\/wp\/v2\/product_tag?post=708589"}],"curies":[{"name":"wp","href":"https:\/\/api.w.org\/{rel}","templated":true}]}}