{"id":708578,"date":"2025-08-27T16:16:03","date_gmt":"2025-08-27T13:16:03","guid":{"rendered":"https:\/\/roveyayinevi.com.tr\/index.php\/urun\/bir-devrin-son-sultani-2-abdulhamid\/"},"modified":"2026-04-16T02:17:29","modified_gmt":"2026-04-15T23:17:29","slug":"bir-devrin-son-sultani-2-abdulhamid","status":"publish","type":"product","link":"https:\/\/roveyayinevi.com.tr\/index.php\/urun\/bir-devrin-son-sultani-2-abdulhamid\/","title":{"rendered":"Bir Devrin Son Sultan\u0131 2. Abd\u00fclhamid"},"content":{"rendered":"<p>\u00dc\u00e7 k\u0131tan\u0131n son h\u00fck\u00fcmdar\u0131 Sultan 2. Abd\u00fclhamid. Otuz d\u00f6rd\u00fcnc\u00fc Osmanl\u0131 padi\u015fah\u0131. Sultan Hamid \u00fclkenin \u00e7ok zor d\u00f6nemlerden ge\u00e7ti\u011fi bir s\u00fcre\u00e7te devlet ba\u015fkanl\u0131\u011f\u0131 yapt\u0131. Bu s\u00fcre i\u00e7inde \u00fclkeyi ayakta tutma \u00e7abas\u0131 verdi. 33 y\u0131ll\u0131k bir iktidardan sonra tahttan indirildi. Kendisinden sonra gelen padi\u015fahlar\u0131n \u00fclke y\u00f6netiminde her hangi bir etkinliklerinin olmad\u0131\u011f\u0131 g\u00f6z \u00f6n\u00fcnde bulundurulursa, 2. Abd\u00fclhamid Osmanl\u0131lar\u0131n son ve ger\u00e7ek \u0130mparatoru idi. Sultan Hamid devleti idare ederken keyfi hareket etmez, bir\u00e7ok konuda uzmanlar\u0131n g\u00f6r\u00fc\u015f\u00fcn\u00fc al\u0131r, son karar\u0131 kendisi verirdi. Bu ba\u011flamda, 2. Abd\u00fclhamid idaresi asl\u0131nda merkezi y\u00f6netimin g\u00fc\u00e7l\u00fc oldu\u011fu bir nevi \u201cBa\u015fkanl\u0131k Sistemi\u201d gibi i\u015fliyordu ve bu durum ba\u015fl\u0131 ba\u015f\u0131na \u00f6nemliydi. \u00c7\u00fcnk\u00fc geni\u015f bir co\u011frafyaya yay\u0131lm\u0131\u015f olan devleti ayakta tutabilmesi buna ba\u011fl\u0131yd\u0131. Bu kitap Sultan 2. Abd\u00fclhamid\u2019i ger\u00e7ek anlamda tan\u0131tmay\u0131 hedeflemektedir. Do\u011fumundan \u00f6l\u00fcm\u00fcne kadar yapt\u0131\u011f\u0131 icraatlar\u0131, hayata bak\u0131\u015f\u0131n\u0131, d\u00fc\u015f\u00fcnce d\u00fcnyas\u0131n\u0131, insani ve ailevi ili\u015fkilerini, devlet ba\u015fkanl\u0131\u011f\u0131 yan\u0131nda g\u00fcndelik hayattaki me\u015fguliyetlerini merak edenler arad\u0131klar\u0131n\u0131 bu kitapta bulacaklard\u0131r.<\/p>\n","protected":false},"excerpt":{"rendered":"<p>\u00dc\u00e7 k\u0131tan\u0131n son h\u00fck\u00fcmdar\u0131 Sultan 2. Abd\u00fclhamid. Otuz d\u00f6rd\u00fcnc\u00fc Osmanl\u0131 padi\u015fah\u0131. Sultan Hamid \u00fclkenin \u00e7ok zor d\u00f6nemlerden ge\u00e7ti\u011fi bir s\u00fcre\u00e7te devlet ba\u015fkanl\u0131\u011f\u0131 yapt\u0131. Bu s\u00fcre i\u00e7inde<span class=\"excerpt-hellip\"> [\u2026]<\/span><\/p>\n","protected":false},"featured_media":0,"template":"","meta":{"_monsterinsights_skip_tracking":false,"_monsterinsights_sitenote_active":false,"_monsterinsights_sitenote_note":"","_monsterinsights_sitenote_category":0},"product_brand":[],"product_cat":[12370,12304],"product_tag":[],"class_list":{"0":"post-708578","1":"product","2":"type-product","3":"status-publish","5":"product_cat-arastirma-inceleme","6":"product_cat-tarih","7":"pa_cilt-ciltsiz","8":"pa_tur-kitap","9":"pa_yayinevi-yeditepe-yayinevi","10":"pa_yazar-vahdettin-engin","12":"first","13":"instock","14":"sale","15":"shipping-taxable","16":"purchasable","17":"product-type-simple"},"_links":{"self":[{"href":"https:\/\/roveyayinevi.com.tr\/index.php\/wp-json\/wp\/v2\/product\/708578","targetHints":{"allow":["GET"]}}],"collection":[{"href":"https:\/\/roveyayinevi.com.tr\/index.php\/wp-json\/wp\/v2\/product"}],"about":[{"href":"https:\/\/roveyayinevi.com.tr\/index.php\/wp-json\/wp\/v2\/types\/product"}],"wp:attachment":[{"href":"https:\/\/roveyayinevi.com.tr\/index.php\/wp-json\/wp\/v2\/media?parent=708578"}],"wp:term":[{"taxonomy":"product_brand","embeddable":true,"href":"https:\/\/roveyayinevi.com.tr\/index.php\/wp-json\/wp\/v2\/product_brand?post=708578"},{"taxonomy":"product_cat","embeddable":true,"href":"https:\/\/roveyayinevi.com.tr\/index.php\/wp-json\/wp\/v2\/product_cat?post=708578"},{"taxonomy":"product_tag","embeddable":true,"href":"https:\/\/roveyayinevi.com.tr\/index.php\/wp-json\/wp\/v2\/product_tag?post=708578"}],"curies":[{"name":"wp","href":"https:\/\/api.w.org\/{rel}","templated":true}]}}