{"id":708560,"date":"2025-08-27T16:15:54","date_gmt":"2025-08-27T13:15:54","guid":{"rendered":"https:\/\/roveyayinevi.com.tr\/index.php\/urun\/eyvah-annem-matematik-ogretmeni-gurosun-gunlugu\/"},"modified":"2026-04-16T02:17:28","modified_gmt":"2026-04-15T23:17:28","slug":"eyvah-annem-matematik-ogretmeni-gurosun-gunlugu","status":"publish","type":"product","link":"https:\/\/roveyayinevi.com.tr\/index.php\/urun\/eyvah-annem-matematik-ogretmeni-gurosun-gunlugu\/","title":{"rendered":"Eyvah Annem Matematik \u00d6\u011fretmeni G\u00fcro\u015f&#8217;un G\u00fcnl\u00fc\u011f\u00fc"},"content":{"rendered":"<p>G\u00fcro\u015f, annesinin matematik \u00f6\u011fretmeni oldu\u011funu arkada\u015flar\u0131na bile s\u00f6ylemezdi. Matematik hakk\u0131nda ne hissetti\u011fine bir t\u00fcrl\u00fc karar verememi\u015fti. Annesi matemati\u011fin \u00e7ok e\u011flenceli oldu\u011funu s\u00f6yl\u00fcyordu, G\u00fcro\u015f ise bu konuda \u00e7ok endi\u015feliydi. Sonunda annesi matemati\u011fin e\u011flenceli y\u00f6nlerini g\u00f6stermek i\u00e7in harekete ge\u00e7ti ve i\u015fe nefis bir pasta yaparak ba\u015flad\u0131&#8230; <\/p>\n","protected":false},"excerpt":{"rendered":"<p>G\u00fcro\u015f, annesinin matematik \u00f6\u011fretmeni oldu\u011funu arkada\u015flar\u0131na bile s\u00f6ylemezdi. Matematik hakk\u0131nda ne hissetti\u011fine bir t\u00fcrl\u00fc karar verememi\u015fti. Annesi matemati\u011fin \u00e7ok e\u011flenceli oldu\u011funu s\u00f6yl\u00fcyordu, G\u00fcro\u015f ise bu konuda<span class=\"excerpt-hellip\"> [\u2026]<\/span><\/p>\n","protected":false},"featured_media":0,"template":"","meta":{"_monsterinsights_skip_tracking":false,"_monsterinsights_sitenote_active":false,"_monsterinsights_sitenote_note":"","_monsterinsights_sitenote_category":0},"product_brand":[],"product_cat":[12275,12274],"product_tag":[],"class_list":{"0":"post-708560","1":"product","2":"type-product","3":"status-publish","5":"product_cat-6-12-yas-kitaplari","6":"product_cat-cocuk-ve-genclik-kitaplari","7":"pa_cilt-ciltsiz","8":"pa_tur-kitap","9":"pa_yayinevi-is-bankasi-kultur-yayinlari","10":"pa_yazar-oguz-saracoglu","12":"first","13":"instock","14":"sale","15":"shipping-taxable","16":"purchasable","17":"product-type-simple"},"_links":{"self":[{"href":"https:\/\/roveyayinevi.com.tr\/index.php\/wp-json\/wp\/v2\/product\/708560","targetHints":{"allow":["GET"]}}],"collection":[{"href":"https:\/\/roveyayinevi.com.tr\/index.php\/wp-json\/wp\/v2\/product"}],"about":[{"href":"https:\/\/roveyayinevi.com.tr\/index.php\/wp-json\/wp\/v2\/types\/product"}],"wp:attachment":[{"href":"https:\/\/roveyayinevi.com.tr\/index.php\/wp-json\/wp\/v2\/media?parent=708560"}],"wp:term":[{"taxonomy":"product_brand","embeddable":true,"href":"https:\/\/roveyayinevi.com.tr\/index.php\/wp-json\/wp\/v2\/product_brand?post=708560"},{"taxonomy":"product_cat","embeddable":true,"href":"https:\/\/roveyayinevi.com.tr\/index.php\/wp-json\/wp\/v2\/product_cat?post=708560"},{"taxonomy":"product_tag","embeddable":true,"href":"https:\/\/roveyayinevi.com.tr\/index.php\/wp-json\/wp\/v2\/product_tag?post=708560"}],"curies":[{"name":"wp","href":"https:\/\/api.w.org\/{rel}","templated":true}]}}