{"id":708553,"date":"2025-08-27T16:15:50","date_gmt":"2025-08-27T13:15:50","guid":{"rendered":"https:\/\/roveyayinevi.com.tr\/index.php\/urun\/ayakta-durmak-istiyorum\/"},"modified":"2026-04-16T02:17:28","modified_gmt":"2026-04-15T23:17:28","slug":"ayakta-durmak-istiyorum","status":"publish","type":"product","link":"https:\/\/roveyayinevi.com.tr\/index.php\/urun\/ayakta-durmak-istiyorum\/","title":{"rendered":"Ayakta Durmak \u0130stiyorum"},"content":{"rendered":"<p>Bu piyesi, soylu Macar milletinin 1956 y\u0131l\u0131nda h\u00fcrriyet ve ba\u011f\u0131ms\u0131zl\u0131\u011f\u0131n\u0131 geri almak i\u00e7in giri\u015fti\u011fi destanl\u0131k sava\u015fta vah\u015f\u00eece, gaddarca, kalle\u015fce \u00f6ld\u00fcr\u00fclen kad\u0131n, erkek, gen\u00e7, ihtiyar, \u00fcniversiteli, i\u015f\u00e7i, ayd\u0131n, onbinlerce insan\u0131n aziz ve y\u00fcksek h\u00e2t\u0131ralar\u0131na sunuyorum. Onlar h\u00fcrriyete, ba\u011f\u0131ms\u0131zl\u0131\u011fa, bir kelime ile mutlulu\u011fa en az bizim kadar l\u00e2y\u0131kt\u0131lar; o g\u00fcn bug\u00fcn ya\u015fayanlar kadar&#8230; Tar\u0131k Bu\u011fra <\/p>\n","protected":false},"excerpt":{"rendered":"<p>Bu piyesi, soylu Macar milletinin 1956 y\u0131l\u0131nda h\u00fcrriyet ve ba\u011f\u0131ms\u0131zl\u0131\u011f\u0131n\u0131 geri almak i\u00e7in giri\u015fti\u011fi destanl\u0131k sava\u015fta vah\u015f\u00eece, gaddarca, kalle\u015fce \u00f6ld\u00fcr\u00fclen kad\u0131n, erkek, gen\u00e7, ihtiyar, \u00fcniversiteli, i\u015f\u00e7i,<span class=\"excerpt-hellip\"> [\u2026]<\/span><\/p>\n","protected":false},"featured_media":0,"template":"","meta":{"_monsterinsights_skip_tracking":false,"_monsterinsights_sitenote_active":false,"_monsterinsights_sitenote_note":"","_monsterinsights_sitenote_category":0},"product_brand":[],"product_cat":[12291,15566],"product_tag":[],"class_list":{"0":"post-708553","1":"product","2":"type-product","3":"status-publish","5":"product_cat-edebiyat","6":"product_cat-oyun","7":"pa_cilt-ciltsiz","8":"pa_tur-kitap","9":"pa_yayinevi-otuken-nesriyat","10":"pa_yazar-tarik-bugra","12":"first","13":"instock","14":"sale","15":"shipping-taxable","16":"purchasable","17":"product-type-simple"},"_links":{"self":[{"href":"https:\/\/roveyayinevi.com.tr\/index.php\/wp-json\/wp\/v2\/product\/708553","targetHints":{"allow":["GET"]}}],"collection":[{"href":"https:\/\/roveyayinevi.com.tr\/index.php\/wp-json\/wp\/v2\/product"}],"about":[{"href":"https:\/\/roveyayinevi.com.tr\/index.php\/wp-json\/wp\/v2\/types\/product"}],"wp:attachment":[{"href":"https:\/\/roveyayinevi.com.tr\/index.php\/wp-json\/wp\/v2\/media?parent=708553"}],"wp:term":[{"taxonomy":"product_brand","embeddable":true,"href":"https:\/\/roveyayinevi.com.tr\/index.php\/wp-json\/wp\/v2\/product_brand?post=708553"},{"taxonomy":"product_cat","embeddable":true,"href":"https:\/\/roveyayinevi.com.tr\/index.php\/wp-json\/wp\/v2\/product_cat?post=708553"},{"taxonomy":"product_tag","embeddable":true,"href":"https:\/\/roveyayinevi.com.tr\/index.php\/wp-json\/wp\/v2\/product_tag?post=708553"}],"curies":[{"name":"wp","href":"https:\/\/api.w.org\/{rel}","templated":true}]}}