{"id":708552,"date":"2025-08-27T16:15:50","date_gmt":"2025-08-27T13:15:50","guid":{"rendered":"https:\/\/roveyayinevi.com.tr\/index.php\/urun\/atillanin-kalkani\/"},"modified":"2026-04-16T02:17:28","modified_gmt":"2026-04-15T23:17:28","slug":"atillanin-kalkani","status":"publish","type":"product","link":"https:\/\/roveyayinevi.com.tr\/index.php\/urun\/atillanin-kalkani\/","title":{"rendered":"Atilla&#8217;n\u0131n Kalkan\u0131"},"content":{"rendered":"<p>Daha \u00f6nce kaleme ald\u0131\u011f\u0131 \u201c\u015ear Da\u011f\u0131n\u0131n Kurtlar\u0131\u201d, \u201cArgos Kalesi\u201d, \u201cK\u0131z\u0131l At\u0131n S\u00fcvarisi\u201d, \u201cBalkan \u015eahini\u201d ve \u201cOtranto 1480\u201d romanlar\u0131yla Osmanl\u0131 Devleti d\u00f6nemindeki ak\u0131nc\u0131 beylerinin Balkanlardaki maceralar\u0131n\u0131 anlatan Hasan Erdem, bu sefer Do\u011fu Avrupa\u2019da h\u00e2kimiyet kuran ve Avrupa\u2019n\u0131n neredeyse tamam\u0131n\u0131 n\u00fcfuzu alt\u0131na alan T\u00fcrklerin b\u00fcy\u00fck ba\u015fbu\u011fu Atilla\u2019y\u0131 ve onun korkusuz Hun sava\u015f\u00e7\u0131lar\u0131n\u0131 ele al\u0131yor. 370 y\u0131l\u0131nda Balamir komutas\u0131nda Asya bozk\u0131rlar\u0131ndan bat\u0131ya do\u011fru yola \u00e7\u0131kan Hun T\u00fcrkleri y\u00fcksek h\u0131zlar\u0131 ve \u00fcst\u00fcn sava\u015f taktikleri ile \u00f6nlerine \u00e7\u0131kan kavimleri egemenlikleri alt\u0131na alarak yollar\u0131na devam ettiler ve Volga Nehri\u2019ni ge\u00e7tikten sonra Karpatlar ve Tuna aras\u0131nda kalan b\u00f6lgeye yerle\u015ftiler. C\u00fcssesi ve korkusuzlu\u011fu ile di\u011fer Hun sava\u015f\u00e7\u0131lar\u0131ndan ayr\u0131lan ve bu y\u00fczden Atilla\u2019n\u0131n Kalkan\u0131 olarak bilinen kahraman Suptar ve onun evlatl\u0131\u011f\u0131 Ottigin\u2019i merkeze alan romanda, Atilla\u2019n\u0131n tahta \u00e7\u0131k\u0131\u015f\u0131ndan itibaren Hun T\u00fcrklerinin bilhassa Romal\u0131lar ile giri\u015ftikleri kanl\u0131 m\u00fccadeleleri bulacaks\u0131n\u0131z. <\/p>\n","protected":false},"excerpt":{"rendered":"<p>Daha \u00f6nce kaleme ald\u0131\u011f\u0131 \u201c\u015ear Da\u011f\u0131n\u0131n Kurtlar\u0131\u201d, \u201cArgos Kalesi\u201d, \u201cK\u0131z\u0131l At\u0131n S\u00fcvarisi\u201d, \u201cBalkan \u015eahini\u201d ve \u201cOtranto 1480\u201d romanlar\u0131yla Osmanl\u0131 Devleti d\u00f6nemindeki ak\u0131nc\u0131 beylerinin Balkanlardaki maceralar\u0131n\u0131 anlatan<span class=\"excerpt-hellip\"> [\u2026]<\/span><\/p>\n","protected":false},"featured_media":0,"template":"","meta":{"_monsterinsights_skip_tracking":false,"_monsterinsights_sitenote_active":false,"_monsterinsights_sitenote_note":"","_monsterinsights_sitenote_category":0},"product_brand":[],"product_cat":[12291,12745],"product_tag":[],"class_list":{"0":"post-708552","1":"product","2":"type-product","3":"status-publish","5":"product_cat-edebiyat","6":"product_cat-tarihi-roman","7":"pa_cilt-ciltsiz","8":"pa_tur-kitap","9":"pa_yayinevi-otuken-nesriyat","10":"pa_yazar-hasan-erdem","12":"first","13":"instock","14":"sale","15":"shipping-taxable","16":"purchasable","17":"product-type-simple"},"_links":{"self":[{"href":"https:\/\/roveyayinevi.com.tr\/index.php\/wp-json\/wp\/v2\/product\/708552","targetHints":{"allow":["GET"]}}],"collection":[{"href":"https:\/\/roveyayinevi.com.tr\/index.php\/wp-json\/wp\/v2\/product"}],"about":[{"href":"https:\/\/roveyayinevi.com.tr\/index.php\/wp-json\/wp\/v2\/types\/product"}],"wp:attachment":[{"href":"https:\/\/roveyayinevi.com.tr\/index.php\/wp-json\/wp\/v2\/media?parent=708552"}],"wp:term":[{"taxonomy":"product_brand","embeddable":true,"href":"https:\/\/roveyayinevi.com.tr\/index.php\/wp-json\/wp\/v2\/product_brand?post=708552"},{"taxonomy":"product_cat","embeddable":true,"href":"https:\/\/roveyayinevi.com.tr\/index.php\/wp-json\/wp\/v2\/product_cat?post=708552"},{"taxonomy":"product_tag","embeddable":true,"href":"https:\/\/roveyayinevi.com.tr\/index.php\/wp-json\/wp\/v2\/product_tag?post=708552"}],"curies":[{"name":"wp","href":"https:\/\/api.w.org\/{rel}","templated":true}]}}