{"id":708514,"date":"2025-08-27T16:15:30","date_gmt":"2025-08-27T13:15:30","guid":{"rendered":"https:\/\/roveyayinevi.com.tr\/index.php\/urun\/bitirim-ikili-baltagirmez-ormaninda\/"},"modified":"2026-04-03T02:22:29","modified_gmt":"2026-04-02T23:22:29","slug":"bitirim-ikili-baltagirmez-ormaninda","status":"publish","type":"product","link":"https:\/\/roveyayinevi.com.tr\/index.php\/urun\/bitirim-ikili-baltagirmez-ormaninda\/","title":{"rendered":"Bitirim \u0130kili Baltagirmez Orman\u0131nda"},"content":{"rendered":"<p>&#8220;Merhaba, benim ad\u0131m Avni. Yani tam olarak s\u00f6ylemek gerekirse Avni U\u00e7uk&#8230; Bir de arkada\u015f\u0131m var onun ad\u0131 Nuri Ka\u00e7\u0131k&#8230; Biz \u00e7ok \u00f6nemli, \u00e7ok gizli bir te\u015fkilat\u0131n \u00e7ok \u00e7ok \u00e7ok gizli \u00fcyeleriyiz.  Ba\u011fl\u0131 oldu\u011fumuz gizli te\u015fkilat\u0131n ad\u0131 &#8220;K\u00f6t\u00fclerle ve Felaketlerle M\u00fccadele Te\u015fkilat\u0131.&#8221; K\u0131saltmas\u0131: K\u00d6FTE  Tamam, g\u00fclmeyin. Heyy! Size s\u00f6yl\u00fcyorum! Buradan g\u00fcl\u00fc\u015fmelerinizi duyabiliyorum. K\u00f6fte diye te\u015fkilat m\u0131 olur, demeyin. Oluyor i\u015fte. Ben de tam olarak anlam\u0131\u015f de\u011filim. Zaten kime anlatt\u0131ysak  inand\u0131ramad\u0131k. Bari siz inan\u0131n diye de ya\u015fad\u0131klar\u0131m\u0131z\u0131 kitap haline getirelim, dedik. Ba\u015f\u0131m\u0131zdan ge\u00e7enleri herkes \u00f6\u011frensin istedik\u2026   Size \u015fimdilik sadece \u015fu kadar\u0131n\u0131 s\u00f6yleyebilirim. Anlatt\u0131klar\u0131m\u0131z\u0131n hepsi ger\u00e7ek! \u015e\u015feyy, asl\u0131nda sadece bir k\u0131sm\u0131 desek, daha do\u011fru olur&#8230; &#8221; Avni&#8217;yi duydunuz&#8230;  U\u00e7uk ka\u00e7\u0131k iki arkada\u015f\u0131n k\u00f6t\u00fclerle ve felaketlerle m\u00fccadelesinde s\u00fcr\u00fcklenmek istiyor musunuz?  O h\u00e2lde haz\u0131r olun! Aksiyon, gerilim, biraz korku ve tabii ki \u00e7ok \u00e7ok \u00e7ok komedi ve e\u011flence sizi bekliyor!<\/p>\n","protected":false},"excerpt":{"rendered":"<p>&#8220;Merhaba, benim ad\u0131m Avni. Yani tam olarak s\u00f6ylemek gerekirse Avni U\u00e7uk&#8230; Bir de arkada\u015f\u0131m var onun ad\u0131 Nuri Ka\u00e7\u0131k&#8230; Biz \u00e7ok \u00f6nemli, \u00e7ok gizli bir te\u015fkilat\u0131n<span class=\"excerpt-hellip\"> [\u2026]<\/span><\/p>\n","protected":false},"featured_media":0,"template":"","meta":{"_monsterinsights_skip_tracking":false,"_monsterinsights_sitenote_active":false,"_monsterinsights_sitenote_note":"","_monsterinsights_sitenote_category":0},"product_brand":[],"product_cat":[12275,12274],"product_tag":[],"class_list":{"0":"post-708514","1":"product","2":"type-product","3":"status-publish","5":"product_cat-6-12-yas-kitaplari","6":"product_cat-cocuk-ve-genclik-kitaplari","7":"pa_cilt-ciltsiz","8":"pa_tur-kitap","9":"pa_yayinevi-timas-cocuk","10":"pa_yazar-mustafa-orakci","12":"first","13":"instock","14":"sale","15":"shipping-taxable","16":"purchasable","17":"product-type-simple"},"_links":{"self":[{"href":"https:\/\/roveyayinevi.com.tr\/index.php\/wp-json\/wp\/v2\/product\/708514","targetHints":{"allow":["GET"]}}],"collection":[{"href":"https:\/\/roveyayinevi.com.tr\/index.php\/wp-json\/wp\/v2\/product"}],"about":[{"href":"https:\/\/roveyayinevi.com.tr\/index.php\/wp-json\/wp\/v2\/types\/product"}],"wp:attachment":[{"href":"https:\/\/roveyayinevi.com.tr\/index.php\/wp-json\/wp\/v2\/media?parent=708514"}],"wp:term":[{"taxonomy":"product_brand","embeddable":true,"href":"https:\/\/roveyayinevi.com.tr\/index.php\/wp-json\/wp\/v2\/product_brand?post=708514"},{"taxonomy":"product_cat","embeddable":true,"href":"https:\/\/roveyayinevi.com.tr\/index.php\/wp-json\/wp\/v2\/product_cat?post=708514"},{"taxonomy":"product_tag","embeddable":true,"href":"https:\/\/roveyayinevi.com.tr\/index.php\/wp-json\/wp\/v2\/product_tag?post=708514"}],"curies":[{"name":"wp","href":"https:\/\/api.w.org\/{rel}","templated":true}]}}