{"id":708512,"date":"2025-08-27T16:15:29","date_gmt":"2025-08-27T13:15:29","guid":{"rendered":"https:\/\/roveyayinevi.com.tr\/index.php\/urun\/erkenlik-operasyonu-cemcan\/"},"modified":"2025-11-22T04:05:47","modified_gmt":"2025-11-22T01:05:47","slug":"erkenlik-operasyonu-cemcan","status":"publish","type":"product","link":"https:\/\/roveyayinevi.com.tr\/index.php\/urun\/erkenlik-operasyonu-cemcan\/","title":{"rendered":"Erkenlik Operasyonu- Cemcan"},"content":{"rendered":"<p>Ben b\u00fcy\u00fcye filan inanmam, ama \u015furas\u0131 kesin ki G\u00fcrgen a\u011fabeye biri b\u00fcy\u00fc gibi bir \u015fey yapm\u0131\u015f! Her zaman bana bir \u015feyler \u00f6\u011fretmeye \u00e7al\u0131\u015fan idol\u00fcm gitmi\u015f, yerine son derece tuhaf biri gelmi\u015f. Hele bir de o da\u011f\u0131n\u0131k ve pis kokan odas\u0131n\u0131 g\u00f6rseniz! G\u00fcrgen a\u011fabeyi bu hale getiren o k\u00f6t\u00fc \u201cerkenlik\u201d kul\u00fcb\u00fcnden bir an \u00f6nce kurtarmam \u015fart. Planlar, planlar, planlar! Tabii bir de \u015fu s\u00fcnnet i\u015fini halletmem gerekiyor\u2026 O koskocaman \u201cMa\u015fallah\u201d yaz\u0131s\u0131n\u0131 takmak zorunda m\u0131y\u0131m ger\u00e7ekten? D\u00fc\u011f\u00fcn dernek yapmasak olmaz m\u0131? Ne kaybederim yani d\u00fc\u011f\u00fcn olmasa\u2026 Hmm, belki de kazan\u00e7l\u0131 bile \u00e7\u0131kabilirim bu s\u00fcnnet d\u00fc\u011f\u00fcn\u00fcnden. Neden olmas\u0131n, olsun \u00e7\u00fcnk\u00fc l\u00fctfen!<\/p>\n","protected":false},"excerpt":{"rendered":"<p>Ben b\u00fcy\u00fcye filan inanmam, ama \u015furas\u0131 kesin ki G\u00fcrgen a\u011fabeye biri b\u00fcy\u00fc gibi bir \u015fey yapm\u0131\u015f! Her zaman bana bir \u015feyler \u00f6\u011fretmeye \u00e7al\u0131\u015fan idol\u00fcm gitmi\u015f, yerine<span class=\"excerpt-hellip\"> [\u2026]<\/span><\/p>\n","protected":false},"featured_media":0,"template":"","meta":{"_monsterinsights_skip_tracking":false,"_monsterinsights_sitenote_active":false,"_monsterinsights_sitenote_note":"","_monsterinsights_sitenote_category":0},"product_brand":[],"product_cat":[12275,12274],"product_tag":[],"class_list":{"0":"post-708512","1":"product","2":"type-product","3":"status-publish","5":"product_cat-6-12-yas-kitaplari","6":"product_cat-cocuk-ve-genclik-kitaplari","7":"pa_cilt-ciltsiz","8":"pa_tur-kitap","9":"pa_yayinevi-timas-cocuk","10":"pa_yazar-birsen-ekim-ozen","12":"first","13":"instock","14":"sale","15":"shipping-taxable","16":"purchasable","17":"product-type-simple"},"_links":{"self":[{"href":"https:\/\/roveyayinevi.com.tr\/index.php\/wp-json\/wp\/v2\/product\/708512","targetHints":{"allow":["GET"]}}],"collection":[{"href":"https:\/\/roveyayinevi.com.tr\/index.php\/wp-json\/wp\/v2\/product"}],"about":[{"href":"https:\/\/roveyayinevi.com.tr\/index.php\/wp-json\/wp\/v2\/types\/product"}],"wp:attachment":[{"href":"https:\/\/roveyayinevi.com.tr\/index.php\/wp-json\/wp\/v2\/media?parent=708512"}],"wp:term":[{"taxonomy":"product_brand","embeddable":true,"href":"https:\/\/roveyayinevi.com.tr\/index.php\/wp-json\/wp\/v2\/product_brand?post=708512"},{"taxonomy":"product_cat","embeddable":true,"href":"https:\/\/roveyayinevi.com.tr\/index.php\/wp-json\/wp\/v2\/product_cat?post=708512"},{"taxonomy":"product_tag","embeddable":true,"href":"https:\/\/roveyayinevi.com.tr\/index.php\/wp-json\/wp\/v2\/product_tag?post=708512"}],"curies":[{"name":"wp","href":"https:\/\/api.w.org\/{rel}","templated":true}]}}