{"id":708491,"date":"2025-08-27T16:15:19","date_gmt":"2025-08-27T13:15:19","guid":{"rendered":"https:\/\/roveyayinevi.com.tr\/index.php\/urun\/teskilat-i-mahsusanin-kafkasya-misyonu-ve-operasyonlari-ciltli\/"},"modified":"2026-03-25T13:45:31","modified_gmt":"2026-03-25T10:45:31","slug":"teskilat-i-mahsusanin-kafkasya-misyonu-ve-operasyonlari-ciltli","status":"publish","type":"product","link":"https:\/\/roveyayinevi.com.tr\/index.php\/urun\/teskilat-i-mahsusanin-kafkasya-misyonu-ve-operasyonlari-ciltli\/","title":{"rendered":"Te\u015fkilat-\u0131 Mahsusa&#8217;n\u0131n Kafkasya Misyonu ve Operasyonlar\u0131 &#8211; (Ciltli)"},"content":{"rendered":"<p>Siyas\u00ee, iktisad\u00ee ve bilhassa asker\u00ee bak\u0131mdan bir hayli zay\u0131flam\u0131\u015f olan Osmanl\u0131 Devleti, 19. y\u00fczy\u0131l\u0131n ikinci yar\u0131s\u0131ndan itibaren daha \u00f6nce e\u015fi benzeri g\u00f6r\u00fclmemi\u015f felaketlerle kar\u015f\u0131 kar\u015f\u0131ya kald\u0131. Y\u00fczlerce y\u0131ll\u0131k vatan topraklar\u0131n\u0131n i\u015fgali bir yana, insan kaynaklar\u0131 bak\u0131m\u0131ndan da tarifi zor kay\u0131plar ya\u015fad\u0131. Mehmet Bilgin, ya\u015fanan bu zor g\u00fcnlerin genel bir muhasebesini yapt\u0131ktan sonra, Osmanl\u0131 Devleti\u2019nin her bak\u0131mdan yeniden te\u015fkil\u00e2tlanmas\u0131 i\u00e7in b\u00fcy\u00fck \u00e7aba sarf eden \u0130ttihat ve Terakk\u00ee\u2019nin eldeki k\u0131t imk\u00e2nlarla bilhassa asker\u00ee sahada neler yapt\u0131\u011f\u0131na odaklan\u0131yor. Bug\u00fcn bile hakk\u0131nda en fazla tart\u0131\u015f\u0131lan konulardan biri olan Te\u015fkil\u00e2t-\u0131 Mahsusa i\u015fte b\u00f6yle netameli bir d\u00f6nemde ortaya \u00e7\u0131km\u0131\u015f ve 20. y\u00fczy\u0131l T\u00fcrk tarihine damgas\u0131n\u0131 vurmu\u015f yap\u0131lardan biri olmu\u015ftur.I. D\u00fcnya Sava\u015f\u0131\u2019nda Kafkas Cephesi\u2019nde ya\u015fananlar\u0131n \u00fczerinden 100 y\u0131l ge\u00e7mesine ra\u011fmen, \u00fclkemizde olay\u0131n objektif olarak  de\u011ferlendirilemedi\u011fini s\u00f6yleyebiliriz. Bunun en \u00f6nemli sebeplerinden biri, \u00e7\u00f6ken imparatorlu\u011fun ard\u0131ndan devam eden tart\u0131\u015fmalar ve bu tart\u0131\u015fmalar\u0131n olu\u015fturdu\u011fu alg\u0131lard\u0131r. Fakat Mehmet Bilgin, di\u011fer tarih\u00e7ilerden farkl\u0131 olarak derin co\u011frafya bilgisi ile belgelere ge\u00e7mi\u015f olaylar\u0131 kar\u015f\u0131l\u0131kl\u0131 bir okumaya tabi tutarak Te\u015fkil\u00e2t-\u0131 Mahsusa\u2019n\u0131n Kafkasya Misyonu\u2019nu ve burada y\u00fcr\u00fctt\u00fckleri operasyonlar\u0131 inceliyor. Kitap her ne kadar Te\u015fkil\u00e2t-\u0131 Mahsusa birliklerinin Kafkasya Cephesi\u2019ndeki s\u0131n\u0131rl\u0131 m\u00fccadelelerine odaklansa da, d\u00f6nemin genel bir de\u011ferlendirmesini sunmas\u0131 bak\u0131m\u0131ndan da olduk\u00e7a b\u00fcy\u00fck \u00f6nem ta\u015f\u0131yor. Bilhassa \u201c\u0130ttihat ve Terakk\u00ee b\u00fcnyesinde kararlar nas\u0131l al\u0131n\u0131yordu? Te\u015fkil\u00e2t-\u0131 Mahsusa nas\u0131l ve kimler taraf\u0131ndan kuruldu? Te\u015fkil\u00e2t-\u0131 Mahsusa\u2019ya nas\u0131l giriliyordu? Te\u015fkil\u00e2t-\u0131 Mahsusa\u2019n\u0131n Sar\u0131kam\u0131\u015f Harekat\u0131\u2019ndaki rol\u00fc neydi? Te\u015fkil\u00e2t-\u0131 Mahsusa kimler taraf\u0131ndan y\u00f6netiliyordu?\u201d gibi merak edilen pek \u00e7ok sorunun cevab\u0131n\u0131 kitapta bulabileceksiniz. <\/p>\n","protected":false},"excerpt":{"rendered":"<p>Siyas\u00ee, iktisad\u00ee ve bilhassa asker\u00ee bak\u0131mdan bir hayli zay\u0131flam\u0131\u015f olan Osmanl\u0131 Devleti, 19. y\u00fczy\u0131l\u0131n ikinci yar\u0131s\u0131ndan itibaren daha \u00f6nce e\u015fi benzeri g\u00f6r\u00fclmemi\u015f felaketlerle kar\u015f\u0131 kar\u015f\u0131ya kald\u0131.<span class=\"excerpt-hellip\"> [\u2026]<\/span><\/p>\n","protected":false},"featured_media":0,"template":"","meta":{"_monsterinsights_skip_tracking":false,"_monsterinsights_sitenote_active":false,"_monsterinsights_sitenote_note":"","_monsterinsights_sitenote_category":0},"product_brand":[],"product_cat":[12304,14128],"product_tag":[],"class_list":{"0":"post-708491","1":"product","2":"type-product","3":"status-publish","5":"product_cat-tarih","6":"product_cat-yakin-tarih","7":"pa_cilt-ciltli","8":"pa_tur-kitap","9":"pa_yayinevi-otuken-nesriyat","10":"pa_yazar-mehmet-bilgin","12":"first","13":"instock","14":"sale","15":"shipping-taxable","16":"purchasable","17":"product-type-simple"},"_links":{"self":[{"href":"https:\/\/roveyayinevi.com.tr\/index.php\/wp-json\/wp\/v2\/product\/708491","targetHints":{"allow":["GET"]}}],"collection":[{"href":"https:\/\/roveyayinevi.com.tr\/index.php\/wp-json\/wp\/v2\/product"}],"about":[{"href":"https:\/\/roveyayinevi.com.tr\/index.php\/wp-json\/wp\/v2\/types\/product"}],"wp:attachment":[{"href":"https:\/\/roveyayinevi.com.tr\/index.php\/wp-json\/wp\/v2\/media?parent=708491"}],"wp:term":[{"taxonomy":"product_brand","embeddable":true,"href":"https:\/\/roveyayinevi.com.tr\/index.php\/wp-json\/wp\/v2\/product_brand?post=708491"},{"taxonomy":"product_cat","embeddable":true,"href":"https:\/\/roveyayinevi.com.tr\/index.php\/wp-json\/wp\/v2\/product_cat?post=708491"},{"taxonomy":"product_tag","embeddable":true,"href":"https:\/\/roveyayinevi.com.tr\/index.php\/wp-json\/wp\/v2\/product_tag?post=708491"}],"curies":[{"name":"wp","href":"https:\/\/api.w.org\/{rel}","templated":true}]}}

Teşkilat-ı Mahsusa&#8217;nın Kafkasya Misyonu ve Operasyonları &#8211; (Ciltli)

<p>Siyasî, iktisadî ve bilhassa askerî bakımdan bir hayli zayıflamış olan Osmanlı Devleti, 19. yüzyılın ikinci yarısından itibaren daha önce eşi benzeri görülmemiş felaketlerle karşı karşıya kaldı. Yüzlerce yıllık vatan topraklarının işgali bir yana, insan kaynakları bakımından da tarifi zor kayıplar yaşadı. Mehmet Bilgin, yaşanan bu zor günlerin genel bir muhasebesini yaptıktan sonra, Osmanlı Devleti’nin her bakımdan yeniden teşkilâtlanması için büyük çaba sarf eden İttihat ve Terakkî’nin eldeki kıt imkânlarla bilhassa askerî sahada neler yaptığına odaklanıyor. Bugün bile hakkında en fazla tartışılan konulardan biri olan Teşkilât-ı Mahsusa işte böyle netameli bir dönemde ortaya çıkmış ve 20. yüzyıl Türk tarihine damgasını vurmuş yapılardan biri olmuştur.I. Dünya Savaşı’nda Kafkas Cephesi’nde yaşananların üzerinden 100 yıl geçmesine rağmen, ülkemizde olayın objektif olarak  değerlendirilemediğini söyleyebiliriz. Bunun en önemli sebeplerinden biri, çöken imparatorluğun ardından devam eden tartışmalar ve bu tartışmaların oluşturduğu algılardır. Fakat Mehmet Bilgin, diğer tarihçilerden farklı olarak derin coğrafya bilgisi ile belgelere geçmiş olayları karşılıklı bir okumaya tabi tutarak Teşkilât-ı Mahsusa’nın Kafkasya Misyonu’nu ve burada yürüttükleri operasyonları inceliyor. Kitap her ne kadar Teşkilât-ı Mahsusa birliklerinin Kafkasya Cephesi’ndeki sınırlı mücadelelerine odaklansa da, dönemin genel bir değerlendirmesini sunması bakımından da oldukça büyük önem taşıyor. Bilhassa “İttihat ve Terakkî bünyesinde kararlar nasıl alınıyordu? Teşkilât-ı Mahsusa nasıl ve kimler tarafından kuruldu? Teşkilât-ı Mahsusa’ya nasıl giriliyordu? Teşkilât-ı Mahsusa’nın Sarıkamış Harekatı’ndaki rolü neydi? Teşkilât-ı Mahsusa kimler tarafından yönetiliyordu?” gibi merak edilen pek çok sorunun cevabını kitapta bulabileceksiniz. </p>

<p>Siyasî, iktisadî ve bilhassa askerî bakımdan bir hayli zayıflamış olan Osmanlı Devleti, 19. yüzyılın ikinci yarısından itibaren daha önce eşi benzeri görülmemiş felaketlerle karşı karşıya kaldı.<span class="excerpt-hellip"> […]</span></p>
