{"id":708487,"date":"2025-08-27T16:15:17","date_gmt":"2025-08-27T13:15:17","guid":{"rendered":"https:\/\/roveyayinevi.com.tr\/index.php\/urun\/lirik-prenses-tezer\/"},"modified":"2026-04-16T02:16:55","modified_gmt":"2026-04-15T23:16:55","slug":"lirik-prenses-tezer","status":"publish","type":"product","link":"https:\/\/roveyayinevi.com.tr\/index.php\/urun\/lirik-prenses-tezer\/","title":{"rendered":"Lirik Prenses Tezer"},"content":{"rendered":"<p>Edebiyat fak\u00fcltesi son s\u0131n\u0131f \u00f6\u011frencisi gen\u00e7 bir k\u0131z, hocas\u0131 taraf\u0131ndan verilen Tezer \u00d6zl\u00fc\u2019n\u00fcn hayat\u0131n\u0131 yazma \u00f6devi i\u00e7in ara\u015ft\u0131rmalar\u0131na ba\u015flad\u0131\u011f\u0131 anda kar\u015f\u0131la\u015ft\u0131\u011f\u0131 bir ger\u00e7ekle \u015fa\u015fk\u0131nl\u0131\u011fa d\u00fc\u015fer. Yazar\u0131n ya\u015fam\u0131yla kendi ya\u015fam\u0131 aras\u0131nda izd\u00fc\u015f\u00fcmsel bir benzerlik vard\u0131r ve bu ke\u015ffinin ard\u0131ndan \u00e7\u0131kt\u0131\u011f\u0131 i\u00e7sel yolculuk onu neyin ger\u00e7ek neyin hayal oldu\u011funun belli olmad\u0131\u011f\u0131, i\u00e7inden \u00e7\u0131k\u0131lmas\u0131 imk\u00e2ns\u0131z bir u\u00e7uruma s\u00fcr\u00fckler. O, s\u0131radan bir hayat\u0131 s\u0131ra d\u0131\u015f\u0131 ya\u015fad\u0131&#8230; O, ikinci bir dilde kitap yaz\u0131p, Marburg Edebiyat \u00d6d\u00fcl\u00fc\u2019n\u00fc alan ilk T\u00fcrk yazard\u0131&#8230; O, ad\u0131 \u201cLirik Prenses\u201d olsa da hi\u00e7bir zaman bir masal prensesi kadar masum olmad\u0131, masallarda ya\u015famad\u0131, masal kovalamad\u0131. Hik\u00e2yesinde k\u00f6t\u00fc kalpli cad\u0131lar yoktu belki ama insan\u0131n ruhunu yaralayan \u00e7\u0131r\u0131l\u00e7\u0131plak ger\u00e7ekler vard\u0131&#8230; O, m\u00fcthi\u015f \u00fcslubu, duygular\u0131 dile getiri\u015findeki sak\u0131nmas\u0131z ve cesur d\u00fcr\u00fcstl\u00fc\u011f\u00fcyle okuyucunun kalbine girdi, sadece kaleminin ucuna kadar gelenleri yazd\u0131&#8230; O, inand\u0131\u011f\u0131 gibi ya\u015fad\u0131, s\u0131n\u0131r tan\u0131mad\u0131, i\u00e7indeki \u201cben\u201di ararken belki de kendini kaz\u0131d\u0131&#8230; O, \u00e7o\u011fumuzun de\u011fil ya\u015famaya,  anlamaya direndi\u011fi ger\u00e7ekleri arad\u0131&#8230; Bu toplumun onun gibi yalans\u0131z bir d\u00fcnya \u00f6zlemi \u00e7eken, kendi devrimini yapabilen, engel tan\u0131mayan g\u00fc\u00e7l\u00fc kad\u0131nlara ihtiyac\u0131 vard\u0131&#8230; Ancak&#8230; Ne \u00f6l\u00fcmden korkmaktan ne de onu d\u00fc\u015f\u00fcnmekten beis duydu ve bir k\u0131\u015f g\u00fcn\u00fc, o e\u015fsiz g\u00fcl\u00fc\u015f\u00fc solmadan bu hayata g\u00f6zlerini yumdu. Zaten, \u015fairler erken \u00f6l\u00fcr derler&#8230; O bir \u015fair de\u011fildi diyenlere ise yazd\u0131\u011f\u0131 \u015fu minicik sat\u0131rlar yeter: \u201cBir y\u00fcksekli\u011fin, bir ba\u015f\u0131ma oldu\u011fum bir y\u00fcksekli\u011fin en ucunday\u0131m. \u0130nemiyorum. Ya\u015fayam\u0131yorum. \u00d6lemiyorum&#8230;\u201d Elinizdeki kitapla Tezer \u00d6zl\u00fc\u2019y\u00fc biraz daha sevecek ve hayata bak\u0131\u015f\u0131ndaki o lirik asaleti g\u00f6receksiniz.   Yazar\u0131n yay\u0131nevimizden \u00e7\u0131kan di\u011fer kitaplar\u0131: A\u015fk O Kadar A\u015fk, \u0130nad\u0131na Ya\u015fanan Zarar\u0131na A\u015fklar, Duygu Koleksiyoncusu <\/p>\n","protected":false},"excerpt":{"rendered":"<p>Edebiyat fak\u00fcltesi son s\u0131n\u0131f \u00f6\u011frencisi gen\u00e7 bir k\u0131z, hocas\u0131 taraf\u0131ndan verilen Tezer \u00d6zl\u00fc\u2019n\u00fcn hayat\u0131n\u0131 yazma \u00f6devi i\u00e7in ara\u015ft\u0131rmalar\u0131na ba\u015flad\u0131\u011f\u0131 anda kar\u015f\u0131la\u015ft\u0131\u011f\u0131 bir ger\u00e7ekle \u015fa\u015fk\u0131nl\u0131\u011fa d\u00fc\u015fer. Yazar\u0131n<span class=\"excerpt-hellip\"> [\u2026]<\/span><\/p>\n","protected":false},"featured_media":0,"template":"","meta":{"_monsterinsights_skip_tracking":false,"_monsterinsights_sitenote_active":false,"_monsterinsights_sitenote_note":"","_monsterinsights_sitenote_category":0},"product_brand":[],"product_cat":[12291,12711],"product_tag":[],"class_list":{"0":"post-708487","1":"product","2":"type-product","3":"status-publish","5":"product_cat-edebiyat","6":"product_cat-roman-oyku","7":"pa_cilt-ciltsiz","8":"pa_tur-kitap","9":"pa_yayinevi-destek-yayinlari","10":"pa_yazar-selda-terek-bilecen","12":"first","13":"instock","14":"sale","15":"shipping-taxable","16":"purchasable","17":"product-type-simple"},"_links":{"self":[{"href":"https:\/\/roveyayinevi.com.tr\/index.php\/wp-json\/wp\/v2\/product\/708487","targetHints":{"allow":["GET"]}}],"collection":[{"href":"https:\/\/roveyayinevi.com.tr\/index.php\/wp-json\/wp\/v2\/product"}],"about":[{"href":"https:\/\/roveyayinevi.com.tr\/index.php\/wp-json\/wp\/v2\/types\/product"}],"wp:attachment":[{"href":"https:\/\/roveyayinevi.com.tr\/index.php\/wp-json\/wp\/v2\/media?parent=708487"}],"wp:term":[{"taxonomy":"product_brand","embeddable":true,"href":"https:\/\/roveyayinevi.com.tr\/index.php\/wp-json\/wp\/v2\/product_brand?post=708487"},{"taxonomy":"product_cat","embeddable":true,"href":"https:\/\/roveyayinevi.com.tr\/index.php\/wp-json\/wp\/v2\/product_cat?post=708487"},{"taxonomy":"product_tag","embeddable":true,"href":"https:\/\/roveyayinevi.com.tr\/index.php\/wp-json\/wp\/v2\/product_tag?post=708487"}],"curies":[{"name":"wp","href":"https:\/\/api.w.org\/{rel}","templated":true}]}}