{"id":708481,"date":"2025-08-27T16:15:14","date_gmt":"2025-08-27T13:15:14","guid":{"rendered":"https:\/\/roveyayinevi.com.tr\/index.php\/urun\/peter-pan-8\/"},"modified":"2026-04-16T02:16:55","modified_gmt":"2026-04-15T23:16:55","slug":"peter-pan-8","status":"publish","type":"product","link":"https:\/\/roveyayinevi.com.tr\/index.php\/urun\/peter-pan-8\/","title":{"rendered":"Peter Pan"},"content":{"rendered":"<p>B\u00fcy\u00fcl\u00fc Peter Pan, Darling ailesinin \u00e7ocuklar\u0131 Wendy, John ve Michael&#8217;\u0131n yatak odas\u0131na gelir. \u00c7ocuklara u\u00e7may\u0131 \u00f6\u011frettikten sonra, D\u00fc\u015fler \u00dclkesi&#8217;ne g\u00f6t\u00fcr\u00fcr. \u00c7ocuklar orada K\u0131z\u0131lderililer, kurtlar, denizk\u0131zlar\u0131 ve korsanlarla kar\u015f\u0131la\u015f\u0131rlar. Korsanlar\u0131n lideri u\u011fursuz Kaptan Kanca&#8217;d\u0131r. Bir s\u00fcr\u00fc ser\u00fcvenden sonra, Peter, Wendy ve \u00e7ocuklar Kaptan Kanca ve tayfalar\u0131yla sava\u015f\u0131rken, \u00f6yk\u00fcn\u00fcn heyecan\u0131 doruk noktas\u0131na ula\u015f\u0131r.  Bir gece, siz uyurken, bir hayalin odaya s\u00fcz\u00fcld\u00fc\u011f\u00fcn\u00fc, sizi uyand\u0131r\u0131p, onunla birlikte, hi\u00e7bir yeti\u015fkinin olmad\u0131\u011f\u0131 bir d\u00fc\u015fler \u00fclkesine u\u00e7may\u0131 \u00f6nerdi\u011fini hayal etmeyeniniz oldu mu? B\u00fcy\u00fcmeyi reddeden, sonsuza dek \u00e7ocuk kalan Peter Pan, hem \u00e7ocuklar hem de yeti\u015fkinler i\u00e7in, hayallerin ba\u015flad\u0131\u011f\u0131 yer olmay\u0131 ba\u015farabilen bir d\u00fcnya klasi\u011fidir. <\/p>\n","protected":false},"excerpt":{"rendered":"<p>B\u00fcy\u00fcl\u00fc Peter Pan, Darling ailesinin \u00e7ocuklar\u0131 Wendy, John ve Michael&#8217;\u0131n yatak odas\u0131na gelir. \u00c7ocuklara u\u00e7may\u0131 \u00f6\u011frettikten sonra, D\u00fc\u015fler \u00dclkesi&#8217;ne g\u00f6t\u00fcr\u00fcr. \u00c7ocuklar orada K\u0131z\u0131lderililer, kurtlar, denizk\u0131zlar\u0131 ve<span class=\"excerpt-hellip\"> [\u2026]<\/span><\/p>\n","protected":false},"featured_media":0,"template":"","meta":{"_monsterinsights_skip_tracking":false,"_monsterinsights_sitenote_active":false,"_monsterinsights_sitenote_note":"","_monsterinsights_sitenote_category":0},"product_brand":[],"product_cat":[12275,12274],"product_tag":[],"class_list":{"0":"post-708481","1":"product","2":"type-product","3":"status-publish","5":"product_cat-6-12-yas-kitaplari","6":"product_cat-cocuk-ve-genclik-kitaplari","7":"pa_cilt-ciltsiz","8":"pa_tur-kitap","9":"pa_yayinevi-fark-yayinlari","10":"pa_yazar-j-m-barrie","12":"first","13":"instock","14":"sale","15":"shipping-taxable","16":"purchasable","17":"product-type-simple"},"_links":{"self":[{"href":"https:\/\/roveyayinevi.com.tr\/index.php\/wp-json\/wp\/v2\/product\/708481","targetHints":{"allow":["GET"]}}],"collection":[{"href":"https:\/\/roveyayinevi.com.tr\/index.php\/wp-json\/wp\/v2\/product"}],"about":[{"href":"https:\/\/roveyayinevi.com.tr\/index.php\/wp-json\/wp\/v2\/types\/product"}],"wp:attachment":[{"href":"https:\/\/roveyayinevi.com.tr\/index.php\/wp-json\/wp\/v2\/media?parent=708481"}],"wp:term":[{"taxonomy":"product_brand","embeddable":true,"href":"https:\/\/roveyayinevi.com.tr\/index.php\/wp-json\/wp\/v2\/product_brand?post=708481"},{"taxonomy":"product_cat","embeddable":true,"href":"https:\/\/roveyayinevi.com.tr\/index.php\/wp-json\/wp\/v2\/product_cat?post=708481"},{"taxonomy":"product_tag","embeddable":true,"href":"https:\/\/roveyayinevi.com.tr\/index.php\/wp-json\/wp\/v2\/product_tag?post=708481"}],"curies":[{"name":"wp","href":"https:\/\/api.w.org\/{rel}","templated":true}]}}