{"id":708472,"date":"2025-08-27T16:15:09","date_gmt":"2025-08-27T13:15:09","guid":{"rendered":"https:\/\/roveyayinevi.com.tr\/index.php\/urun\/kuzey-defterleri\/"},"modified":"2026-02-25T13:08:55","modified_gmt":"2026-02-25T10:08:55","slug":"kuzey-defterleri","status":"publish","type":"product","link":"https:\/\/roveyayinevi.com.tr\/index.php\/urun\/kuzey-defterleri\/","title":{"rendered":"Kuzey Defterleri"},"content":{"rendered":"<p>ne s\u0131cak ne so\u011fuk alanda yaln\u0131z bir dil bulacaks\u0131n kendine diyor Rilke, Lou-Andreas Salome\u2019nin kentlerinden birinde. \u015fubat ay\u0131n\u0131n kuzeyli kad\u0131nlara depresyon getirdi\u011fi s\u00f6yleniyor. g\u00f6zlerinde gece alt\u0131n\u0131 ve seslerinde Venedik kristalleriyle dantel giyen kad\u0131nlar. gecenin parmaklar\u0131 teselli etmiyor onlar\u0131 belirsiz bir u\u011fursuzlu\u011fun yay\u0131ld\u0131\u011f\u0131 o korkun\u00e7 saatlerde. sevi yarg\u0131lam\u0131yor onlar\u0131 ama yan\u0131na \u00e7a\u011f\u0131rm\u0131yor da. ama \u015fimdi hen\u00fcz erken. g\u00fcneyde tatl\u0131 bir r\u00fczg\u00e2r vakti. kad\u0131nlar\u0131n balkonlarda bir an g\u00f6r\u00fcn\u00fcp bir an kaybolduklar\u0131, uzak yelkenliler gibi. bana \u015fimdi b\u00fcy\u00fck s\u0131caklar gerek geni\u015f yakal\u0131 mantolar sera \u0131l\u0131kl\u0131\u011f\u0131nda kavuni\u00e7i uykular \ufffcTan\u0131t\u0131m Metni<\/p>\n","protected":false},"excerpt":{"rendered":"<p>ne s\u0131cak ne so\u011fuk alanda yaln\u0131z bir dil bulacaks\u0131n kendine diyor Rilke, Lou-Andreas Salome\u2019nin kentlerinden birinde. \u015fubat ay\u0131n\u0131n kuzeyli kad\u0131nlara depresyon getirdi\u011fi s\u00f6yleniyor. g\u00f6zlerinde gece alt\u0131n\u0131<span class=\"excerpt-hellip\"> [\u2026]<\/span><\/p>\n","protected":false},"featured_media":0,"template":"","meta":{"_monsterinsights_skip_tracking":false,"_monsterinsights_sitenote_active":false,"_monsterinsights_sitenote_note":"","_monsterinsights_sitenote_category":0},"product_brand":[],"product_cat":[12291,12509],"product_tag":[],"class_list":{"0":"post-708472","1":"product","2":"type-product","3":"status-publish","5":"product_cat-edebiyat","6":"product_cat-siir","7":"pa_cilt-ciltsiz","8":"pa_tur-kitap","9":"pa_yayinevi-yapi-kredi-yayinlari","10":"pa_yazar-lale-muldur","12":"first","13":"instock","14":"sale","15":"shipping-taxable","16":"purchasable","17":"product-type-simple"},"_links":{"self":[{"href":"https:\/\/roveyayinevi.com.tr\/index.php\/wp-json\/wp\/v2\/product\/708472","targetHints":{"allow":["GET"]}}],"collection":[{"href":"https:\/\/roveyayinevi.com.tr\/index.php\/wp-json\/wp\/v2\/product"}],"about":[{"href":"https:\/\/roveyayinevi.com.tr\/index.php\/wp-json\/wp\/v2\/types\/product"}],"wp:attachment":[{"href":"https:\/\/roveyayinevi.com.tr\/index.php\/wp-json\/wp\/v2\/media?parent=708472"}],"wp:term":[{"taxonomy":"product_brand","embeddable":true,"href":"https:\/\/roveyayinevi.com.tr\/index.php\/wp-json\/wp\/v2\/product_brand?post=708472"},{"taxonomy":"product_cat","embeddable":true,"href":"https:\/\/roveyayinevi.com.tr\/index.php\/wp-json\/wp\/v2\/product_cat?post=708472"},{"taxonomy":"product_tag","embeddable":true,"href":"https:\/\/roveyayinevi.com.tr\/index.php\/wp-json\/wp\/v2\/product_tag?post=708472"}],"curies":[{"name":"wp","href":"https:\/\/api.w.org\/{rel}","templated":true}]}}