{"id":708468,"date":"2025-08-27T16:15:07","date_gmt":"2025-08-27T13:15:07","guid":{"rendered":"https:\/\/roveyayinevi.com.tr\/index.php\/urun\/gunluk\/"},"modified":"2026-04-16T02:16:55","modified_gmt":"2026-04-15T23:16:55","slug":"gunluk","status":"publish","type":"product","link":"https:\/\/roveyayinevi.com.tr\/index.php\/urun\/gunluk\/","title":{"rendered":"G\u00fcnl\u00fck"},"content":{"rendered":"<p>\u201c&#8230;y\u0131llar ge\u00e7tik\u00e7e, benim s\u00f6zlerim, bu yaz\u0131l\u0131 s\u00f6zler, benimle ilgilerini gittik\u00e7e yitirmeye ba\u015flam\u0131\u015f gibi g\u00f6r\u00fcn\u00fcyor, art\u0131k onlar \u00f6yle uzakta, yabanc\u0131 dillerde, kendi g\u00f6zlerimle nadiren g\u00f6rd\u00fc\u011f\u00fcm farkl\u0131 yay\u0131nlarda, haklar\u0131nda hi\u00e7bir \u015fey bilmedi\u011fim farkl\u0131 yorumcular\u0131n elinde kald\u0131&#8230; Art\u0131k buna h\u00e2kim de\u011filim. \u00d6yleyse hangi dilde, hangi u\u00a8lkede ba\u015f\u0131ma neler geliyor? Edebiyat oldum, isyanlar\u0131m da edebiyat haline geldi. Ve ak\u0131lland\u0131k\u00e7a aptalla\u015fma yasas\u0131 bana tamam\u0131yla uyuyor.\u201d Polonyal\u0131 bir yazar olmaktan \u00f6te, her daim \u201ckendisi olmak\u201dta direnen bir edebiyat s\u00fcrg\u00fcn\u00fc, aksi yazar Gombrowicz, yan\u0131lmay\u0131 g\u00f6ze ald\u0131\u011f\u0131 edebiyat gemisinden homurdanmay\u0131, esip g\u00fcrlemeyi s\u00fcrd\u00fcr\u00fcyor. \u201cYan\u0131l\u0131yor muyum? Bu gu\u00a8nlu\u00a8k, benim \u00f6zelim oldu\u011funa g\u00f6re, yan\u0131lmak serbest.\u201d <\/p>\n","protected":false},"excerpt":{"rendered":"<p>\u201c&#8230;y\u0131llar ge\u00e7tik\u00e7e, benim s\u00f6zlerim, bu yaz\u0131l\u0131 s\u00f6zler, benimle ilgilerini gittik\u00e7e yitirmeye ba\u015flam\u0131\u015f gibi g\u00f6r\u00fcn\u00fcyor, art\u0131k onlar \u00f6yle uzakta, yabanc\u0131 dillerde, kendi g\u00f6zlerimle nadiren g\u00f6rd\u00fc\u011f\u00fcm farkl\u0131 yay\u0131nlarda,<span class=\"excerpt-hellip\"> [\u2026]<\/span><\/p>\n","protected":false},"featured_media":0,"template":"","meta":{"_monsterinsights_skip_tracking":false,"_monsterinsights_sitenote_active":false,"_monsterinsights_sitenote_note":"","_monsterinsights_sitenote_category":0},"product_brand":[],"product_cat":[12274,12649],"product_tag":[],"class_list":{"0":"post-708468","1":"product","2":"type-product","3":"status-publish","5":"product_cat-cocuk-ve-genclik-kitaplari","6":"product_cat-hobi-muzik","7":"pa_cilt-ciltsiz","8":"pa_tur-kitap","9":"pa_yayinevi-yapi-kredi-yayinlari","10":"pa_yazar-witold-gombrowicz","12":"first","13":"instock","14":"sale","15":"shipping-taxable","16":"purchasable","17":"product-type-simple"},"_links":{"self":[{"href":"https:\/\/roveyayinevi.com.tr\/index.php\/wp-json\/wp\/v2\/product\/708468","targetHints":{"allow":["GET"]}}],"collection":[{"href":"https:\/\/roveyayinevi.com.tr\/index.php\/wp-json\/wp\/v2\/product"}],"about":[{"href":"https:\/\/roveyayinevi.com.tr\/index.php\/wp-json\/wp\/v2\/types\/product"}],"wp:attachment":[{"href":"https:\/\/roveyayinevi.com.tr\/index.php\/wp-json\/wp\/v2\/media?parent=708468"}],"wp:term":[{"taxonomy":"product_brand","embeddable":true,"href":"https:\/\/roveyayinevi.com.tr\/index.php\/wp-json\/wp\/v2\/product_brand?post=708468"},{"taxonomy":"product_cat","embeddable":true,"href":"https:\/\/roveyayinevi.com.tr\/index.php\/wp-json\/wp\/v2\/product_cat?post=708468"},{"taxonomy":"product_tag","embeddable":true,"href":"https:\/\/roveyayinevi.com.tr\/index.php\/wp-json\/wp\/v2\/product_tag?post=708468"}],"curies":[{"name":"wp","href":"https:\/\/api.w.org\/{rel}","templated":true}]}}