{"id":708465,"date":"2025-08-27T16:15:06","date_gmt":"2025-08-27T13:15:06","guid":{"rendered":"https:\/\/roveyayinevi.com.tr\/index.php\/urun\/heidegger-teknoloji-ve-insanligin-gelecegi\/"},"modified":"2026-04-16T02:16:55","modified_gmt":"2026-04-15T23:16:55","slug":"heidegger-teknoloji-ve-insanligin-gelecegi","status":"publish","type":"product","link":"https:\/\/roveyayinevi.com.tr\/index.php\/urun\/heidegger-teknoloji-ve-insanligin-gelecegi\/","title":{"rendered":"He\u0131degger : Teknoloji ve \u0130nsanl\u0131\u011f\u0131n Gelece\u011fi"},"content":{"rendered":"<p>\u0130\u015fi kolay ve k\u00fclfetsiz yapma aray\u0131\u015f\u0131 alet kullanmaya d\u00f6n\u00fc\u015ft\u00fc\u011f\u00fcnde bunu insan\u0131n \u201cgeli\u015fim\u201d s\u00fcrecinde bir ileri merhale olarak g\u00f6rd\u00fck ve insan\u0131n hanesine homo faber diye kaydettik. Bir \u015feyi elde etmek i\u00e7in bir ba\u015fka \u015feyi kullanma \u201cistimal\u201dden \u00e7\u0131k\u0131p bir zaman sonra \u201cistismar\u201da, o da en s\u0131radan\u0131ndan en ulvi olan\u0131na kadar her \u015feyi \u201calet olarak kullanma\u201d itiyad\u0131na d\u00f6n\u00fc\u015ft\u00fc\u011f\u00fcnde buna dilimizde yer a\u00e7ma ihtiyac\u0131 duyduk ve \u201cemellerine alet etme\u201d dedik. Fakat ne bu deyimin ne s\u00f6yledi\u011fine kulak verdik, ne de bunun insana nereden musallat oldu\u011funu irdeleme l\u00fczumu duyduk. T\u0131pk\u0131 teknolojinin belirlenmi\u015f ama\u00e7lara ula\u015fmak i\u00e7in kullan\u0131lan aletlerin imal ve istimaline matuf insani faaliyetten ba\u015fka bir \u015fey olmad\u0131\u011f\u0131n\u0131n \u00f6tesini d\u00fc\u015f\u00fcnmeksizin s\u00f6yleyiverdi\u011fimiz gibi&#8230; Fakat emelleri i\u00e7in her \u015feyi alet olarak kullanabilen insan makinenin ve mekanizmin ne manaya geldi\u011fini ancak kendisinin de alet olarak kullan\u0131lmaktan muaf olamayaca\u011f\u0131n\u0131 g\u00f6rd\u00fc\u011f\u00fcnde fark etti: \u201c\u00c7a\u011f\u0131m\u0131z makine \u00e7a\u011f\u0131 oldu\u011fu i\u00e7in teknolojik bir \u00e7a\u011f de\u011fil, teknolojik bir \u00e7a\u011f oldu\u011fu i\u00e7in bir makine \u00e7a\u011f\u0131d\u0131r.\u201d Teknoloji ve \u0130nsanl\u0131\u011f\u0131n Gelece\u011fi bizi teknik ve b\u00fcnyesinde bar\u0131nd\u0131rd\u0131\u011f\u0131 tehlikeleri bu son \u00e7\u0131k\u0131\u015ftan \u00f6nce, makinelerin ellerinde birer makineye d\u00f6n\u00fc\u015fmeden b\u00fct\u00fcn derinli\u011fi ve ciddiyetiyle d\u00fc\u015f\u00fcnmeye davet ediyor. <\/p>\n","protected":false},"excerpt":{"rendered":"<p>\u0130\u015fi kolay ve k\u00fclfetsiz yapma aray\u0131\u015f\u0131 alet kullanmaya d\u00f6n\u00fc\u015ft\u00fc\u011f\u00fcnde bunu insan\u0131n \u201cgeli\u015fim\u201d s\u00fcrecinde bir ileri merhale olarak g\u00f6rd\u00fck ve insan\u0131n hanesine homo faber diye kaydettik. Bir<span class=\"excerpt-hellip\"> [\u2026]<\/span><\/p>\n","protected":false},"featured_media":0,"template":"","meta":{"_monsterinsights_skip_tracking":false,"_monsterinsights_sitenote_active":false,"_monsterinsights_sitenote_note":"","_monsterinsights_sitenote_category":0},"product_brand":[],"product_cat":[12388,13555],"product_tag":[],"class_list":{"0":"post-708465","1":"product","2":"type-product","3":"status-publish","5":"product_cat-felsefe","6":"product_cat-genel-felsefe","7":"pa_cilt-ciltsiz","8":"pa_tur-kitap","9":"pa_yayinevi-say-yayinlari","10":"pa_yazar-ahmet-aydogan","12":"first","13":"instock","14":"sale","15":"shipping-taxable","16":"purchasable","17":"product-type-simple"},"_links":{"self":[{"href":"https:\/\/roveyayinevi.com.tr\/index.php\/wp-json\/wp\/v2\/product\/708465","targetHints":{"allow":["GET"]}}],"collection":[{"href":"https:\/\/roveyayinevi.com.tr\/index.php\/wp-json\/wp\/v2\/product"}],"about":[{"href":"https:\/\/roveyayinevi.com.tr\/index.php\/wp-json\/wp\/v2\/types\/product"}],"wp:attachment":[{"href":"https:\/\/roveyayinevi.com.tr\/index.php\/wp-json\/wp\/v2\/media?parent=708465"}],"wp:term":[{"taxonomy":"product_brand","embeddable":true,"href":"https:\/\/roveyayinevi.com.tr\/index.php\/wp-json\/wp\/v2\/product_brand?post=708465"},{"taxonomy":"product_cat","embeddable":true,"href":"https:\/\/roveyayinevi.com.tr\/index.php\/wp-json\/wp\/v2\/product_cat?post=708465"},{"taxonomy":"product_tag","embeddable":true,"href":"https:\/\/roveyayinevi.com.tr\/index.php\/wp-json\/wp\/v2\/product_tag?post=708465"}],"curies":[{"name":"wp","href":"https:\/\/api.w.org\/{rel}","templated":true}]}}