{"id":708462,"date":"2025-08-27T16:15:04","date_gmt":"2025-08-27T13:15:04","guid":{"rendered":"https:\/\/roveyayinevi.com.tr\/index.php\/urun\/resim-nasil-okunur\/"},"modified":"2025-08-31T14:57:13","modified_gmt":"2025-08-31T11:57:13","slug":"resim-nasil-okunur","status":"publish","type":"product","link":"https:\/\/roveyayinevi.com.tr\/index.php\/urun\/resim-nasil-okunur\/","title":{"rendered":"Resim Nas\u0131l Okunur"},"content":{"rendered":"<p>Eski Ustalar\u0131n resimlerinin \u00e7arp\u0131c\u0131 ger\u00e7ekli\u011finin alt\u0131nda, zaman i\u00e7inde anlam\u0131 gizlenen bir semboller, temalar ve motifler sistemi yatar. H\u0131ristiyan ikonografisi, Yunan ve Roma mitolojisi, sanat\u00e7\u0131lar\u0131n \u00e7a\u011fda\u015flar\u0131n\u0131n zihninde fazlas\u0131yla canl\u0131 olan halk k\u00fclt\u00fcr\u00fc bilgisi, m\u00fczelere giden modern insan\u0131 bir resme bakmaya haz\u0131rlaman\u0131n \u00e7ok k\u00fc\u00e7\u00fck bir par\u00e7as\u0131d\u0131r.Resim Nas\u0131l Okunur, Eski ustalardan dersler, \u0130talyan, Hollandal\u0131, Alman ve \u0130spanyol ustalar\u0131n yapt\u0131\u011f\u0131 y\u00fczlerce resimsel tasvirin \u015fifresini \u00e7\u00f6z\u00fcyor. \u00c7i\u00e7ekler, bitkiler, yiyecekler ve hayvanlar gibi s\u0131radan betimlerin anlamlar\u0131n\u0131 kavramaya ili\u015fkin ipu\u00e7lar\u0131 a\u00e7\u0131klan\u0131yor ve benzer sembolleri, temalar\u0131 i\u00e7eren ba\u015fka resimlerle kar\u015f\u0131la\u015ft\u0131rmal\u0131 bir okuma ger\u00e7ekle\u015ftiriyor.Bir sanat tarih\u00e7isinin bak\u0131\u015f a\u00e7\u0131s\u0131n\u0131 kolay anla\u015f\u0131l\u0131r anekdotlarla sunacak \u015fekilde tasarlanan bu kitap, Eski Ustalar hakk\u0131nda her zaman el alt\u0131nda bulunmas\u0131 istenen bir k\u0131lavuz niteli\u011fi ta\u015f\u0131yor. M\u00fcze gezilerinin vezge\u00e7ilmez e\u015flik\u00e7isi olan Resim Nas\u0131l Okunur, okura, Bat\u0131 sanat\u0131n\u0131n en tan\u0131nm\u0131\u015f ve en \u00e7ok g\u00f6r\u00fclen resimleri kar\u015f\u0131s\u0131nda t\u00fcm\u00fcyle yeni bir deneyim edinme imkan\u0131 sunuyor. \u00d6yle ki kitab\u0131n okurunu arkada\u015flar\u0131n\u0131n soraca\u011f\u0131 \u015fu soruyla ba\u015f ba\u015fa b\u0131rak\u0131yor. \u201cBunu nas\u0131l biliyorsun?\u201d<\/p>\n","protected":false},"excerpt":{"rendered":"<p>Eski Ustalar\u0131n resimlerinin \u00e7arp\u0131c\u0131 ger\u00e7ekli\u011finin alt\u0131nda, zaman i\u00e7inde anlam\u0131 gizlenen bir semboller, temalar ve motifler sistemi yatar. H\u0131ristiyan ikonografisi, Yunan ve Roma mitolojisi, sanat\u00e7\u0131lar\u0131n \u00e7a\u011fda\u015flar\u0131n\u0131n zihninde<span class=\"excerpt-hellip\"> [\u2026]<\/span><\/p>\n","protected":false},"featured_media":0,"template":"","meta":{"_monsterinsights_skip_tracking":false,"_monsterinsights_sitenote_active":false,"_monsterinsights_sitenote_note":"","_monsterinsights_sitenote_category":0},"product_brand":[],"product_cat":[12408,14197],"product_tag":[],"class_list":{"0":"post-708462","1":"product","2":"type-product","3":"status-publish","5":"product_cat-sanat","6":"product_cat-sanat-tarihi","7":"pa_cilt-ciltsiz","8":"pa_tur-kitap","9":"pa_yayinevi-hayalperest-yayinlari","10":"pa_yazar-patrick-de-rynck","12":"first","13":"instock","14":"sale","15":"shipping-taxable","16":"purchasable","17":"product-type-simple"},"_links":{"self":[{"href":"https:\/\/roveyayinevi.com.tr\/index.php\/wp-json\/wp\/v2\/product\/708462","targetHints":{"allow":["GET"]}}],"collection":[{"href":"https:\/\/roveyayinevi.com.tr\/index.php\/wp-json\/wp\/v2\/product"}],"about":[{"href":"https:\/\/roveyayinevi.com.tr\/index.php\/wp-json\/wp\/v2\/types\/product"}],"wp:attachment":[{"href":"https:\/\/roveyayinevi.com.tr\/index.php\/wp-json\/wp\/v2\/media?parent=708462"}],"wp:term":[{"taxonomy":"product_brand","embeddable":true,"href":"https:\/\/roveyayinevi.com.tr\/index.php\/wp-json\/wp\/v2\/product_brand?post=708462"},{"taxonomy":"product_cat","embeddable":true,"href":"https:\/\/roveyayinevi.com.tr\/index.php\/wp-json\/wp\/v2\/product_cat?post=708462"},{"taxonomy":"product_tag","embeddable":true,"href":"https:\/\/roveyayinevi.com.tr\/index.php\/wp-json\/wp\/v2\/product_tag?post=708462"}],"curies":[{"name":"wp","href":"https:\/\/api.w.org\/{rel}","templated":true}]}}