{"id":708451,"date":"2025-08-27T16:14:59","date_gmt":"2025-08-27T13:14:59","guid":{"rendered":"https:\/\/roveyayinevi.com.tr\/index.php\/urun\/kusaklar-catismasi\/"},"modified":"2026-04-16T02:16:55","modified_gmt":"2026-04-15T23:16:55","slug":"kusaklar-catismasi","status":"publish","type":"product","link":"https:\/\/roveyayinevi.com.tr\/index.php\/urun\/kusaklar-catismasi\/","title":{"rendered":"Ku\u015faklar \u00c7at\u0131\u015fmas\u0131"},"content":{"rendered":"<p>Ku\u015faklararas\u0131 ili\u015fkiler, \u00fclkemizin temel sorunudur.Konunun her y\u00f6n\u00fc e\u011fitimimizi ilgilendirmektedir.Bug\u00fcn gen\u00e7li\u011fimizin ili\u015fkileri, d\u00fcnk\u00fcnden \u00e7ok farkl\u0131d\u0131r. Bu farkl\u0131l\u0131klar\u0131 bu \u00e7al\u0131\u015fmada g\u00f6receksiniz. Konunun geli\u015fimini ve farkl\u0131la\u015fmas\u0131n\u0131 de\u011fi\u015fik sosyologlar ele alm\u0131\u015flard\u0131r. Y ku\u015fa\u011f\u0131, apolitik gen\u00e7lik, evden ayr\u0131 ya\u015famlar, yeti\u015fkin ergenler, i\u015fsiz gen\u00e7lik, ku\u015faklar \u00e7at\u0131\u015fmas\u0131 ile ilgilidir. Gen\u00e7li\u011fimizin bu konu ile ilgili her y\u00f6n\u00fc e\u011fitimimizi de ilgilendirmektedir. B\u00f6ylece gen\u00e7lik ve toplum ve aile ili\u015fkilerinde e\u011fitim sorunlar\u0131m\u0131z nas\u0131l bir y\u00f6nde gitmektedir? Neler yap\u0131labilir, bunlar\u0131n irdelemenin zaman\u0131 geli\u015fmi\u015ftir. <\/p>\n","protected":false},"excerpt":{"rendered":"<p>Ku\u015faklararas\u0131 ili\u015fkiler, \u00fclkemizin temel sorunudur.Konunun her y\u00f6n\u00fc e\u011fitimimizi ilgilendirmektedir.Bug\u00fcn gen\u00e7li\u011fimizin ili\u015fkileri, d\u00fcnk\u00fcnden \u00e7ok farkl\u0131d\u0131r. Bu farkl\u0131l\u0131klar\u0131 bu \u00e7al\u0131\u015fmada g\u00f6receksiniz. Konunun geli\u015fimini ve farkl\u0131la\u015fmas\u0131n\u0131 de\u011fi\u015fik sosyologlar ele<span class=\"excerpt-hellip\"> [\u2026]<\/span><\/p>\n","protected":false},"featured_media":0,"template":"","meta":{"_monsterinsights_skip_tracking":false,"_monsterinsights_sitenote_active":false,"_monsterinsights_sitenote_note":"","_monsterinsights_sitenote_category":0},"product_brand":[],"product_cat":[12312,12304],"product_tag":[],"class_list":{"0":"post-708451","1":"product","2":"type-product","3":"status-publish","5":"product_cat-diger","6":"product_cat-tarih","7":"pa_cilt-ciltsiz","8":"pa_tur-kitap","9":"pa_yayinevi-ani-yayincilik","10":"pa_yazar-mahmut-tezcan","12":"first","13":"instock","14":"sale","15":"shipping-taxable","16":"purchasable","17":"product-type-simple"},"_links":{"self":[{"href":"https:\/\/roveyayinevi.com.tr\/index.php\/wp-json\/wp\/v2\/product\/708451","targetHints":{"allow":["GET"]}}],"collection":[{"href":"https:\/\/roveyayinevi.com.tr\/index.php\/wp-json\/wp\/v2\/product"}],"about":[{"href":"https:\/\/roveyayinevi.com.tr\/index.php\/wp-json\/wp\/v2\/types\/product"}],"wp:attachment":[{"href":"https:\/\/roveyayinevi.com.tr\/index.php\/wp-json\/wp\/v2\/media?parent=708451"}],"wp:term":[{"taxonomy":"product_brand","embeddable":true,"href":"https:\/\/roveyayinevi.com.tr\/index.php\/wp-json\/wp\/v2\/product_brand?post=708451"},{"taxonomy":"product_cat","embeddable":true,"href":"https:\/\/roveyayinevi.com.tr\/index.php\/wp-json\/wp\/v2\/product_cat?post=708451"},{"taxonomy":"product_tag","embeddable":true,"href":"https:\/\/roveyayinevi.com.tr\/index.php\/wp-json\/wp\/v2\/product_tag?post=708451"}],"curies":[{"name":"wp","href":"https:\/\/api.w.org\/{rel}","templated":true}]}}