{"id":708447,"date":"2025-08-27T16:14:57","date_gmt":"2025-08-27T13:14:57","guid":{"rendered":"https:\/\/roveyayinevi.com.tr\/index.php\/urun\/dunyayi-ogreniyorum-arkadasim-veteriner-hekim\/"},"modified":"2026-04-16T02:16:54","modified_gmt":"2026-04-15T23:16:54","slug":"dunyayi-ogreniyorum-arkadasim-veteriner-hekim","status":"publish","type":"product","link":"https:\/\/roveyayinevi.com.tr\/index.php\/urun\/dunyayi-ogreniyorum-arkadasim-veteriner-hekim\/","title":{"rendered":"D\u00fcnyay\u0131 \u00d6\u011freniyorum Arkada\u015f\u0131m Veteriner Hekim"},"content":{"rendered":"<p>Tav\u015fanlar\u0131n t\u0131rnaklar\u0131 neden kesilir? K\u00f6pe\u011fin aya\u011f\u0131 enfeksiyon oldu\u011funda nas\u0131l tedavi edilir? A\u015f\u0131 nedir? Hayvan seven herkes bu ve benzeri pek \u00e7ok ilgin\u00e7 sorunun yan\u0131tlar\u0131n\u0131 bu kitapta bulabilir&#8230; \ufffcTan\u0131t\u0131m Metni<\/p>\n","protected":false},"excerpt":{"rendered":"<p>Tav\u015fanlar\u0131n t\u0131rnaklar\u0131 neden kesilir? K\u00f6pe\u011fin aya\u011f\u0131 enfeksiyon oldu\u011funda nas\u0131l tedavi edilir? A\u015f\u0131 nedir? Hayvan seven herkes bu ve benzeri pek \u00e7ok ilgin\u00e7 sorunun yan\u0131tlar\u0131n\u0131 bu kitapta<span class=\"excerpt-hellip\"> [\u2026]<\/span><\/p>\n","protected":false},"featured_media":0,"template":"","meta":{"_monsterinsights_skip_tracking":false,"_monsterinsights_sitenote_active":false,"_monsterinsights_sitenote_note":"","_monsterinsights_sitenote_category":0},"product_brand":[],"product_cat":[12312,12304],"product_tag":[],"class_list":{"0":"post-708447","1":"product","2":"type-product","3":"status-publish","5":"product_cat-diger","6":"product_cat-tarih","7":"pa_cilt-ciltsiz","8":"pa_tur-kitap","9":"pa_yayinevi-is-bankasi-kultur-yayinlari","10":"pa_yazar-kollektif","12":"first","13":"instock","14":"sale","15":"shipping-taxable","16":"purchasable","17":"product-type-simple"},"_links":{"self":[{"href":"https:\/\/roveyayinevi.com.tr\/index.php\/wp-json\/wp\/v2\/product\/708447","targetHints":{"allow":["GET"]}}],"collection":[{"href":"https:\/\/roveyayinevi.com.tr\/index.php\/wp-json\/wp\/v2\/product"}],"about":[{"href":"https:\/\/roveyayinevi.com.tr\/index.php\/wp-json\/wp\/v2\/types\/product"}],"wp:attachment":[{"href":"https:\/\/roveyayinevi.com.tr\/index.php\/wp-json\/wp\/v2\/media?parent=708447"}],"wp:term":[{"taxonomy":"product_brand","embeddable":true,"href":"https:\/\/roveyayinevi.com.tr\/index.php\/wp-json\/wp\/v2\/product_brand?post=708447"},{"taxonomy":"product_cat","embeddable":true,"href":"https:\/\/roveyayinevi.com.tr\/index.php\/wp-json\/wp\/v2\/product_cat?post=708447"},{"taxonomy":"product_tag","embeddable":true,"href":"https:\/\/roveyayinevi.com.tr\/index.php\/wp-json\/wp\/v2\/product_tag?post=708447"}],"curies":[{"name":"wp","href":"https:\/\/api.w.org\/{rel}","templated":true}]}}