{"id":708444,"date":"2025-08-27T16:14:56","date_gmt":"2025-08-27T13:14:56","guid":{"rendered":"https:\/\/roveyayinevi.com.tr\/index.php\/urun\/turk-dili-yazili-ve-sozlu-anlatim\/"},"modified":"2026-04-16T02:16:54","modified_gmt":"2026-04-15T23:16:54","slug":"turk-dili-yazili-ve-sozlu-anlatim","status":"publish","type":"product","link":"https:\/\/roveyayinevi.com.tr\/index.php\/urun\/turk-dili-yazili-ve-sozlu-anlatim\/","title":{"rendered":"T\u00fcrk Dili Yaz\u0131l\u0131 ve S\u00f6zl\u00fc Anlat\u0131m"},"content":{"rendered":"<p>\u0130\u00e7indekiler   Dil Dil, Dilbilim, K\u00fclt\u00fcr ve Toplum Ba\u015fl\u0131ca T\u00fcrk Leh\u00e7eleri ve Anadolu A\u011f\u0131zlar\u0131 T\u00fcrk\u00e7enin S\u00f6z Varl\u0131\u011f\u0131 T\u00fcrk\u00e7enin \u015eaheserleri Anlat\u0131m Birimleri Yaz\u0131m Kurallar\u0131 Noktalama \u0130\u015faretleri Anlat\u0131m Bozukluklar\u0131 Anlayarak Okuma Yazma E\u011fitimi Anlat\u0131  T\u00fcrleri-I Anlat\u0131 T\u00fcrleri-II Anlat\u0131 T\u00fcrleri-III Bilimsel Ara\u015ft\u0131rma Raporu veya Bilimsel Yaz\u0131 Haz\u0131rlama S\u00f6zl\u00fc Anlat\u0131m-Konu\u015fma <\/p>\n","protected":false},"excerpt":{"rendered":"<p>\u0130\u00e7indekiler Dil Dil, Dilbilim, K\u00fclt\u00fcr ve Toplum Ba\u015fl\u0131ca T\u00fcrk Leh\u00e7eleri ve Anadolu A\u011f\u0131zlar\u0131 T\u00fcrk\u00e7enin S\u00f6z Varl\u0131\u011f\u0131 T\u00fcrk\u00e7enin \u015eaheserleri Anlat\u0131m Birimleri Yaz\u0131m Kurallar\u0131 Noktalama \u0130\u015faretleri Anlat\u0131m Bozukluklar\u0131<span class=\"excerpt-hellip\"> [\u2026]<\/span><\/p>\n","protected":false},"featured_media":0,"template":"","meta":{"_monsterinsights_skip_tracking":false,"_monsterinsights_sitenote_active":false,"_monsterinsights_sitenote_note":"","_monsterinsights_sitenote_category":0},"product_brand":[],"product_cat":[12566,13611],"product_tag":[],"class_list":{"0":"post-708444","1":"product","2":"type-product","3":"status-publish","5":"product_cat-egitim","6":"product_cat-sozlukler-ve-konusma-kilavuzlari","7":"pa_cilt-ciltsiz","8":"pa_tur-kitap","9":"pa_yayinevi-gazi-kitabevi","10":"pa_yazar-ibrahim-halil-tugluk-selim-somuncu","12":"first","13":"instock","14":"sale","15":"shipping-taxable","16":"purchasable","17":"product-type-simple"},"_links":{"self":[{"href":"https:\/\/roveyayinevi.com.tr\/index.php\/wp-json\/wp\/v2\/product\/708444","targetHints":{"allow":["GET"]}}],"collection":[{"href":"https:\/\/roveyayinevi.com.tr\/index.php\/wp-json\/wp\/v2\/product"}],"about":[{"href":"https:\/\/roveyayinevi.com.tr\/index.php\/wp-json\/wp\/v2\/types\/product"}],"wp:attachment":[{"href":"https:\/\/roveyayinevi.com.tr\/index.php\/wp-json\/wp\/v2\/media?parent=708444"}],"wp:term":[{"taxonomy":"product_brand","embeddable":true,"href":"https:\/\/roveyayinevi.com.tr\/index.php\/wp-json\/wp\/v2\/product_brand?post=708444"},{"taxonomy":"product_cat","embeddable":true,"href":"https:\/\/roveyayinevi.com.tr\/index.php\/wp-json\/wp\/v2\/product_cat?post=708444"},{"taxonomy":"product_tag","embeddable":true,"href":"https:\/\/roveyayinevi.com.tr\/index.php\/wp-json\/wp\/v2\/product_tag?post=708444"}],"curies":[{"name":"wp","href":"https:\/\/api.w.org\/{rel}","templated":true}]}}