{"id":708438,"date":"2025-08-27T16:14:53","date_gmt":"2025-08-27T13:14:53","guid":{"rendered":"https:\/\/roveyayinevi.com.tr\/index.php\/urun\/rosario-vampire-sezon-2-cilt-2\/"},"modified":"2026-04-16T02:16:54","modified_gmt":"2026-04-15T23:16:54","slug":"rosario-vampire-sezon-2-cilt-2","status":"publish","type":"product","link":"https:\/\/roveyayinevi.com.tr\/index.php\/urun\/rosario-vampire-sezon-2-cilt-2\/","title":{"rendered":"Rosario &amp; Vampire Sezon 2 Cilt 2"},"content":{"rendered":"<p>Yokai Akademisi\u2019ne zorla giren h\u0131rs\u0131z \u00e7etesi, Tsukune ve Moka\u2019y\u0131 yakalar. Kurumu ve arkada\u015flar\u0131 Tsukune ve Moka\u2019y\u0131 kurtarmak i\u00e7in harekete ge\u00e7erler ama \u00e7ete reisinin korkun\u00e7 yetene\u011fi i\u015fleri zorla\u015ft\u0131r\u0131r! B\u00fct\u00fcn bunlar yetmezmi\u015f gibi, d\u00fc\u015fmanla d\u00f6v\u00fc\u015fe tutu\u015fan Tsukune\u2019nin uykuya dalm\u0131\u015f olmas\u0131 gereken kan\u2019\u0131 uyan\u0131r ve i\u015fler kar\u0131\u015f\u0131r\u2026 <\/p>\n","protected":false},"excerpt":{"rendered":"<p>Yokai Akademisi\u2019ne zorla giren h\u0131rs\u0131z \u00e7etesi, Tsukune ve Moka\u2019y\u0131 yakalar. Kurumu ve arkada\u015flar\u0131 Tsukune ve Moka\u2019y\u0131 kurtarmak i\u00e7in harekete ge\u00e7erler ama \u00e7ete reisinin korkun\u00e7 yetene\u011fi i\u015fleri<span class=\"excerpt-hellip\"> [\u2026]<\/span><\/p>\n","protected":false},"featured_media":0,"template":"","meta":{"_monsterinsights_skip_tracking":false,"_monsterinsights_sitenote_active":false,"_monsterinsights_sitenote_note":"","_monsterinsights_sitenote_category":0},"product_brand":[],"product_cat":[12689,12274],"product_tag":[],"class_list":{"0":"post-708438","1":"product","2":"type-product","3":"status-publish","5":"product_cat-cizgi-roman-cocuk-ve-genclik-kitaplari","6":"product_cat-cocuk-ve-genclik-kitaplari","7":"pa_cilt-ciltsiz","8":"pa_tur-kitap","9":"pa_yayinevi-akil-celen-kitaplar","10":"pa_yazar-akihisa-ikeda","12":"first","13":"instock","14":"sale","15":"shipping-taxable","16":"purchasable","17":"product-type-simple"},"_links":{"self":[{"href":"https:\/\/roveyayinevi.com.tr\/index.php\/wp-json\/wp\/v2\/product\/708438","targetHints":{"allow":["GET"]}}],"collection":[{"href":"https:\/\/roveyayinevi.com.tr\/index.php\/wp-json\/wp\/v2\/product"}],"about":[{"href":"https:\/\/roveyayinevi.com.tr\/index.php\/wp-json\/wp\/v2\/types\/product"}],"wp:attachment":[{"href":"https:\/\/roveyayinevi.com.tr\/index.php\/wp-json\/wp\/v2\/media?parent=708438"}],"wp:term":[{"taxonomy":"product_brand","embeddable":true,"href":"https:\/\/roveyayinevi.com.tr\/index.php\/wp-json\/wp\/v2\/product_brand?post=708438"},{"taxonomy":"product_cat","embeddable":true,"href":"https:\/\/roveyayinevi.com.tr\/index.php\/wp-json\/wp\/v2\/product_cat?post=708438"},{"taxonomy":"product_tag","embeddable":true,"href":"https:\/\/roveyayinevi.com.tr\/index.php\/wp-json\/wp\/v2\/product_tag?post=708438"}],"curies":[{"name":"wp","href":"https:\/\/api.w.org\/{rel}","templated":true}]}}