{"id":708437,"date":"2025-08-27T16:14:52","date_gmt":"2025-08-27T13:14:52","guid":{"rendered":"https:\/\/roveyayinevi.com.tr\/index.php\/urun\/kucuk-oyuncu\/"},"modified":"2026-04-16T02:16:54","modified_gmt":"2026-04-15T23:16:54","slug":"kucuk-oyuncu","status":"publish","type":"product","link":"https:\/\/roveyayinevi.com.tr\/index.php\/urun\/kucuk-oyuncu\/","title":{"rendered":"K\u00fc\u00e7\u00fck Oyuncu"},"content":{"rendered":"<p>Uzun y\u0131llar tiyatroda \u00e7al\u0131\u015fan ve bu ortam\u0131 \u00e7ok iyi tan\u0131yan P\u0131nar K\u00fcr, ikinci roman\u0131 olan K\u00fc\u00e7\u00fck Oyuncu\u2019da \u201ctiyatro insan\u0131\u201dndan yola \u00e7\u0131karak \u201cinsan\u201d\u0131 ara\u015ft\u0131r\u0131yor. Sanat m\u0131 hayattan esinlenir hayat m\u0131 sanattan, sorusuna de\u011fi\u015fik bir a\u00e7\u0131dan yakla\u015farak hayat\u0131n sanattan kaynaklanabilece\u011fini, sanat\u0131n insan ili\u015fkileri \u00fcst\u00fcndeki etkisini gene kendine \u00f6zg\u00fc bir bi\u00e7imde irdeliyor. \u0130nsan ili\u015fkilerinin karma\u015f\u0131kl\u0131\u011f\u0131n\u0131 \u00e7\u00f6z\u00fcmleme konusundaki ustal\u0131\u011f\u0131yla ve \u00f6zenli anlat\u0131m\u0131yla tan\u0131nan P\u0131nar K\u00fcr\u2019\u00fcn bu roman\u0131n\u0131 yeniden yay\u0131mlamaktan k\u0131van\u00e7 duyuyoruz. \u00c7irkinli\u011fi yapay bir g\u00fczelli\u011fe d\u00f6n\u00fc\u015ft\u00fcrmeye \u00e7al\u0131\u015fmadan, k\u00fc\u00e7\u00fckl\u00fc\u011f\u00fc ger\u00e7eklere ayk\u0131r\u0131 bir b\u00fcy\u00fckl\u00fck gibi g\u00f6rme gereksinmesini duymadan, her \u015feyi oldu\u011fu gibi benimseyerek sevebilseydin e\u011fer, g\u00fczel olurdu&#8230; \u015eimdiki durumda durmadan kendi kendinden \u00f6d\u00fcn vermek zorunda kal\u0131yorsun. Oyun ortas\u0131nda yorum de\u011fi\u015ftiren ya da fark\u0131nda olmadan yorum kayd\u0131ran, ka\u00e7\u0131ran k\u00fc\u00e7\u00fck oyunculara benziyorsun \ufffcTan\u0131t\u0131m Metni<\/p>\n","protected":false},"excerpt":{"rendered":"<p>Uzun y\u0131llar tiyatroda \u00e7al\u0131\u015fan ve bu ortam\u0131 \u00e7ok iyi tan\u0131yan P\u0131nar K\u00fcr, ikinci roman\u0131 olan K\u00fc\u00e7\u00fck Oyuncu\u2019da \u201ctiyatro insan\u0131\u201dndan yola \u00e7\u0131karak \u201cinsan\u201d\u0131 ara\u015ft\u0131r\u0131yor. Sanat m\u0131 hayattan<span class=\"excerpt-hellip\"> [\u2026]<\/span><\/p>\n","protected":false},"featured_media":0,"template":"","meta":{"_monsterinsights_skip_tracking":false,"_monsterinsights_sitenote_active":false,"_monsterinsights_sitenote_note":"","_monsterinsights_sitenote_category":0},"product_brand":[],"product_cat":[12291,12711],"product_tag":[],"class_list":{"0":"post-708437","1":"product","2":"type-product","3":"status-publish","5":"product_cat-edebiyat","6":"product_cat-roman-oyku","7":"pa_cilt-ciltsiz","8":"pa_tur-kitap","9":"pa_yayinevi-can-yayinlari","10":"pa_yazar-pinar-kur","12":"first","13":"instock","14":"sale","15":"shipping-taxable","16":"purchasable","17":"product-type-simple"},"_links":{"self":[{"href":"https:\/\/roveyayinevi.com.tr\/index.php\/wp-json\/wp\/v2\/product\/708437","targetHints":{"allow":["GET"]}}],"collection":[{"href":"https:\/\/roveyayinevi.com.tr\/index.php\/wp-json\/wp\/v2\/product"}],"about":[{"href":"https:\/\/roveyayinevi.com.tr\/index.php\/wp-json\/wp\/v2\/types\/product"}],"wp:attachment":[{"href":"https:\/\/roveyayinevi.com.tr\/index.php\/wp-json\/wp\/v2\/media?parent=708437"}],"wp:term":[{"taxonomy":"product_brand","embeddable":true,"href":"https:\/\/roveyayinevi.com.tr\/index.php\/wp-json\/wp\/v2\/product_brand?post=708437"},{"taxonomy":"product_cat","embeddable":true,"href":"https:\/\/roveyayinevi.com.tr\/index.php\/wp-json\/wp\/v2\/product_cat?post=708437"},{"taxonomy":"product_tag","embeddable":true,"href":"https:\/\/roveyayinevi.com.tr\/index.php\/wp-json\/wp\/v2\/product_tag?post=708437"}],"curies":[{"name":"wp","href":"https:\/\/api.w.org\/{rel}","templated":true}]}}