{"id":708423,"date":"2025-08-27T16:14:41","date_gmt":"2025-08-27T13:14:41","guid":{"rendered":"https:\/\/roveyayinevi.com.tr\/index.php\/urun\/dua-engel-tanimaz-fatma\/"},"modified":"2026-04-16T02:16:54","modified_gmt":"2026-04-15T23:16:54","slug":"dua-engel-tanimaz-fatma","status":"publish","type":"product","link":"https:\/\/roveyayinevi.com.tr\/index.php\/urun\/dua-engel-tanimaz-fatma\/","title":{"rendered":"Dua Engel Tan\u0131maz &#8211; Fatma"},"content":{"rendered":"<p>&#8220;Hac\u0131 oldu\u011fumu duyanlar beni \u015f\u00f6yle boydan a\u015fa\u011f\u0131 s\u00fczd\u00fckten sonra \u015fa\u015fk\u0131nl\u0131kla bana; \u201cSen bu halinle hacca nas\u0131l gittin?\u201d diyorlar, ben de tebess\u00fcmle; \u201c\u00c7ok kolay, herkes gibi u\u00e7akla\u201d diyorum. Ve insanlar\u0131n beni en g\u00fcld\u00fcren sorusu \u015fu oluyor: \u201cAma sen y\u00fcr\u00fcyemiyorsun?\u201d \u00c7o\u011fu zaman g\u00fclerek \u201c\u00c7ok mu belli oluyor?\u201d derim. \u0130nsanlar bana diyorlar ki; \u201cOturdu\u011fun yerden bizden daha \u00e7ok ko\u015fturuyorsun Fatma!\u201d Ben de diyorum ki; \u201cEee, ben ayaklar\u0131m\u0131 \u00f6nden bo\u015fa yollamad\u0131m.\u2019\u2019<\/p>\n","protected":false},"excerpt":{"rendered":"<p>&#8220;Hac\u0131 oldu\u011fumu duyanlar beni \u015f\u00f6yle boydan a\u015fa\u011f\u0131 s\u00fczd\u00fckten sonra \u015fa\u015fk\u0131nl\u0131kla bana; \u201cSen bu halinle hacca nas\u0131l gittin?\u201d diyorlar, ben de tebess\u00fcmle; \u201c\u00c7ok kolay, herkes gibi u\u00e7akla\u201d<span class=\"excerpt-hellip\"> [\u2026]<\/span><\/p>\n","protected":false},"featured_media":0,"template":"","meta":{"_monsterinsights_skip_tracking":false,"_monsterinsights_sitenote_active":false,"_monsterinsights_sitenote_note":"","_monsterinsights_sitenote_category":0},"product_brand":[],"product_cat":[12274,18802],"product_tag":[],"class_list":{"0":"post-708423","1":"product","2":"type-product","3":"status-publish","5":"product_cat-cocuk-ve-genclik-kitaplari","6":"product_cat-din-egitimi","7":"pa_cilt-ciltsiz","8":"pa_tur-kitap","9":"pa_yayinevi-timas-yayinlari","10":"pa_yazar-ahmet-bulut","12":"first","13":"instock","14":"sale","15":"shipping-taxable","16":"purchasable","17":"product-type-simple"},"_links":{"self":[{"href":"https:\/\/roveyayinevi.com.tr\/index.php\/wp-json\/wp\/v2\/product\/708423","targetHints":{"allow":["GET"]}}],"collection":[{"href":"https:\/\/roveyayinevi.com.tr\/index.php\/wp-json\/wp\/v2\/product"}],"about":[{"href":"https:\/\/roveyayinevi.com.tr\/index.php\/wp-json\/wp\/v2\/types\/product"}],"wp:attachment":[{"href":"https:\/\/roveyayinevi.com.tr\/index.php\/wp-json\/wp\/v2\/media?parent=708423"}],"wp:term":[{"taxonomy":"product_brand","embeddable":true,"href":"https:\/\/roveyayinevi.com.tr\/index.php\/wp-json\/wp\/v2\/product_brand?post=708423"},{"taxonomy":"product_cat","embeddable":true,"href":"https:\/\/roveyayinevi.com.tr\/index.php\/wp-json\/wp\/v2\/product_cat?post=708423"},{"taxonomy":"product_tag","embeddable":true,"href":"https:\/\/roveyayinevi.com.tr\/index.php\/wp-json\/wp\/v2\/product_tag?post=708423"}],"curies":[{"name":"wp","href":"https:\/\/api.w.org\/{rel}","templated":true}]}}