{"id":708405,"date":"2025-08-27T16:14:33","date_gmt":"2025-08-27T13:14:33","guid":{"rendered":"https:\/\/roveyayinevi.com.tr\/index.php\/urun\/mucitler-ve-icat-oykuleri\/"},"modified":"2026-04-16T02:16:54","modified_gmt":"2026-04-15T23:16:54","slug":"mucitler-ve-icat-oykuleri","status":"publish","type":"product","link":"https:\/\/roveyayinevi.com.tr\/index.php\/urun\/mucitler-ve-icat-oykuleri\/","title":{"rendered":"Mucitler ve \u0130cat \u00d6yk\u00fcleri"},"content":{"rendered":"<p>Sinema makinesinden telefona, lokomotiften d\u00fcd\u00fckl\u00fc tencereye, bisikletten fermuara, hayat\u0131m\u0131z\u0131 kolayla\u015ft\u0131ran k\u00fc\u00e7\u00fck b\u00fcy\u00fck \u015feylerin komik momik \u00f6yk\u00fcleri\u2026 Kim, neyi, nerede, ne zaman, nas\u0131l buldu bu kitapta! Belki senin de i\u00e7inde bir yerlerde \u00e7\u0131lg\u0131n bir mucit sakl\u0131d\u0131r, bilemezsin, hen\u00fcz bu kitab\u0131 okumad\u0131n ki\u2026 <\/p>\n","protected":false},"excerpt":{"rendered":"<p>Sinema makinesinden telefona, lokomotiften d\u00fcd\u00fckl\u00fc tencereye, bisikletten fermuara, hayat\u0131m\u0131z\u0131 kolayla\u015ft\u0131ran k\u00fc\u00e7\u00fck b\u00fcy\u00fck \u015feylerin komik momik \u00f6yk\u00fcleri\u2026 Kim, neyi, nerede, ne zaman, nas\u0131l buldu bu kitapta! Belki<span class=\"excerpt-hellip\"> [\u2026]<\/span><\/p>\n","protected":false},"featured_media":0,"template":"","meta":{"_monsterinsights_skip_tracking":false,"_monsterinsights_sitenote_active":false,"_monsterinsights_sitenote_note":"","_monsterinsights_sitenote_category":0},"product_brand":[],"product_cat":[12275,12274],"product_tag":[],"class_list":{"0":"post-708405","1":"product","2":"type-product","3":"status-publish","5":"product_cat-6-12-yas-kitaplari","6":"product_cat-cocuk-ve-genclik-kitaplari","7":"pa_cilt-ciltsiz","8":"pa_tur-kitap","9":"pa_yayinevi-genc-timas","10":"pa_yazar-cigdem-can","12":"first","13":"instock","14":"sale","15":"shipping-taxable","16":"purchasable","17":"product-type-simple"},"_links":{"self":[{"href":"https:\/\/roveyayinevi.com.tr\/index.php\/wp-json\/wp\/v2\/product\/708405","targetHints":{"allow":["GET"]}}],"collection":[{"href":"https:\/\/roveyayinevi.com.tr\/index.php\/wp-json\/wp\/v2\/product"}],"about":[{"href":"https:\/\/roveyayinevi.com.tr\/index.php\/wp-json\/wp\/v2\/types\/product"}],"wp:attachment":[{"href":"https:\/\/roveyayinevi.com.tr\/index.php\/wp-json\/wp\/v2\/media?parent=708405"}],"wp:term":[{"taxonomy":"product_brand","embeddable":true,"href":"https:\/\/roveyayinevi.com.tr\/index.php\/wp-json\/wp\/v2\/product_brand?post=708405"},{"taxonomy":"product_cat","embeddable":true,"href":"https:\/\/roveyayinevi.com.tr\/index.php\/wp-json\/wp\/v2\/product_cat?post=708405"},{"taxonomy":"product_tag","embeddable":true,"href":"https:\/\/roveyayinevi.com.tr\/index.php\/wp-json\/wp\/v2\/product_tag?post=708405"}],"curies":[{"name":"wp","href":"https:\/\/api.w.org\/{rel}","templated":true}]}}