{"id":708400,"date":"2025-08-27T16:14:31","date_gmt":"2025-08-27T13:14:31","guid":{"rendered":"https:\/\/roveyayinevi.com.tr\/index.php\/urun\/hermesler-hermesi\/"},"modified":"2026-04-16T02:16:53","modified_gmt":"2026-04-15T23:16:53","slug":"hermesler-hermesi","status":"publish","type":"product","link":"https:\/\/roveyayinevi.com.tr\/index.php\/urun\/hermesler-hermesi\/","title":{"rendered":"Hermesler Hermesi"},"content":{"rendered":"<p>Dinler tarihi, Felsefe tarihi ve Bilim tarihi disiplinlerini diyakronik olarak geriye g\u00f6t\u00fcrd\u00fc\u011f\u00fcm\u00fczde, her \u00fc\u00e7 sahan\u0131n kesi\u015fti\u011fi bir hem-zaman (senkronik) nokta \u00fczerinde kar\u015f\u0131m\u0131za \u00e7\u0131kar \u201cHermes\u201d fig\u00fcr\u00fc.Orta\u00e7a\u011f\u2019da, zaman zaman M\u0131s\u0131rl\u0131lar\u0131n Thoth\u2019u, Yahudilerin Uhnuh\u2019u, eski \u0130ranl\u0131lar\u0131n H\u00fb\u015feng\u2019i, zaman zaman da M\u00fcsl\u00fcmanlar\u0131n \u0130dris\u2019i(as) ile bir tutulmu\u015f, hangi co\u011frafyada olursa olsun, insanlar onu insanl\u0131\u011fa il\u00e2h\u00ee bir mesaj getiren ve ilimlerin kurucusu bir peygamber olarak g\u00f6rm\u00fc\u015flerdir.Prof. Dr. Mahmud Erol K\u0131l\u0131\u00e7, y\u00fcksek lisans tezi olarak haz\u0131rlad\u0131\u011f\u0131 bu eserde, konunun tarih\u00ee zeminini Hermes\u2019in \u015fahsiyeti etraf\u0131nda inceliyor, bu tarih\u00eeli\u011fin g\u00fcn\u00fcm\u00fcze ula\u015fm\u0131\u015f yaz\u0131l\u0131 ves-ikalar\u0131 olan K\u00fclliyat (Corpus Hermeticum) <\/p>\n","protected":false},"excerpt":{"rendered":"<p>Dinler tarihi, Felsefe tarihi ve Bilim tarihi disiplinlerini diyakronik olarak geriye g\u00f6t\u00fcrd\u00fc\u011f\u00fcm\u00fczde, her \u00fc\u00e7 sahan\u0131n kesi\u015fti\u011fi bir hem-zaman (senkronik) nokta \u00fczerinde kar\u015f\u0131m\u0131za \u00e7\u0131kar \u201cHermes\u201d fig\u00fcr\u00fc.Orta\u00e7a\u011f\u2019da, zaman<span class=\"excerpt-hellip\"> [\u2026]<\/span><\/p>\n","protected":false},"featured_media":0,"template":"","meta":{"_monsterinsights_skip_tracking":false,"_monsterinsights_sitenote_active":false,"_monsterinsights_sitenote_note":"","_monsterinsights_sitenote_category":0},"product_brand":[],"product_cat":[12388,14717],"product_tag":[],"class_list":{"0":"post-708400","1":"product","2":"type-product","3":"status-publish","5":"product_cat-felsefe","6":"product_cat-felsefe-tarihi","7":"pa_cilt-ciltsiz","8":"pa_tur-kitap","9":"pa_yayinevi-sufi-kitap","10":"pa_yazar-mahmud-erol-kilic","12":"first","13":"instock","14":"sale","15":"shipping-taxable","16":"purchasable","17":"product-type-simple"},"_links":{"self":[{"href":"https:\/\/roveyayinevi.com.tr\/index.php\/wp-json\/wp\/v2\/product\/708400","targetHints":{"allow":["GET"]}}],"collection":[{"href":"https:\/\/roveyayinevi.com.tr\/index.php\/wp-json\/wp\/v2\/product"}],"about":[{"href":"https:\/\/roveyayinevi.com.tr\/index.php\/wp-json\/wp\/v2\/types\/product"}],"wp:attachment":[{"href":"https:\/\/roveyayinevi.com.tr\/index.php\/wp-json\/wp\/v2\/media?parent=708400"}],"wp:term":[{"taxonomy":"product_brand","embeddable":true,"href":"https:\/\/roveyayinevi.com.tr\/index.php\/wp-json\/wp\/v2\/product_brand?post=708400"},{"taxonomy":"product_cat","embeddable":true,"href":"https:\/\/roveyayinevi.com.tr\/index.php\/wp-json\/wp\/v2\/product_cat?post=708400"},{"taxonomy":"product_tag","embeddable":true,"href":"https:\/\/roveyayinevi.com.tr\/index.php\/wp-json\/wp\/v2\/product_tag?post=708400"}],"curies":[{"name":"wp","href":"https:\/\/api.w.org\/{rel}","templated":true}]}}