{"id":708392,"date":"2025-08-27T16:14:27","date_gmt":"2025-08-27T13:14:27","guid":{"rendered":"https:\/\/roveyayinevi.com.tr\/index.php\/urun\/evlatlik\/"},"modified":"2026-04-16T02:16:53","modified_gmt":"2026-04-15T23:16:53","slug":"evlatlik","status":"publish","type":"product","link":"https:\/\/roveyayinevi.com.tr\/index.php\/urun\/evlatlik\/","title":{"rendered":"Evlatl\u0131k"},"content":{"rendered":"<p>17 ya\u015f\u0131nda gen\u00e7 bir k\u0131z yaz tatilinde ailesiyle g\u00fczel bir tatilin hayalini kurarken talihsiz bir kaza sonucu ailesini ve do\u011facak karde\u015fini kaybeder. Ailesi ve en yak\u0131n arkada\u015f\u0131 Selin\u2019den ba\u015fka kimsesi olmayan Ada kaza yapt\u0131klar\u0131 ailenin \u00e7ok zengin bir aile oldu\u011funu ve bu olay\u0131n \u00fcst\u00fcn\u00fc kapatt\u0131klar\u0131n\u0131 \u00f6\u011frenince kahrolur. Tam da t\u00fcm umudunu kaybedecekken cenazenin oldu\u011fu ak\u015fam zil \u00e7alar ve ailesinin kaza yapt\u0131\u011f\u0131 ki\u015filer, \u00ab Yar\u0131n sabah seni almak zorunday\u0131z, yoksa yetimhaneye gitmek zorunda kal\u0131rs\u0131n. \u00bb dediler. \u0130\u015fte Ada her \u015fey bitti san\u0131yorken asl\u0131nda her \u015feyin yeni ba\u015flad\u0131\u011f\u0131ndan habersizdi. Ada\u2019n\u0131n bitti sanarken ba\u015flayan hik\u00e2yesi\u2026 <\/p>\n","protected":false},"excerpt":{"rendered":"<p>17 ya\u015f\u0131nda gen\u00e7 bir k\u0131z yaz tatilinde ailesiyle g\u00fczel bir tatilin hayalini kurarken talihsiz bir kaza sonucu ailesini ve do\u011facak karde\u015fini kaybeder. Ailesi ve en yak\u0131n<span class=\"excerpt-hellip\"> [\u2026]<\/span><\/p>\n","protected":false},"featured_media":0,"template":"","meta":{"_monsterinsights_skip_tracking":false,"_monsterinsights_sitenote_active":false,"_monsterinsights_sitenote_note":"","_monsterinsights_sitenote_category":0},"product_brand":[],"product_cat":[12291,12711],"product_tag":[],"class_list":{"0":"post-708392","1":"product","2":"type-product","3":"status-publish","5":"product_cat-edebiyat","6":"product_cat-roman-oyku","7":"pa_cilt-ciltsiz","8":"pa_tur-kitap","9":"pa_yayinevi-herdem-kitap","10":"pa_yazar-kollektif","12":"first","13":"instock","14":"sale","15":"shipping-taxable","16":"purchasable","17":"product-type-simple"},"_links":{"self":[{"href":"https:\/\/roveyayinevi.com.tr\/index.php\/wp-json\/wp\/v2\/product\/708392","targetHints":{"allow":["GET"]}}],"collection":[{"href":"https:\/\/roveyayinevi.com.tr\/index.php\/wp-json\/wp\/v2\/product"}],"about":[{"href":"https:\/\/roveyayinevi.com.tr\/index.php\/wp-json\/wp\/v2\/types\/product"}],"wp:attachment":[{"href":"https:\/\/roveyayinevi.com.tr\/index.php\/wp-json\/wp\/v2\/media?parent=708392"}],"wp:term":[{"taxonomy":"product_brand","embeddable":true,"href":"https:\/\/roveyayinevi.com.tr\/index.php\/wp-json\/wp\/v2\/product_brand?post=708392"},{"taxonomy":"product_cat","embeddable":true,"href":"https:\/\/roveyayinevi.com.tr\/index.php\/wp-json\/wp\/v2\/product_cat?post=708392"},{"taxonomy":"product_tag","embeddable":true,"href":"https:\/\/roveyayinevi.com.tr\/index.php\/wp-json\/wp\/v2\/product_tag?post=708392"}],"curies":[{"name":"wp","href":"https:\/\/api.w.org\/{rel}","templated":true}]}}