{"id":708391,"date":"2025-08-27T16:14:26","date_gmt":"2025-08-27T13:14:26","guid":{"rendered":"https:\/\/roveyayinevi.com.tr\/index.php\/urun\/nasreddin-hoca-6\/"},"modified":"2026-04-16T02:16:53","modified_gmt":"2026-04-15T23:16:53","slug":"nasreddin-hoca-6","status":"publish","type":"product","link":"https:\/\/roveyayinevi.com.tr\/index.php\/urun\/nasreddin-hoca-6\/","title":{"rendered":"Nasreddin Hoca"},"content":{"rendered":"<p>\u201cHoca\u2019n\u0131n 21. Y\u00fczy\u0131l\u0131n ac\u0131lar\u0131na da ne kadar g\u00fc\u00e7l\u00fc bir merhem oldu\u011funu g\u00f6stermeye katk\u0131s\u0131 olmas\u0131 i\u00e7in ben de Nasreddin Hoca\u2019n\u0131n talebeli\u011fine soyundum. Diktat\u00f6rler ne kadar g\u00fc\u00e7, kudret sahibi olursa olsun mizahla ba\u015f edemezler. T\u0131pk\u0131 Hoca\u2019n\u0131n bin odal\u0131 saraydaki Timur\u2019u hep alt etmesi gibi\u2026 G\u00fcl\u00fcmsemek, iki insan aras\u0131ndaki en k\u0131sa mesafedir. G\u00fcl\u00fcmsemek, ya\u015fam\u0131n zorluklar\u0131na kar\u015f\u0131 en b\u00fcy\u00fck g\u00fc\u00e7t\u00fcr. Nasreddin Hoca\u2019ya bug\u00fcn de \u00e7ok gereksinmemiz var.\u201d (Mustafa Balbay)   Mizah her zaman halk\u0131n kendisini en g\u00fc\u00e7l\u00fc ifade etti\u011fi alanlardan biri olmu\u015ftur. Mustafa Balbay da geleneksel de\u011ferlerimizden Nasreddin Hoca\u2019y\u0131 yetkin T\u00fcrk\u00e7esiyle g\u00fcn\u00fcm\u00fcze ta\u015f\u0131yor ve \u00fc\u00e7 y\u00fcze yak\u0131n hik\u00e2yenin uyakl\u0131 anlat\u0131m\u0131yla geni\u015f bir Nasreddin Hoca k\u00fclliyat\u0131n\u0131 bizimle bulu\u015fturuyor. Hem b\u00fcy\u00fckler i\u00e7in, hem \u00e7ocuklar i\u00e7in k\u0131ssadan hisselerle dolu bu kitab\u0131 okurken her bir anlat\u0131m\u0131n bug\u00fcn ya\u015fad\u0131klar\u0131m\u0131za da ne kadar denk d\u00fc\u015ft\u00fc\u011f\u00fcn\u00fc g\u00f6receksiniz <\/p>\n","protected":false},"excerpt":{"rendered":"<p>\u201cHoca\u2019n\u0131n 21. Y\u00fczy\u0131l\u0131n ac\u0131lar\u0131na da ne kadar g\u00fc\u00e7l\u00fc bir merhem oldu\u011funu g\u00f6stermeye katk\u0131s\u0131 olmas\u0131 i\u00e7in ben de Nasreddin Hoca\u2019n\u0131n talebeli\u011fine soyundum. Diktat\u00f6rler ne kadar g\u00fc\u00e7, kudret<span class=\"excerpt-hellip\"> [\u2026]<\/span><\/p>\n","protected":false},"featured_media":0,"template":"","meta":{"_monsterinsights_skip_tracking":false,"_monsterinsights_sitenote_active":false,"_monsterinsights_sitenote_note":"","_monsterinsights_sitenote_category":0},"product_brand":[],"product_cat":[12275,12274],"product_tag":[],"class_list":{"0":"post-708391","1":"product","2":"type-product","3":"status-publish","5":"product_cat-6-12-yas-kitaplari","6":"product_cat-cocuk-ve-genclik-kitaplari","7":"pa_cilt-ciltsiz","8":"pa_tur-kitap","9":"pa_yayinevi-bilgi-yayinevi","10":"pa_yazar-mustafa-balbay","12":"first","13":"instock","14":"sale","15":"shipping-taxable","16":"purchasable","17":"product-type-simple"},"_links":{"self":[{"href":"https:\/\/roveyayinevi.com.tr\/index.php\/wp-json\/wp\/v2\/product\/708391","targetHints":{"allow":["GET"]}}],"collection":[{"href":"https:\/\/roveyayinevi.com.tr\/index.php\/wp-json\/wp\/v2\/product"}],"about":[{"href":"https:\/\/roveyayinevi.com.tr\/index.php\/wp-json\/wp\/v2\/types\/product"}],"wp:attachment":[{"href":"https:\/\/roveyayinevi.com.tr\/index.php\/wp-json\/wp\/v2\/media?parent=708391"}],"wp:term":[{"taxonomy":"product_brand","embeddable":true,"href":"https:\/\/roveyayinevi.com.tr\/index.php\/wp-json\/wp\/v2\/product_brand?post=708391"},{"taxonomy":"product_cat","embeddable":true,"href":"https:\/\/roveyayinevi.com.tr\/index.php\/wp-json\/wp\/v2\/product_cat?post=708391"},{"taxonomy":"product_tag","embeddable":true,"href":"https:\/\/roveyayinevi.com.tr\/index.php\/wp-json\/wp\/v2\/product_tag?post=708391"}],"curies":[{"name":"wp","href":"https:\/\/api.w.org\/{rel}","templated":true}]}}