{"id":708379,"date":"2025-08-27T16:14:21","date_gmt":"2025-08-27T13:14:21","guid":{"rendered":"https:\/\/roveyayinevi.com.tr\/index.php\/urun\/du-loir-seyahatnamesi\/"},"modified":"2026-04-16T02:16:53","modified_gmt":"2026-04-15T23:16:53","slug":"du-loir-seyahatnamesi","status":"publish","type":"product","link":"https:\/\/roveyayinevi.com.tr\/index.php\/urun\/du-loir-seyahatnamesi\/","title":{"rendered":"Du Loir Seyahatnamesi"},"content":{"rendered":"<p>S\u00f6r Clausier du Loir, Sultan IV. Murad (1623-1640) zaman\u0131nda \u0130stanbul\u2019a gelmi\u015ftir. Osmanl\u0131 devlet te\u015fkilat\u0131, saray\u0131, T\u00fcrklerin ya\u015fam tarzlar\u0131, gelenek-g\u00f6renekleri, inan\u00e7 ve ibadetleri ve Antik\u00e7a\u011f eserlerine y\u00f6nelik doyumsuz bir merakla g\u00f6zlemlerde bulunmu\u015ftur. XVII. Y\u00fczy\u0131lda Fransa\u2019da Osmanl\u0131ya kar\u015f\u0131 duyulan hayranl\u0131k ve merak onun sat\u0131rlar\u0131na olduk\u00e7a canl\u0131 bir \u015fekilde yans\u0131m\u0131\u015ft\u0131r. Fransa\u2019daki dostlar\u0131na yazd\u0131\u011f\u0131 mektuplarla hem bu merak\u0131 giderirken hem de Frans\u0131z kamuoyunun T\u00fcrklerle ilgili ihtiya\u00e7 duydu\u011fu bilgileri nakletmi\u015ftir. Hayat\u0131nda hi\u00e7 kahve ve limonata tatmam\u0131\u015f bir Frans\u0131z\u2019\u0131n bu lezzetlerle ilk kar\u015f\u0131la\u015fmas\u0131ndaki hayranl\u0131k ve \u015fa\u015fk\u0131nl\u0131\u011f\u0131 mektuplar\u0131nda okumak, hem e\u011flenceli ortam sunmakta hem de T\u00fcrk ya\u015fam tarz\u0131n\u0131n zenginli\u011fini ortaya koymaktad\u0131r. Sultan IV. Murad\u2019\u0131n Ba\u011fdat seferinin bir kahramanl\u0131k \u00f6yk\u00fcs\u00fc olarak sunulmas\u0131 ve bu seferin hik\u00e2yesinin Antik\u00e7a\u011f\u2019daki kahramanl\u0131klarla k\u0131yaslanmas\u0131 Bat\u0131 d\u00fcnyas\u0131ndaki Osmanl\u0131 alg\u0131s\u0131n\u0131 anlamak a\u00e7\u0131s\u0131ndan kayda de\u011ferdir. Frans\u0131z S\u00f6r du Loir\u2019n\u0131n, H\u0131ristiyan Bat\u0131l\u0131 bak\u0131\u015f a\u00e7\u0131s\u0131yla XVII. y\u00fczy\u0131l Osmanl\u0131 T\u00fcrk d\u00fcnyas\u0131na ili\u015fkin sundu\u011fu g\u00f6zlemler farkl\u0131 \u00fcslupla okuyucunun bilgisini artt\u0131raca\u011f\u0131 gibi tarih ara\u015ft\u0131rmac\u0131lar\u0131 i\u00e7in de yeni veriler sunacakt\u0131r. <\/p>\n","protected":false},"excerpt":{"rendered":"<p>S\u00f6r Clausier du Loir, Sultan IV. Murad (1623-1640) zaman\u0131nda \u0130stanbul\u2019a gelmi\u015ftir. Osmanl\u0131 devlet te\u015fkilat\u0131, saray\u0131, T\u00fcrklerin ya\u015fam tarzlar\u0131, gelenek-g\u00f6renekleri, inan\u00e7 ve ibadetleri ve Antik\u00e7a\u011f eserlerine y\u00f6nelik<span class=\"excerpt-hellip\"> [\u2026]<\/span><\/p>\n","protected":false},"featured_media":0,"template":"","meta":{"_monsterinsights_skip_tracking":false,"_monsterinsights_sitenote_active":false,"_monsterinsights_sitenote_note":"","_monsterinsights_sitenote_category":0},"product_brand":[],"product_cat":[13528,13527],"product_tag":[],"class_list":{"0":"post-708379","1":"product","2":"type-product","3":"status-publish","5":"product_cat-gezi","6":"product_cat-sureli-yayinlar","7":"pa_cilt-ciltsiz","8":"pa_tur-kitap","9":"pa_yayinevi-yeditepe-yayinevi","10":"pa_yazar-mustafa-das","12":"first","13":"instock","14":"sale","15":"shipping-taxable","16":"purchasable","17":"product-type-simple"},"_links":{"self":[{"href":"https:\/\/roveyayinevi.com.tr\/index.php\/wp-json\/wp\/v2\/product\/708379","targetHints":{"allow":["GET"]}}],"collection":[{"href":"https:\/\/roveyayinevi.com.tr\/index.php\/wp-json\/wp\/v2\/product"}],"about":[{"href":"https:\/\/roveyayinevi.com.tr\/index.php\/wp-json\/wp\/v2\/types\/product"}],"wp:attachment":[{"href":"https:\/\/roveyayinevi.com.tr\/index.php\/wp-json\/wp\/v2\/media?parent=708379"}],"wp:term":[{"taxonomy":"product_brand","embeddable":true,"href":"https:\/\/roveyayinevi.com.tr\/index.php\/wp-json\/wp\/v2\/product_brand?post=708379"},{"taxonomy":"product_cat","embeddable":true,"href":"https:\/\/roveyayinevi.com.tr\/index.php\/wp-json\/wp\/v2\/product_cat?post=708379"},{"taxonomy":"product_tag","embeddable":true,"href":"https:\/\/roveyayinevi.com.tr\/index.php\/wp-json\/wp\/v2\/product_tag?post=708379"}],"curies":[{"name":"wp","href":"https:\/\/api.w.org\/{rel}","templated":true}]}}