{"id":708377,"date":"2025-08-27T16:14:20","date_gmt":"2025-08-27T13:14:20","guid":{"rendered":"https:\/\/roveyayinevi.com.tr\/index.php\/urun\/borclar-hukuku-genel-hukumler\/"},"modified":"2026-04-16T02:16:53","modified_gmt":"2026-04-15T23:16:53","slug":"borclar-hukuku-genel-hukumler","status":"publish","type":"product","link":"https:\/\/roveyayinevi.com.tr\/index.php\/urun\/borclar-hukuku-genel-hukumler\/","title":{"rendered":"Bor\u00e7lar Hukuku Genel H\u00fck\u00fcmler"},"content":{"rendered":"<p>\u0130\u00e7indekiler: -Bor\u00e7lar Hukukunun Konusu,Kaynaklar\u0131 ve Temel Kaynaklar\u0131 -Bor\u00e7 \u0130li\u015fkisinin Kaynaklar\u0131,Do\u011fu\u015fu,Hukuk\u00ee Muameleler -Hukuka Ayk\u0131r\u0131 Fiiller -Sebepsiz Zenginle\u015fme ve Borcun Di\u011fer Kaynaklar\u0131 -Borcun \u0130fas\u0131 -Borcun \u0130hlali ve Bor\u00e7lunun Temerr\u00fcd\u00fc -Borcun Sona Ermesi -Bor\u00e7 \u0130li\u015fkisinde \u00d6zel Durumlar \ufffcTan\u0131t\u0131m Metni<\/p>\n","protected":false},"excerpt":{"rendered":"<p>\u0130\u00e7indekiler: -Bor\u00e7lar Hukukunun Konusu,Kaynaklar\u0131 ve Temel Kaynaklar\u0131 -Bor\u00e7 \u0130li\u015fkisinin Kaynaklar\u0131,Do\u011fu\u015fu,Hukuk\u00ee Muameleler -Hukuka Ayk\u0131r\u0131 Fiiller -Sebepsiz Zenginle\u015fme ve Borcun Di\u011fer Kaynaklar\u0131 -Borcun \u0130fas\u0131 -Borcun \u0130hlali ve Bor\u00e7lunun<span class=\"excerpt-hellip\"> [\u2026]<\/span><\/p>\n","protected":false},"featured_media":0,"template":"","meta":{"_monsterinsights_skip_tracking":false,"_monsterinsights_sitenote_active":false,"_monsterinsights_sitenote_note":"","_monsterinsights_sitenote_category":0},"product_brand":[],"product_cat":[12573,12566],"product_tag":[],"class_list":{"0":"post-708377","1":"product","2":"type-product","3":"status-publish","5":"product_cat-akademik-kitaplar","6":"product_cat-egitim","7":"pa_cilt-ciltsiz","8":"pa_tur-kitap","9":"pa_yayinevi-gazi-kitabevi","10":"pa_yazar-ihsan-erdogan","12":"first","13":"instock","14":"sale","15":"shipping-taxable","16":"purchasable","17":"product-type-simple"},"_links":{"self":[{"href":"https:\/\/roveyayinevi.com.tr\/index.php\/wp-json\/wp\/v2\/product\/708377","targetHints":{"allow":["GET"]}}],"collection":[{"href":"https:\/\/roveyayinevi.com.tr\/index.php\/wp-json\/wp\/v2\/product"}],"about":[{"href":"https:\/\/roveyayinevi.com.tr\/index.php\/wp-json\/wp\/v2\/types\/product"}],"wp:attachment":[{"href":"https:\/\/roveyayinevi.com.tr\/index.php\/wp-json\/wp\/v2\/media?parent=708377"}],"wp:term":[{"taxonomy":"product_brand","embeddable":true,"href":"https:\/\/roveyayinevi.com.tr\/index.php\/wp-json\/wp\/v2\/product_brand?post=708377"},{"taxonomy":"product_cat","embeddable":true,"href":"https:\/\/roveyayinevi.com.tr\/index.php\/wp-json\/wp\/v2\/product_cat?post=708377"},{"taxonomy":"product_tag","embeddable":true,"href":"https:\/\/roveyayinevi.com.tr\/index.php\/wp-json\/wp\/v2\/product_tag?post=708377"}],"curies":[{"name":"wp","href":"https:\/\/api.w.org\/{rel}","templated":true}]}}