{"id":708355,"date":"2025-08-27T16:14:12","date_gmt":"2025-08-27T13:14:12","guid":{"rendered":"https:\/\/roveyayinevi.com.tr\/index.php\/urun\/once-sen\/"},"modified":"2026-03-07T02:25:23","modified_gmt":"2026-03-06T23:25:23","slug":"once-sen","status":"publish","type":"product","link":"https:\/\/roveyayinevi.com.tr\/index.php\/urun\/once-sen\/","title":{"rendered":"\u00d6nce Sen"},"content":{"rendered":"<p>Ba\u015fkalar\u0131n\u0131n ne d\u00fc\u015f\u00fcnd\u00fc\u011f\u00fcn\u00fc kendisinden daha \u00e7ok \u00f6nemseyen bir toplumda, ne yaz\u0131k ki hakl\u0131 olma kayg\u0131s\u0131 da \u00fcst d\u00fczeydedir. Zira ne kadar hakl\u0131ysan\u0131z o kadar kabul g\u00f6r\u00fcr, o kadar  makbul ve iyi bir insanm\u0131\u015f gibi olursunuz! Ne var ki aslolan ki\u015finin kendisine verdi\u011fi cevap ve ger\u00e7ekten mutlu olup olmad\u0131\u011f\u0131d\u0131r.Peki kime \u00d6nce Sen diyoruz? Kar\u015f\u0131m\u0131zdakine mi, yoksa kendimize mi? \u00d6nceli\u011fi kendimize vermek bencilik anlam\u0131na m\u0131 geliyor? Ya da kar\u015f\u0131m\u0131zdakine verdi\u011fimizde, onu var ederken kendimizi yok saym\u0131\u015f olmuyor muyuz?Belki de bu defa, bizi biz yapan egolar\u0131m\u0131z\u0131 ortadan kald\u0131rmaya \u00e7al\u0131\u015fmak yerine onlar\u0131 ehlile\u015ftirmeyi denemeliyizdir. Ne kendimizi yok sayarak, ne de kar\u015f\u0131m\u0131zdakini olmad\u0131\u011f\u0131 bir yere \u00e7\u0131kararak\u2026Ya\u015fam kendi yolunu \u00e7izmen ve o yolda mutlu bir yolculuk s\u00fcrd\u00fcrmen i\u00e7in t\u00fcm f\u0131rsatlar\u0131 \u00f6n\u00fcne \u00e7\u0131kar\u0131rken, sen kendini yok sayarsan e\u011fer, ba\u015fka kimler yok saymaz ki&#8230;Dan\u0131\u015fanlar\u0131yla yapt\u0131\u011f\u0131 seanslarda, bireylerin en \u00e7ok \u00fczerinde durduklar\u0131,  anlamakta, kabul etmekte, y\u00fczle\u015fmekte ve \u00e7\u00f6zmekte sorun ya\u015fad\u0131klar\u0131 konular\u0131 kitab\u0131n\u0131n ba\u015fl\u0131klar\u0131na ta\u015f\u0131yan Psikoterapist \u00c7a\u011fatay C. \u00d6zt\u00fcrk, modern toplumdaki bireyin mutlu olabilmesi i\u00e7in \u00f6ncelikle kendisini tan\u0131mas\u0131 gerekti\u011fini \u00d6nce Sen ile sadece dan\u0131\u015fanlar\u0131na de\u011fil, art\u0131k okurlar\u0131na da aktar\u0131yor. <\/p>\n","protected":false},"excerpt":{"rendered":"<p>Ba\u015fkalar\u0131n\u0131n ne d\u00fc\u015f\u00fcnd\u00fc\u011f\u00fcn\u00fc kendisinden daha \u00e7ok \u00f6nemseyen bir toplumda, ne yaz\u0131k ki hakl\u0131 olma kayg\u0131s\u0131 da \u00fcst d\u00fczeydedir. Zira ne kadar hakl\u0131ysan\u0131z o kadar kabul g\u00f6r\u00fcr,<span class=\"excerpt-hellip\"> [\u2026]<\/span><\/p>\n","protected":false},"featured_media":0,"template":"","meta":{"_monsterinsights_skip_tracking":false,"_monsterinsights_sitenote_active":false,"_monsterinsights_sitenote_note":"","_monsterinsights_sitenote_category":0},"product_brand":[],"product_cat":[12364,12376],"product_tag":[],"class_list":{"0":"post-708355","1":"product","2":"type-product","3":"status-publish","5":"product_cat-genel-konular","6":"product_cat-kisisel-gelisim","7":"pa_cilt-ciltsiz","8":"pa_tur-kitap","9":"pa_yayinevi-inkilap-kitabevi","10":"pa_yazar-cagatay-c-ozturk","12":"first","13":"instock","14":"sale","15":"shipping-taxable","16":"purchasable","17":"product-type-simple"},"_links":{"self":[{"href":"https:\/\/roveyayinevi.com.tr\/index.php\/wp-json\/wp\/v2\/product\/708355","targetHints":{"allow":["GET"]}}],"collection":[{"href":"https:\/\/roveyayinevi.com.tr\/index.php\/wp-json\/wp\/v2\/product"}],"about":[{"href":"https:\/\/roveyayinevi.com.tr\/index.php\/wp-json\/wp\/v2\/types\/product"}],"wp:attachment":[{"href":"https:\/\/roveyayinevi.com.tr\/index.php\/wp-json\/wp\/v2\/media?parent=708355"}],"wp:term":[{"taxonomy":"product_brand","embeddable":true,"href":"https:\/\/roveyayinevi.com.tr\/index.php\/wp-json\/wp\/v2\/product_brand?post=708355"},{"taxonomy":"product_cat","embeddable":true,"href":"https:\/\/roveyayinevi.com.tr\/index.php\/wp-json\/wp\/v2\/product_cat?post=708355"},{"taxonomy":"product_tag","embeddable":true,"href":"https:\/\/roveyayinevi.com.tr\/index.php\/wp-json\/wp\/v2\/product_tag?post=708355"}],"curies":[{"name":"wp","href":"https:\/\/api.w.org\/{rel}","templated":true}]}}