{"id":708349,"date":"2025-08-27T16:14:09","date_gmt":"2025-08-27T13:14:09","guid":{"rendered":"https:\/\/roveyayinevi.com.tr\/index.php\/urun\/erkeklerin-turban-sorunu\/"},"modified":"2026-04-16T02:16:52","modified_gmt":"2026-04-15T23:16:52","slug":"erkeklerin-turban-sorunu","status":"publish","type":"product","link":"https:\/\/roveyayinevi.com.tr\/index.php\/urun\/erkeklerin-turban-sorunu\/","title":{"rendered":"Erkeklerin T\u00fcrban Sorunu"},"content":{"rendered":"<p>Yapt\u0131\u011f\u0131m ara\u015ft\u0131rmalarda \u00f6rt\u00fcnen kad\u0131nlar\u0131n en az y\u00fczde 50-60\u2019\u0131n\u0131n baba, koca, a\u011fabey, sevgili, emmio\u011flu, day\u0131o\u011flu, halao\u011flu, teyzeo\u011flu gibi bir erke\u011fin bask\u0131s\u0131 nedeniyle kapand\u0131\u011f\u0131n\u0131 g\u00f6zlemledim. Bu nedenle diyorum ki;            T\u00fcrkiye\u2019de kad\u0131nlar\u0131n de\u011fil, kad\u0131nlar\u0131 kapanmaya zorlayan ERKEKLER\u0130N T\u00dcRBAN SORUNU vard\u0131r. Ad\u0131n\u0131 bu tespitten alan kitapta, \u201csorun\u201d \u00f6rneklerle ve t\u00fcm y\u00f6nleriyle ele al\u0131nm\u0131\u015ft\u0131r.              Peki bu konuyu ne kadar biliyoruz? Bildiklerimiz, duyduklar\u0131m\u0131z do\u011fru mudur? Kur\u2019an\u2019da, yani dinde ba\u015f\u00f6rt\u00fcs\u00fc var m\u0131d\u0131r?              \u00c7o\u011fu islami kayna\u011f\u0131n kabul etti\u011fi 76 maddelik \u201cB\u00fcy\u00fck G\u00fcnahlar\u201d listesinde ve M. Zahid Kotku\u2019nun 155 maddelik \u201cK\u00fc\u00e7\u00fck G\u00fcnahlar\u201d listesinde ba\u015f\u0131n\u0131 \u00f6rtmemenin yani ba\u015f\u00f6rt\u00fcs\u00fc\/t\u00fcrban takmaman\u0131n bulunmad\u0131\u011f\u0131n\u0131 biliyor musunuz? <\/p>\n","protected":false},"excerpt":{"rendered":"<p>Yapt\u0131\u011f\u0131m ara\u015ft\u0131rmalarda \u00f6rt\u00fcnen kad\u0131nlar\u0131n en az y\u00fczde 50-60\u2019\u0131n\u0131n baba, koca, a\u011fabey, sevgili, emmio\u011flu, day\u0131o\u011flu, halao\u011flu, teyzeo\u011flu gibi bir erke\u011fin bask\u0131s\u0131 nedeniyle kapand\u0131\u011f\u0131n\u0131 g\u00f6zlemledim. Bu nedenle diyorum<span class=\"excerpt-hellip\"> [\u2026]<\/span><\/p>\n","protected":false},"featured_media":0,"template":"","meta":{"_monsterinsights_skip_tracking":false,"_monsterinsights_sitenote_active":false,"_monsterinsights_sitenote_note":"","_monsterinsights_sitenote_category":0},"product_brand":[],"product_cat":[12965,12337],"product_tag":[],"class_list":{"0":"post-708349","1":"product","2":"type-product","3":"status-publish","5":"product_cat-genel-politika","6":"product_cat-politika-siyaset","7":"pa_cilt-ciltsiz","8":"pa_tur-kitap","9":"pa_yayinevi-altayli-yayinlari","10":"pa_yazar-bekir-ozturk","12":"first","13":"instock","14":"sale","15":"shipping-taxable","16":"purchasable","17":"product-type-simple"},"_links":{"self":[{"href":"https:\/\/roveyayinevi.com.tr\/index.php\/wp-json\/wp\/v2\/product\/708349","targetHints":{"allow":["GET"]}}],"collection":[{"href":"https:\/\/roveyayinevi.com.tr\/index.php\/wp-json\/wp\/v2\/product"}],"about":[{"href":"https:\/\/roveyayinevi.com.tr\/index.php\/wp-json\/wp\/v2\/types\/product"}],"wp:attachment":[{"href":"https:\/\/roveyayinevi.com.tr\/index.php\/wp-json\/wp\/v2\/media?parent=708349"}],"wp:term":[{"taxonomy":"product_brand","embeddable":true,"href":"https:\/\/roveyayinevi.com.tr\/index.php\/wp-json\/wp\/v2\/product_brand?post=708349"},{"taxonomy":"product_cat","embeddable":true,"href":"https:\/\/roveyayinevi.com.tr\/index.php\/wp-json\/wp\/v2\/product_cat?post=708349"},{"taxonomy":"product_tag","embeddable":true,"href":"https:\/\/roveyayinevi.com.tr\/index.php\/wp-json\/wp\/v2\/product_tag?post=708349"}],"curies":[{"name":"wp","href":"https:\/\/api.w.org\/{rel}","templated":true}]}}