{"id":708339,"date":"2025-08-27T16:14:04","date_gmt":"2025-08-27T13:14:04","guid":{"rendered":"https:\/\/roveyayinevi.com.tr\/index.php\/urun\/sasirtici-hayvan-gocleri\/"},"modified":"2026-04-16T02:16:51","modified_gmt":"2026-04-15T23:16:51","slug":"sasirtici-hayvan-gocleri","status":"publish","type":"product","link":"https:\/\/roveyayinevi.com.tr\/index.php\/urun\/sasirtici-hayvan-gocleri\/","title":{"rendered":"\u015ea\u015f\u0131rt\u0131c\u0131 Hayvan G\u00f6\u00e7leri"},"content":{"rendered":"<p>Her y\u0131l milyarlarca hayvan gezegenimizin bir ucundan di\u011fer ucuna gider. Ku\u015flar, memeliler, s\u00fcr\u00fcngenler, iki ya\u015faml\u0131lar, bal\u0131klar ve b\u00f6cekler u\u00e7arak, y\u00fczerek ya da ko\u015farak D\u00fcnya\u2019da dola\u015f\u0131rlar. Hadi sayfalar\u0131 a\u00e7 ve bu efsanevi yolculuklara sen de kat\u0131l. \ufffcTan\u0131t\u0131m Metni<\/p>\n","protected":false},"excerpt":{"rendered":"<p>Her y\u0131l milyarlarca hayvan gezegenimizin bir ucundan di\u011fer ucuna gider. Ku\u015flar, memeliler, s\u00fcr\u00fcngenler, iki ya\u015faml\u0131lar, bal\u0131klar ve b\u00f6cekler u\u00e7arak, y\u00fczerek ya da ko\u015farak D\u00fcnya\u2019da dola\u015f\u0131rlar. Hadi<span class=\"excerpt-hellip\"> [\u2026]<\/span><\/p>\n","protected":false},"featured_media":0,"template":"","meta":{"_monsterinsights_skip_tracking":false,"_monsterinsights_sitenote_active":false,"_monsterinsights_sitenote_note":"","_monsterinsights_sitenote_category":0},"product_brand":[],"product_cat":[12275,12274],"product_tag":[],"class_list":{"0":"post-708339","1":"product","2":"type-product","3":"status-publish","5":"product_cat-6-12-yas-kitaplari","6":"product_cat-cocuk-ve-genclik-kitaplari","7":"pa_cilt-ciltsiz","8":"pa_tur-kitap","9":"pa_yayinevi-is-bankasi-kultur-yayinlari","10":"pa_yazar-chris-packham","12":"first","13":"instock","14":"sale","15":"shipping-taxable","16":"purchasable","17":"product-type-simple"},"_links":{"self":[{"href":"https:\/\/roveyayinevi.com.tr\/index.php\/wp-json\/wp\/v2\/product\/708339","targetHints":{"allow":["GET"]}}],"collection":[{"href":"https:\/\/roveyayinevi.com.tr\/index.php\/wp-json\/wp\/v2\/product"}],"about":[{"href":"https:\/\/roveyayinevi.com.tr\/index.php\/wp-json\/wp\/v2\/types\/product"}],"wp:attachment":[{"href":"https:\/\/roveyayinevi.com.tr\/index.php\/wp-json\/wp\/v2\/media?parent=708339"}],"wp:term":[{"taxonomy":"product_brand","embeddable":true,"href":"https:\/\/roveyayinevi.com.tr\/index.php\/wp-json\/wp\/v2\/product_brand?post=708339"},{"taxonomy":"product_cat","embeddable":true,"href":"https:\/\/roveyayinevi.com.tr\/index.php\/wp-json\/wp\/v2\/product_cat?post=708339"},{"taxonomy":"product_tag","embeddable":true,"href":"https:\/\/roveyayinevi.com.tr\/index.php\/wp-json\/wp\/v2\/product_tag?post=708339"}],"curies":[{"name":"wp","href":"https:\/\/api.w.org\/{rel}","templated":true}]}}